{"id":5985,"date":"2018-02-13T01:33:59","date_gmt":"2018-02-13T00:33:59","guid":{"rendered":"http:\/\/agora.xtec.cat\/esc-antoniomachado\/?page_id=5985"},"modified":"2026-01-26T11:56:45","modified_gmt":"2026-01-26T10:56:45","slug":"compromis-per-la-formacio","status":"publish","type":"page","link":"https:\/\/agora.xtec.cat\/esc-antoniomachado\/lescola\/lequip\/compromis-per-la-formacio\/","title":{"rendered":"EQUIP DIRECTIU"},"content":{"rendered":"<table style=\"border-collapse: collapse; width: 100%;\">\n<tbody>\n<tr>\n<td style=\"width: 25.3554%; border-color: #000000; background-color: #cfcfcf; text-align: center;\"><strong>Elisenda Terr\u00e9 (Directora)<\/strong><\/p>\n<p><a href=\"https:\/\/agora.xtec.cat\/esc-antoniomachado\/lescola\/lequip\/compromis-per-la-formacio\/attachment\/eli\/\" rel=\"attachment wp-att-22642\"><img loading=\"lazy\" decoding=\"async\" class=\"aligncenter size-full wp-image-22642\" src=\"https:\/\/agora.xtec.cat\/esc-antoniomachado\/wp-content\/uploads\/usu1670\/2024\/10\/Eli-scaled.jpg\" alt=\"\" width=\"1920\" height=\"2560\" srcset=\"https:\/\/agora.xtec.cat\/esc-antoniomachado\/wp-content\/uploads\/usu1670\/2024\/10\/Eli-scaled.jpg 1920w, https:\/\/agora.xtec.cat\/esc-antoniomachado\/wp-content\/uploads\/usu1670\/2024\/10\/Eli-225x300.jpg 225w, https:\/\/agora.xtec.cat\/esc-antoniomachado\/wp-content\/uploads\/usu1670\/2024\/10\/Eli-768x1024.jpg 768w, https:\/\/agora.xtec.cat\/esc-antoniomachado\/wp-content\/uploads\/usu1670\/2024\/10\/Eli-1152x1536.jpg 1152w, https:\/\/agora.xtec.cat\/esc-antoniomachado\/wp-content\/uploads\/usu1670\/2024\/10\/Eli-1536x2048.jpg 1536w\" sizes=\"auto, (max-width: 1920px) 100vw, 1920px\" \/><\/a><\/td>\n<td style=\"width: 74.6446%; border-color: #000000; background-color: #ffffff;\">\n<ol style=\"list-style-type: lower-alpha;\">\n<li>L&#8217;Eli va arribar a l&#8217;escola el curs 2010-2011. Durant aquests anys ha estat tutora de prim\u00e0ria, coordinadora de cicle, secret\u00e0ria de l&#8217;equip directiu i actualment ocupa el c\u00e0rrec de directora.<\/li>\n<li>T\u00e9 la diplomatura de mestra d&#8217;educaci\u00f3 prim\u00e0ria\u00a0 i formaci\u00f3 en atenci\u00f3 a la diversitat, la globalitzaci\u00f3 dels aprenentatges, la cultura matem\u00e0tica, formaci\u00f3 per la gesti\u00f3 i direcci\u00f3 de centres educatius i la gesti\u00f3 i organitzaci\u00f3 de les aules multigrau, entre d&#8217;altres.<\/li>\n<\/ol>\n<\/td>\n<\/tr>\n<tr>\n<td style=\"width: 25.3554%; border-color: #000000; background-color: #cfcfcf; text-align: center;\"><strong>Vanessa Ruiz (Cap d&#8217;estudis)<\/strong><\/p>\n<p><a href=\"https:\/\/agora.xtec.cat\/esc-antoniomachado\/lescola\/lequip\/compromis-per-la-formacio\/attachment\/vane\/\" rel=\"attachment wp-att-22641\"><img loading=\"lazy\" decoding=\"async\" class=\"aligncenter size-full wp-image-22641\" src=\"https:\/\/agora.xtec.cat\/esc-antoniomachado\/wp-content\/uploads\/usu1670\/2024\/10\/Vane-scaled.jpg\" alt=\"\" width=\"1920\" height=\"2560\" srcset=\"https:\/\/agora.xtec.cat\/esc-antoniomachado\/wp-content\/uploads\/usu1670\/2024\/10\/Vane-scaled.jpg 1920w, https:\/\/agora.xtec.cat\/esc-antoniomachado\/wp-content\/uploads\/usu1670\/2024\/10\/Vane-225x300.jpg 225w, https:\/\/agora.xtec.cat\/esc-antoniomachado\/wp-content\/uploads\/usu1670\/2024\/10\/Vane-768x1024.jpg 768w, https:\/\/agora.xtec.cat\/esc-antoniomachado\/wp-content\/uploads\/usu1670\/2024\/10\/Vane-1152x1536.jpg 1152w, https:\/\/agora.xtec.cat\/esc-antoniomachado\/wp-content\/uploads\/usu1670\/2024\/10\/Vane-1536x2048.jpg 1536w\" sizes=\"auto, (max-width: 1920px) 100vw, 1920px\" \/><\/a><\/td>\n<td style=\"width: 74.6446%; border-color: #000000; background-color: #ffffff;\">\n<ol style=\"list-style-type: lower-alpha;\">\n<li>La Vanessa va arribar a l&#8217;escola el curs 2005-2006. Durant aquests anys ha estat tutora d&#8217;infantil i prim\u00e0ria, coordinadora de cicle, secret\u00e0ria de l&#8217;equip directiu i actualment ocupa el c\u00e0rrec de cap d&#8217;estudis.<\/li>\n<li>T\u00e9 la diplomatura de mestra d&#8217;educaci\u00f3 infantil i formaci\u00f3 en cultura matem\u00e0tica de les persones, psicomotricitat, llengua i la gesti\u00f3 organitzaci\u00f3 de les aules multigrau, entre d&#8217;altres.<\/li>\n<\/ol>\n<\/td>\n<\/tr>\n<tr>\n<td style=\"width: 25.3554%; border-color: #000000; background-color: #cfcfcf; text-align: center;\"><strong>Marta G\u00f3mez (Secret\u00e0ria)<\/strong><\/p>\n<p><a href=\"https:\/\/agora.xtec.cat\/esc-antoniomachado\/lescola\/lequip\/compromis-per-la-formacio\/attachment\/marta-g\/\" rel=\"attachment wp-att-22643\"><img loading=\"lazy\" decoding=\"async\" class=\"aligncenter size-full wp-image-22643\" src=\"https:\/\/agora.xtec.cat\/esc-antoniomachado\/wp-content\/uploads\/usu1670\/2024\/10\/Marta-G-scaled.jpg\" alt=\"\" width=\"1920\" height=\"2560\" srcset=\"https:\/\/agora.xtec.cat\/esc-antoniomachado\/wp-content\/uploads\/usu1670\/2024\/10\/Marta-G-scaled.jpg 1920w, https:\/\/agora.xtec.cat\/esc-antoniomachado\/wp-content\/uploads\/usu1670\/2024\/10\/Marta-G-225x300.jpg 225w, https:\/\/agora.xtec.cat\/esc-antoniomachado\/wp-content\/uploads\/usu1670\/2024\/10\/Marta-G-768x1024.jpg 768w, https:\/\/agora.xtec.cat\/esc-antoniomachado\/wp-content\/uploads\/usu1670\/2024\/10\/Marta-G-1152x1536.jpg 1152w, https:\/\/agora.xtec.cat\/esc-antoniomachado\/wp-content\/uploads\/usu1670\/2024\/10\/Marta-G-1536x2048.jpg 1536w\" sizes=\"auto, (max-width: 1920px) 100vw, 1920px\" \/><\/a><\/td>\n<td style=\"width: 74.6446%; border-color: #000000; background-color: #ffffff;\">\n<ol style=\"list-style-type: lower-alpha;\">\n<li>La Marta va arribar a l&#8217;escola el curs 2013-2014. Durant aquests anys ha estat tutora de prim\u00e0ria i coordinadora de cicle, actualment \u00e9s el secret\u00e0ria de l&#8217;equip directiu.<\/li>\n<li>T\u00e9 la diplomatura de mestre d&#8217;educaci\u00f3 infantil i el grau superior en t\u00e8cnica d&#8217;educaci\u00f3 infantil. T\u00e9 formaci\u00f3 en atenci\u00f3 a la diversitat, la globalitzaci\u00f3 dels aprenentatges i la gesti\u00f3 organitzaci\u00f3 de les aules multigrau, entre d&#8217;altres.<\/li>\n<\/ol>\n<\/td>\n<\/tr>\n<\/tbody>\n<\/table>\n","protected":false},"excerpt":{"rendered":"<p>Elisenda Terr\u00e9 (Directora) L&#8217;Eli va arribar a l&#8217;escola el curs 2010-2011. Durant aquests anys ha estat tutora de prim\u00e0ria, coordinadora de cicle, secret\u00e0ria de l&#8217;equip directiu i actualment ocupa el c\u00e0rrec de directora. T\u00e9 la diplomatura de mestra d&#8217;educaci\u00f3 prim\u00e0ria\u00a0 i formaci\u00f3 en atenci\u00f3 a la diversitat, la globalitzaci\u00f3 dels aprenentatges, la cultura matem\u00e0tica, formaci\u00f3 [&hellip;]<\/p>\n","protected":false},"author":1,"featured_media":0,"parent":5883,"menu_order":0,"comment_status":"closed","ping_status":"closed","template":"","meta":{"_bbp_topic_count":0,"_bbp_reply_count":0,"_bbp_total_topic_count":0,"_bbp_total_reply_count":0,"_bbp_voice_count":0,"_bbp_anonymous_reply_count":0,"_bbp_topic_count_hidden":0,"_bbp_reply_count_hidden":0,"_bbp_forum_subforum_count":0,"site-sidebar-layout":"default","site-content-layout":"","ast-site-content-layout":"","site-content-style":"default","site-sidebar-style":"default","ast-global-header-display":"","ast-banner-title-visibility":"","ast-main-header-display":"","ast-hfb-above-header-display":"","ast-hfb-below-header-display":"","ast-hfb-mobile-header-display":"","site-post-title":"","ast-breadcrumbs-content":"","ast-featured-img":"","footer-sml-layout":"","theme-transparent-header-meta":"","adv-header-id-meta":"","stick-header-meta":"","header-above-stick-meta":"","header-main-stick-meta":"","header-below-stick-meta":"","astra-migrate-meta-layouts":"default","ast-page-background-enabled":"default","ast-page-background-meta":{"desktop":{"background-color":"var(--ast-global-color-4)","background-image":"","background-repeat":"repeat","background-position":"center center","background-size":"auto","background-attachment":"scroll","background-type":"","background-media":"","overlay-type":"","overlay-color":"","overlay-opacity":"","overlay-gradient":""},"tablet":{"background-color":"","background-image":"","background-repeat":"repeat","background-position":"center center","background-size":"auto","background-attachment":"scroll","background-type":"","background-media":"","overlay-type":"","overlay-color":"","overlay-opacity":"","overlay-gradient":""},"mobile":{"background-color":"","background-image":"","background-repeat":"repeat","background-position":"center center","background-size":"auto","background-attachment":"scroll","background-type":"","background-media":"","overlay-type":"","overlay-color":"","overlay-opacity":"","overlay-gradient":""}},"ast-content-background-meta":{"desktop":{"background-color":"var(--ast-global-color-5)","background-image":"","background-repeat":"repeat","background-position":"center center","background-size":"auto","background-attachment":"scroll","background-type":"","background-media":"","overlay-type":"","overlay-color":"","overlay-opacity":"","overlay-gradient":""},"tablet":{"background-color":"var(--ast-global-color-5)","background-image":"","background-repeat":"repeat","background-position":"center center","background-size":"auto","background-attachment":"scroll","background-type":"","background-media":"","overlay-type":"","overlay-color":"","overlay-opacity":"","overlay-gradient":""},"mobile":{"background-color":"var(--ast-global-color-5)","background-image":"","background-repeat":"repeat","background-position":"center center","background-size":"auto","background-attachment":"scroll","background-type":"","background-media":"","overlay-type":"","overlay-color":"","overlay-opacity":"","overlay-gradient":""}},"footnotes":""},"class_list":["post-5985","page","type-page","status-publish","hentry"],"post_mailing_queue_ids":[],"_links":{"self":[{"href":"https:\/\/agora.xtec.cat\/esc-antoniomachado\/wp-json\/wp\/v2\/pages\/5985","targetHints":{"allow":["GET"]}}],"collection":[{"href":"https:\/\/agora.xtec.cat\/esc-antoniomachado\/wp-json\/wp\/v2\/pages"}],"about":[{"href":"https:\/\/agora.xtec.cat\/esc-antoniomachado\/wp-json\/wp\/v2\/types\/page"}],"author":[{"embeddable":true,"href":"https:\/\/agora.xtec.cat\/esc-antoniomachado\/wp-json\/wp\/v2\/users\/1"}],"replies":[{"embeddable":true,"href":"https:\/\/agora.xtec.cat\/esc-antoniomachado\/wp-json\/wp\/v2\/comments?post=5985"}],"version-history":[{"count":6,"href":"https:\/\/agora.xtec.cat\/esc-antoniomachado\/wp-json\/wp\/v2\/pages\/5985\/revisions"}],"predecessor-version":[{"id":23429,"href":"https:\/\/agora.xtec.cat\/esc-antoniomachado\/wp-json\/wp\/v2\/pages\/5985\/revisions\/23429"}],"up":[{"embeddable":true,"href":"https:\/\/agora.xtec.cat\/esc-antoniomachado\/wp-json\/wp\/v2\/pages\/5883"}],"wp:attachment":[{"href":"https:\/\/agora.xtec.cat\/esc-antoniomachado\/wp-json\/wp\/v2\/media?parent=5985"}],"curies":[{"name":"wp","href":"https:\/\/api.w.org\/{rel}","templated":true}]}}

<table style="border-collapse: collapse; width: 100%;">
<tbody>
<tr>
<td style="width: 25.3554%; border-color: #000000; background-color: #cfcfcf; text-align: center;"><strong>Elisenda Terré (Directora)</strong></p>
<p><a href="https://agora.xtec.cat/esc-antoniomachado/lescola/lequip/compromis-per-la-formacio/attachment/eli/" rel="attachment wp-att-22642"><img loading="lazy" decoding="async" class="aligncenter size-full wp-image-22642" src="https://agora.xtec.cat/esc-antoniomachado/wp-content/uploads/usu1670/2024/10/Eli-scaled.jpg" alt="" width="1920" height="2560" srcset="https://agora.xtec.cat/esc-antoniomachado/wp-content/uploads/usu1670/2024/10/Eli-scaled.jpg 1920w, https://agora.xtec.cat/esc-antoniomachado/wp-content/uploads/usu1670/2024/10/Eli-225x300.jpg 225w, https://agora.xtec.cat/esc-antoniomachado/wp-content/uploads/usu1670/2024/10/Eli-768x1024.jpg 768w, https://agora.xtec.cat/esc-antoniomachado/wp-content/uploads/usu1670/2024/10/Eli-1152x1536.jpg 1152w, https://agora.xtec.cat/esc-antoniomachado/wp-content/uploads/usu1670/2024/10/Eli-1536x2048.jpg 1536w" sizes="auto, (max-width: 1920px) 100vw, 1920px" /></a></td>
<td style="width: 74.6446%; border-color: #000000; background-color: #ffffff;">
<ol style="list-style-type: lower-alpha;">
<li>L&#8217;Eli va arribar a l&#8217;escola el curs 2010-2011. Durant aquests anys ha estat tutora de primària, coordinadora de cicle, secretària de l&#8217;equip directiu i actualment ocupa el càrrec de directora.</li>
<li>Té la diplomatura de mestra d&#8217;educació primària  i formació en atenció a la diversitat, la globalització dels aprenentatges, la cultura matemàtica, formació per la gestió i direcció de centres educatius i la gestió i organització de les aules multigrau, entre d&#8217;altres.</li>
</ol>
</td>
</tr>
<tr>
<td style="width: 25.3554%; border-color: #000000; background-color: #cfcfcf; text-align: center;"><strong>Vanessa Ruiz (Cap d&#8217;estudis)</strong></p>
<p><a href="https://agora.xtec.cat/esc-antoniomachado/lescola/lequip/compromis-per-la-formacio/attachment/vane/" rel="attachment wp-att-22641"><img loading="lazy" decoding="async" class="aligncenter size-full wp-image-22641" src="https://agora.xtec.cat/esc-antoniomachado/wp-content/uploads/usu1670/2024/10/Vane-scaled.jpg" alt="" width="1920" height="2560" srcset="https://agora.xtec.cat/esc-antoniomachado/wp-content/uploads/usu1670/2024/10/Vane-scaled.jpg 1920w, https://agora.xtec.cat/esc-antoniomachado/wp-content/uploads/usu1670/2024/10/Vane-225x300.jpg 225w, https://agora.xtec.cat/esc-antoniomachado/wp-content/uploads/usu1670/2024/10/Vane-768x1024.jpg 768w, https://agora.xtec.cat/esc-antoniomachado/wp-content/uploads/usu1670/2024/10/Vane-1152x1536.jpg 1152w, https://agora.xtec.cat/esc-antoniomachado/wp-content/uploads/usu1670/2024/10/Vane-1536x2048.jpg 1536w" sizes="auto, (max-width: 1920px) 100vw, 1920px" /></a></td>
<td style="width: 74.6446%; border-color: #000000; background-color: #ffffff;">
<ol style="list-style-type: lower-alpha;">
<li>La Vanessa va arribar a l&#8217;escola el curs 2005-2006. Durant aquests anys ha estat tutora d&#8217;infantil i primària, coordinadora de cicle, secretària de l&#8217;equip directiu i actualment ocupa el càrrec de cap d&#8217;estudis.</li>
<li>Té la diplomatura de mestra d&#8217;educació infantil i formació en cultura matemàtica de les persones, psicomotricitat, llengua i la gestió organització de les aules multigrau, entre d&#8217;altres.</li>
</ol>
</td>
</tr>
<tr>
<td style="width: 25.3554%; border-color: #000000; background-color: #cfcfcf; text-align: center;"><strong>Marta Gómez (Secretària)</strong></p>
<p><a href="https://agora.xtec.cat/esc-antoniomachado/lescola/lequip/compromis-per-la-formacio/attachment/marta-g/" rel="attachment wp-att-22643"><img loading="lazy" decoding="async" class="aligncenter size-full wp-image-22643" src="https://agora.xtec.cat/esc-antoniomachado/wp-content/uploads/usu1670/2024/10/Marta-G-scaled.jpg" alt="" width="1920" height="2560" srcset="https://agora.xtec.cat/esc-antoniomachado/wp-content/uploads/usu1670/2024/10/Marta-G-scaled.jpg 1920w, https://agora.xtec.cat/esc-antoniomachado/wp-content/uploads/usu1670/2024/10/Marta-G-225x300.jpg 225w, https://agora.xtec.cat/esc-antoniomachado/wp-content/uploads/usu1670/2024/10/Marta-G-768x1024.jpg 768w, https://agora.xtec.cat/esc-antoniomachado/wp-content/uploads/usu1670/2024/10/Marta-G-1152x1536.jpg 1152w, https://agora.xtec.cat/esc-antoniomachado/wp-content/uploads/usu1670/2024/10/Marta-G-1536x2048.jpg 1536w" sizes="auto, (max-width: 1920px) 100vw, 1920px" /></a></td>
<td style="width: 74.6446%; border-color: #000000; background-color: #ffffff;">
<ol style="list-style-type: lower-alpha;">
<li>La Marta va arribar a l&#8217;escola el curs 2013-2014. Durant aquests anys ha estat tutora de primària i coordinadora de cicle, actualment és el secretària de l&#8217;equip directiu.</li>
<li>Té la diplomatura de mestre d&#8217;educació infantil i el grau superior en tècnica d&#8217;educació infantil. Té formació en atenció a la diversitat, la globalització dels aprenentatges i la gestió organització de les aules multigrau, entre d&#8217;altres.</li>
</ol>
</td>
</tr>
</tbody>
</table>

<p>Elisenda Terré (Directora) L&#8217;Eli va arribar a l&#8217;escola el curs 2010-2011. Durant aquests anys ha estat tutora de primària, coordinadora de cicle, secretària de l&#8217;equip directiu i actualment ocupa el càrrec de directora. Té la diplomatura de mestra d&#8217;educació primària  i formació en atenció a la diversitat, la globalització dels aprenentatges, la cultura matemàtica, formació [&hellip;]</p>
