{"id":5850,"date":"2018-02-07T14:01:20","date_gmt":"2018-02-07T13:01:20","guid":{"rendered":"http:\/\/agora.xtec.cat\/esc-antoniomachado\/?page_id=5850"},"modified":"2026-02-05T11:54:31","modified_gmt":"2026-02-05T10:54:31","slug":"servei-dacollida","status":"publish","type":"page","link":"https:\/\/agora.xtec.cat\/esc-antoniomachado\/serveis\/servei-dacollida\/","title":{"rendered":"Servei d&#8217;acollida"},"content":{"rendered":"<p><span style=\"font-weight: 400;\"><a href=\"https:\/\/agora.xtec.cat\/esc-antoniomachado\/serveis\/activitats-extraescolars\/attachment\/logo-vadelleure\/\" rel=\"attachment wp-att-23105\"><img loading=\"lazy\" decoding=\"async\" class=\"aligncenter wp-image-23105\" src=\"https:\/\/agora.xtec.cat\/esc-antoniomachado\/wp-content\/uploads\/usu1670\/2025\/09\/LOGO-VADELLEURE.png\" alt=\"\" width=\"354\" height=\"157\" \/><\/a><\/span><\/p>\n<p><span style=\"font-weight: 400;\">VaDeLleure \u00e9s l\u2019entitat que realitza les acollides matinals i de tardes de l\u2019escola, sota la gesti\u00f3 i supervisi\u00f3 de l\u2019AFA i l\u2019equip directiu de l\u2019escola.<\/span><\/p>\n<p><span style=\"font-weight: 400;\">Es tracta d\u2019un servei que aposta per una oferta de qualitat amb un equip de monitors engrescador i professionals.<\/span><\/p>\n<p><span style=\"font-weight: 400;\">\u00a0<\/span><\/p>\n<p><b>INFORMACI\u00d3 GENERAL 2025-26<\/b><\/p>\n<ul>\n<li style=\"font-weight: 400;\" aria-level=\"1\"><span style=\"font-weight: 400;\">El servei d\u2019acollida matinal comen\u00e7ar\u00e0 amb el curs escolar del 8 de setembre de 2025 al 19 de juny de 2026. Del primer al darrer dia de curs.<\/span><\/li>\n<li style=\"font-weight: 400;\" aria-level=\"1\"><span style=\"font-weight: 400;\">L\u2019acollida matinal ser\u00e0 de 8:00 a 9:00 h.<\/span><\/li>\n<li style=\"font-weight: 400;\" aria-level=\"1\"><span style=\"font-weight: 400;\">Els monitors\/es entreguen els infants d\u2019infantil a les aules i els de prim\u00e0ria els acompanyen fins al seu passad\u00eds.<br \/>\n<\/span><\/li>\n<li aria-level=\"1\">El preu s&#8217;incrementa en 2\u20ac, si la fam\u00edlia no \u00e9s s\u00f2cia de l&#8217;Afa.<\/li>\n<li style=\"font-weight: 400;\" aria-level=\"1\"><span style=\"font-weight: 400;\">Si un alumne vol fer \u00fas del servei de forma espor\u00e0dica, haur\u00e0 de comprar tiquets:\u00a0<\/span><\/li>\n<\/ul>\n<p><a href=\"https:\/\/www.canva.com\/design\/DAGqnIzycUk\/Faiu2KsqSBEEWN0DFD951A\/edit?utm_content=DAGqnIzycUk&amp;utm_campaign=designshare&amp;utm_medium=link2&amp;utm_source=sharebutton\"><span style=\"font-weight: 400;\">INSTRUCCIONS COMPRAR TIQUETS<\/span><\/a><span style=\"font-weight: 400;\">\u00a0<\/span><\/p>\n<ul>\n<li style=\"font-weight: 400;\" aria-level=\"1\"><span style=\"font-weight: 400;\">Les entrades a l\u2019acollida matinal es realitzaran per la porta principal de l\u2019escola, a la Pla\u00e7a Antonio Machado, 1.<\/span><\/li>\n<li style=\"font-weight: 400;\" aria-level=\"1\"><span style=\"font-weight: 400;\">Per baixes, canvis i altes, s\u2019han de comunicar al coordinador abans del dia 25 del mes anterior.<\/span><\/li>\n<li style=\"font-weight: 400;\" aria-level=\"1\"><span style=\"font-weight: 400;\">L\u2019atenci\u00f3 a les fam\u00edlies per part del coordinador ser\u00e0 mitjan\u00e7ant el correu electr\u00f2nic\u00a0 a <\/span><a href=\"mailto:info@vadelleure.cat\"><span style=\"font-weight: 400;\">info@vadelleure.cat<\/span><\/a><span style=\"font-weight: 400;\"> o el tel\u00e8fon 938634658<\/span><\/li>\n<li style=\"font-weight: 400;\" aria-level=\"1\"><span style=\"font-weight: 400;\">Els infants estan distribu\u00efts en 2 grups, un d\u2019I3 fins a I5 i l\u2019altre de 1r a 6\u00e8.<\/span><\/li>\n<li style=\"font-weight: 400;\" aria-level=\"1\"><span style=\"font-weight: 400;\">Heu d\u2019acompanyar als vostres fills\/es fins a l\u2019espai on es realitza l\u2019activitat.<\/span><\/li>\n<\/ul>\n<p><span style=\"font-weight: 400;\"> <a href=\"https:\/\/agora.xtec.cat\/esc-antoniomachado\/serveis\/servei-dacollida\/attachment\/graella-acollida-machado\/\" rel=\"attachment wp-att-23107\"><img loading=\"lazy\" decoding=\"async\" class=\"aligncenter  wp-image-23107\" src=\"https:\/\/agora.xtec.cat\/esc-antoniomachado\/wp-content\/uploads\/usu1670\/2025\/09\/GRAELLA-ACOLLIDA-MACHADO.jpg\" alt=\"\" width=\"649\" height=\"364\" srcset=\"https:\/\/agora.xtec.cat\/esc-antoniomachado\/wp-content\/uploads\/usu1670\/2025\/09\/GRAELLA-ACOLLIDA-MACHADO.jpg 1920w, https:\/\/agora.xtec.cat\/esc-antoniomachado\/wp-content\/uploads\/usu1670\/2025\/09\/GRAELLA-ACOLLIDA-MACHADO-300x169.jpg 300w, https:\/\/agora.xtec.cat\/esc-antoniomachado\/wp-content\/uploads\/usu1670\/2025\/09\/GRAELLA-ACOLLIDA-MACHADO-1024x576.jpg 1024w, https:\/\/agora.xtec.cat\/esc-antoniomachado\/wp-content\/uploads\/usu1670\/2025\/09\/GRAELLA-ACOLLIDA-MACHADO-768x432.jpg 768w, https:\/\/agora.xtec.cat\/esc-antoniomachado\/wp-content\/uploads\/usu1670\/2025\/09\/GRAELLA-ACOLLIDA-MACHADO-1536x864.jpg 1536w\" sizes=\"auto, (max-width: 649px) 100vw, 649px\" \/><\/a><\/span><\/p>\n<p><b>INFORMACI\u00d3 ESPEC\u00cdFICA<\/b><\/p>\n<p><span style=\"font-weight: 400;\">Per poder fer \u00fas del servei, hi haur\u00e0 dues possibilitats:<\/span><\/p>\n<ul>\n<li style=\"font-weight: 400;\" aria-level=\"1\"><b>Fix:<\/b><span style=\"font-weight: 400;\">\u00a0s\u2019haur\u00e0 de formalitzar el formulari d\u2019inscripci\u00f3 i el pagament ser\u00e0 domiciliat mensualment. Ser\u00e0 fix aquell infant que tingui una continu\u00eftat en el servei durant tot el curs.<\/span><\/li>\n<li style=\"font-weight: 400;\" aria-level=\"1\"><b>Espor\u00e0dic:<\/b><span style=\"font-weight: 400;\">\u00a0es podr\u00e0 sol\u00b7licitar el servei d\u2019acollida matinal espor\u00e0dic sempre que es requereixi, accedint per la porta principal i realitzant el pagament en efectiu, en el mateix moment, a la monitora responsable.<\/span> <a href=\"https:\/\/agora.xtec.cat\/esc-antoniomachado\/serveis\/servei-dacollida\/attachment\/acollida-matinal-machado\/\" rel=\"attachment wp-att-23108\"><img loading=\"lazy\" decoding=\"async\" class=\"aligncenter wp-image-23108\" src=\"https:\/\/agora.xtec.cat\/esc-antoniomachado\/wp-content\/uploads\/usu1670\/2025\/09\/ACOLLIDA-MATINAL-MACHADO.jpg\" alt=\"\" width=\"465\" height=\"182\" \/><\/a><\/li>\n<\/ul>\n<p><b>SERVEI DE PERMAN\u00c8NCIA DE TARDES<\/b><\/p>\n<ul>\n<li style=\"font-weight: 400;\" aria-level=\"1\"><span style=\"font-weight: 400;\">S\u2019ofereix un servei paral\u00b7lel a les activitats extraescolars.<\/span><\/li>\n<li style=\"font-weight: 400;\" aria-level=\"1\"><span style=\"font-weight: 400;\">El servei \u00e9s diari de 16.30 a 17.00 h.<\/span><\/li>\n<li style=\"font-weight: 400;\" aria-level=\"1\"><span style=\"font-weight: 400;\">Es pot fer \u00fas avisant al coordinador fins al mateix dia.<\/span><\/li>\n<li style=\"font-weight: 400;\" aria-level=\"1\"><span style=\"font-weight: 400;\">El preu espor\u00e0dic \u00e9s de 4\u20ac<\/span><\/li>\n<li style=\"font-weight: 400;\" aria-level=\"1\"><span style=\"font-weight: 400;\">La sortida ser\u00e0 a les 17h per la porta principal.<\/span><\/li>\n<\/ul>\n<p style=\"text-align: justify;\"><a href=\"https:\/\/agora.xtec.cat\/esc-antoniomachado\/serveis\/servei-dacollida\/attachment\/machado-tarda\/\" rel=\"attachment wp-att-23109\"><img loading=\"lazy\" decoding=\"async\" class=\"aligncenter wp-image-23109\" src=\"https:\/\/agora.xtec.cat\/esc-antoniomachado\/wp-content\/uploads\/usu1670\/2025\/09\/Machado-Tarda.jpg\" alt=\"\" width=\"315\" height=\"238\" \/><\/a><\/p>\n","protected":false},"excerpt":{"rendered":"<p>VaDeLleure \u00e9s l\u2019entitat que realitza les acollides matinals i de tardes de l\u2019escola, sota la gesti\u00f3 i supervisi\u00f3 de l\u2019AFA i l\u2019equip directiu de l\u2019escola. Es tracta d\u2019un servei que aposta per una oferta de qualitat amb un equip de monitors engrescador i professionals. \u00a0 INFORMACI\u00d3 GENERAL 2025-26 El servei d\u2019acollida matinal comen\u00e7ar\u00e0 amb el [&hellip;]<\/p>\n","protected":false},"author":1,"featured_media":0,"parent":66,"menu_order":3,"comment_status":"closed","ping_status":"closed","template":"","meta":{"_bbp_topic_count":0,"_bbp_reply_count":0,"_bbp_total_topic_count":0,"_bbp_total_reply_count":0,"_bbp_voice_count":0,"_bbp_anonymous_reply_count":0,"_bbp_topic_count_hidden":0,"_bbp_reply_count_hidden":0,"_bbp_forum_subforum_count":0,"site-sidebar-layout":"default","site-content-layout":"","ast-site-content-layout":"default","site-content-style":"default","site-sidebar-style":"default","ast-global-header-display":"","ast-banner-title-visibility":"","ast-main-header-display":"","ast-hfb-above-header-display":"","ast-hfb-below-header-display":"","ast-hfb-mobile-header-display":"","site-post-title":"","ast-breadcrumbs-content":"","ast-featured-img":"","footer-sml-layout":"","theme-transparent-header-meta":"","adv-header-id-meta":"","stick-header-meta":"","header-above-stick-meta":"","header-main-stick-meta":"","header-below-stick-meta":"","astra-migrate-meta-layouts":"set","ast-page-background-enabled":"default","ast-page-background-meta":{"desktop":{"background-color":"var(--ast-global-color-4)","background-image":"","background-repeat":"repeat","background-position":"center center","background-size":"auto","background-attachment":"scroll","background-type":"","background-media":"","overlay-type":"","overlay-color":"","overlay-opacity":"","overlay-gradient":""},"tablet":{"background-color":"","background-image":"","background-repeat":"repeat","background-position":"center center","background-size":"auto","background-attachment":"scroll","background-type":"","background-media":"","overlay-type":"","overlay-color":"","overlay-opacity":"","overlay-gradient":""},"mobile":{"background-color":"","background-image":"","background-repeat":"repeat","background-position":"center center","background-size":"auto","background-attachment":"scroll","background-type":"","background-media":"","overlay-type":"","overlay-color":"","overlay-opacity":"","overlay-gradient":""}},"ast-content-background-meta":{"desktop":{"background-color":"var(--ast-global-color-5)","background-image":"","background-repeat":"repeat","background-position":"center center","background-size":"auto","background-attachment":"scroll","background-type":"","background-media":"","overlay-type":"","overlay-color":"","overlay-opacity":"","overlay-gradient":""},"tablet":{"background-color":"var(--ast-global-color-5)","background-image":"","background-repeat":"repeat","background-position":"center center","background-size":"auto","background-attachment":"scroll","background-type":"","background-media":"","overlay-type":"","overlay-color":"","overlay-opacity":"","overlay-gradient":""},"mobile":{"background-color":"var(--ast-global-color-5)","background-image":"","background-repeat":"repeat","background-position":"center center","background-size":"auto","background-attachment":"scroll","background-type":"","background-media":"","overlay-type":"","overlay-color":"","overlay-opacity":"","overlay-gradient":""}},"footnotes":""},"class_list":["post-5850","page","type-page","status-publish","hentry"],"post_mailing_queue_ids":[],"_links":{"self":[{"href":"https:\/\/agora.xtec.cat\/esc-antoniomachado\/wp-json\/wp\/v2\/pages\/5850","targetHints":{"allow":["GET"]}}],"collection":[{"href":"https:\/\/agora.xtec.cat\/esc-antoniomachado\/wp-json\/wp\/v2\/pages"}],"about":[{"href":"https:\/\/agora.xtec.cat\/esc-antoniomachado\/wp-json\/wp\/v2\/types\/page"}],"author":[{"embeddable":true,"href":"https:\/\/agora.xtec.cat\/esc-antoniomachado\/wp-json\/wp\/v2\/users\/1"}],"replies":[{"embeddable":true,"href":"https:\/\/agora.xtec.cat\/esc-antoniomachado\/wp-json\/wp\/v2\/comments?post=5850"}],"version-history":[{"count":6,"href":"https:\/\/agora.xtec.cat\/esc-antoniomachado\/wp-json\/wp\/v2\/pages\/5850\/revisions"}],"predecessor-version":[{"id":23698,"href":"https:\/\/agora.xtec.cat\/esc-antoniomachado\/wp-json\/wp\/v2\/pages\/5850\/revisions\/23698"}],"up":[{"embeddable":true,"href":"https:\/\/agora.xtec.cat\/esc-antoniomachado\/wp-json\/wp\/v2\/pages\/66"}],"wp:attachment":[{"href":"https:\/\/agora.xtec.cat\/esc-antoniomachado\/wp-json\/wp\/v2\/media?parent=5850"}],"curies":[{"name":"wp","href":"https:\/\/api.w.org\/{rel}","templated":true}]}}

<p><span style="font-weight: 400;"><a href="https://agora.xtec.cat/esc-antoniomachado/serveis/activitats-extraescolars/attachment/logo-vadelleure/" rel="attachment wp-att-23105"><img loading="lazy" decoding="async" class="aligncenter wp-image-23105" src="https://agora.xtec.cat/esc-antoniomachado/wp-content/uploads/usu1670/2025/09/LOGO-VADELLEURE.png" alt="" width="354" height="157" /></a></span></p>
<p><span style="font-weight: 400;">VaDeLleure és l’entitat que realitza les acollides matinals i de tardes de l’escola, sota la gestió i supervisió de l’AFA i l’equip directiu de l’escola.</span></p>
<p><span style="font-weight: 400;">Es tracta d’un servei que aposta per una oferta de qualitat amb un equip de monitors engrescador i professionals.</span></p>
<p><span style="font-weight: 400;"> </span></p>
<p><b>INFORMACIÓ GENERAL 2025-26</b></p>
<ul>
<li style="font-weight: 400;" aria-level="1"><span style="font-weight: 400;">El servei d’acollida matinal començarà amb el curs escolar del 8 de setembre de 2025 al 19 de juny de 2026. Del primer al darrer dia de curs.</span></li>
<li style="font-weight: 400;" aria-level="1"><span style="font-weight: 400;">L’acollida matinal serà de 8:00 a 9:00 h.</span></li>
<li style="font-weight: 400;" aria-level="1"><span style="font-weight: 400;">Els monitors/es entreguen els infants d’infantil a les aules i els de primària els acompanyen fins al seu passadís.<br />
</span></li>
<li aria-level="1">El preu s&#8217;incrementa en 2€, si la família no és sòcia de l&#8217;Afa.</li>
<li style="font-weight: 400;" aria-level="1"><span style="font-weight: 400;">Si un alumne vol fer ús del servei de forma esporàdica, haurà de comprar tiquets: </span></li>
</ul>
<p><a href="https://www.canva.com/design/DAGqnIzycUk/Faiu2KsqSBEEWN0DFD951A/edit?utm_content=DAGqnIzycUk&amp;utm_campaign=designshare&amp;utm_medium=link2&amp;utm_source=sharebutton"><span style="font-weight: 400;">INSTRUCCIONS COMPRAR TIQUETS</span></a><span style="font-weight: 400;"> </span></p>
<ul>
<li style="font-weight: 400;" aria-level="1"><span style="font-weight: 400;">Les entrades a l’acollida matinal es realitzaran per la porta principal de l’escola, a la Plaça Antonio Machado, 1.</span></li>
<li style="font-weight: 400;" aria-level="1"><span style="font-weight: 400;">Per baixes, canvis i altes, s’han de comunicar al coordinador abans del dia 25 del mes anterior.</span></li>
<li style="font-weight: 400;" aria-level="1"><span style="font-weight: 400;">L’atenció a les famílies per part del coordinador serà mitjançant el correu electrònic  a </span><a href="mailto:info@vadelleure.cat"><span style="font-weight: 400;">info@vadelleure.cat</span></a><span style="font-weight: 400;"> o el telèfon 938634658</span></li>
<li style="font-weight: 400;" aria-level="1"><span style="font-weight: 400;">Els infants estan distribuïts en 2 grups, un d’I3 fins a I5 i l’altre de 1r a 6è.</span></li>
<li style="font-weight: 400;" aria-level="1"><span style="font-weight: 400;">Heu d’acompanyar als vostres fills/es fins a l’espai on es realitza l’activitat.</span></li>
</ul>
<p><span style="font-weight: 400;"> <a href="https://agora.xtec.cat/esc-antoniomachado/serveis/servei-dacollida/attachment/graella-acollida-machado/" rel="attachment wp-att-23107"><img loading="lazy" decoding="async" class="aligncenter  wp-image-23107" src="https://agora.xtec.cat/esc-antoniomachado/wp-content/uploads/usu1670/2025/09/GRAELLA-ACOLLIDA-MACHADO.jpg" alt="" width="649" height="364" srcset="https://agora.xtec.cat/esc-antoniomachado/wp-content/uploads/usu1670/2025/09/GRAELLA-ACOLLIDA-MACHADO.jpg 1920w, https://agora.xtec.cat/esc-antoniomachado/wp-content/uploads/usu1670/2025/09/GRAELLA-ACOLLIDA-MACHADO-300x169.jpg 300w, https://agora.xtec.cat/esc-antoniomachado/wp-content/uploads/usu1670/2025/09/GRAELLA-ACOLLIDA-MACHADO-1024x576.jpg 1024w, https://agora.xtec.cat/esc-antoniomachado/wp-content/uploads/usu1670/2025/09/GRAELLA-ACOLLIDA-MACHADO-768x432.jpg 768w, https://agora.xtec.cat/esc-antoniomachado/wp-content/uploads/usu1670/2025/09/GRAELLA-ACOLLIDA-MACHADO-1536x864.jpg 1536w" sizes="auto, (max-width: 649px) 100vw, 649px" /></a></span></p>
<p><b>INFORMACIÓ ESPECÍFICA</b></p>
<p><span style="font-weight: 400;">Per poder fer ús del servei, hi haurà dues possibilitats:</span></p>
<ul>
<li style="font-weight: 400;" aria-level="1"><b>Fix:</b><span style="font-weight: 400;"> s’haurà de formalitzar el formulari d’inscripció i el pagament serà domiciliat mensualment. Serà fix aquell infant que tingui una continuïtat en el servei durant tot el curs.</span></li>
<li style="font-weight: 400;" aria-level="1"><b>Esporàdic:</b><span style="font-weight: 400;"> es podrà sol·licitar el servei d’acollida matinal esporàdic sempre que es requereixi, accedint per la porta principal i realitzant el pagament en efectiu, en el mateix moment, a la monitora responsable.</span> <a href="https://agora.xtec.cat/esc-antoniomachado/serveis/servei-dacollida/attachment/acollida-matinal-machado/" rel="attachment wp-att-23108"><img loading="lazy" decoding="async" class="aligncenter wp-image-23108" src="https://agora.xtec.cat/esc-antoniomachado/wp-content/uploads/usu1670/2025/09/ACOLLIDA-MATINAL-MACHADO.jpg" alt="" width="465" height="182" /></a></li>
</ul>
<p><b>SERVEI DE PERMANÈNCIA DE TARDES</b></p>
<ul>
<li style="font-weight: 400;" aria-level="1"><span style="font-weight: 400;">S’ofereix un servei paral·lel a les activitats extraescolars.</span></li>
<li style="font-weight: 400;" aria-level="1"><span style="font-weight: 400;">El servei és diari de 16.30 a 17.00 h.</span></li>
<li style="font-weight: 400;" aria-level="1"><span style="font-weight: 400;">Es pot fer ús avisant al coordinador fins al mateix dia.</span></li>
<li style="font-weight: 400;" aria-level="1"><span style="font-weight: 400;">El preu esporàdic és de 4€</span></li>
<li style="font-weight: 400;" aria-level="1"><span style="font-weight: 400;">La sortida serà a les 17h per la porta principal.</span></li>
</ul>
<p style="text-align: justify;"><a href="https://agora.xtec.cat/esc-antoniomachado/serveis/servei-dacollida/attachment/machado-tarda/" rel="attachment wp-att-23109"><img loading="lazy" decoding="async" class="aligncenter wp-image-23109" src="https://agora.xtec.cat/esc-antoniomachado/wp-content/uploads/usu1670/2025/09/Machado-Tarda.jpg" alt="" width="315" height="238" /></a></p>

<p>VaDeLleure és l’entitat que realitza les acollides matinals i de tardes de l’escola, sota la gestió i supervisió de l’AFA i l’equip directiu de l’escola. Es tracta d’un servei que aposta per una oferta de qualitat amb un equip de monitors engrescador i professionals.   INFORMACIÓ GENERAL 2025-26 El servei d’acollida matinal començarà amb el [&hellip;]</p>
