{"id":4836,"date":"2018-01-17T13:44:40","date_gmt":"2018-01-17T12:44:40","guid":{"rendered":"http:\/\/agora.xtec.cat\/esc-antoniomachado\/?page_id=4836"},"modified":"2022-11-16T06:52:22","modified_gmt":"2022-11-16T05:52:22","slug":"colla-gegantera","status":"publish","type":"page","link":"https:\/\/agora.xtec.cat\/esc-antoniomachado\/families\/colla-gegantera\/","title":{"rendered":"Colla Gegantera"},"content":{"rendered":"<p>L\u2019Escola Antonio Machado disposa des de fa anys d\u2019un gegant i vuit nans, quan han estat creats per alumnes, mestres i fam\u00edlies de l\u2019escola.<\/p>\n<p><img loading=\"lazy\" decoding=\"async\" class=\"aligncenter wp-image-4873\" src=\"http:\/\/agora.xtec.cat\/esc-antoniomachado\/wp-content\/uploads\/usu1670\/2018\/01\/Colla.jpg\" alt=\"\" width=\"785\" height=\"589\" srcset=\"https:\/\/agora.xtec.cat\/esc-antoniomachado\/wp-content\/uploads\/usu1670\/2018\/01\/Colla.jpg 960w, https:\/\/agora.xtec.cat\/esc-antoniomachado\/wp-content\/uploads\/usu1670\/2018\/01\/Colla-300x225.jpg 300w, https:\/\/agora.xtec.cat\/esc-antoniomachado\/wp-content\/uploads\/usu1670\/2018\/01\/Colla-768x576.jpg 768w, https:\/\/agora.xtec.cat\/esc-antoniomachado\/wp-content\/uploads\/usu1670\/2018\/01\/Colla-200x150.jpg 200w\" sizes=\"auto, (max-width: 785px) 100vw, 785px\" \/><\/p>\n<p>&nbsp;<\/p>\n<p>Mica en mica la colla va creixent, per\u00f2 encara ens falta gent. En Toni i els nans necessiten portadors (mares, pares i nens!) i ens agradaria muntar una banda de m\u00fasics que ens acompanyi, per\u00f2 sobretot el m\u00e9s necessitem \u00e9s que ens acompanyin moltes fam\u00edlies a les sortides que fem durant l\u2019any.<\/p>\n<ul>\n<li>Festa Popular del Barri de Cirera<\/li>\n<li>Festa Solid\u00e0ria de l\u2019AMPA de l\u2019Escola Cor de Maria<\/li>\n<li>Festa Fi de curs de l\u2019escola<\/li>\n<li>Festa Popular del Barri Via Europa \u2013 Nou Parc Central<\/li>\n<li>Gegantada de Les Santes de Matar\u00f3<\/li>\n<\/ul>\n<p>&nbsp;<\/p>\n<p>Si voleu formar part de la Colla podeu enviar un missatge a: <a href=\"mailto:collageganteramachado@gmail.com\">collageganteramachado@gmail.com<\/a><\/p>\n<p>&nbsp;<\/p>\n","protected":false},"excerpt":{"rendered":"<p>L\u2019Escola Antonio Machado disposa des de fa anys d\u2019un gegant i vuit nans, quan han estat creats per alumnes, mestres i fam\u00edlies de l\u2019escola. &nbsp; Mica en mica la colla va creixent, per\u00f2 encara ens falta gent. En Toni i els nans necessiten portadors (mares, pares i nens!) i ens agradaria muntar una banda de [&hellip;]<\/p>\n","protected":false},"author":1,"featured_media":0,"parent":4813,"menu_order":4,"comment_status":"closed","ping_status":"closed","template":"page-templates\/side-menu.php","meta":{"_bbp_topic_count":0,"_bbp_reply_count":0,"_bbp_total_topic_count":0,"_bbp_total_reply_count":0,"_bbp_voice_count":0,"_bbp_anonymous_reply_count":0,"_bbp_topic_count_hidden":0,"_bbp_reply_count_hidden":0,"_bbp_forum_subforum_count":0,"site-sidebar-layout":"default","site-content-layout":"","ast-site-content-layout":"","site-content-style":"default","site-sidebar-style":"default","ast-global-header-display":"","ast-banner-title-visibility":"","ast-main-header-display":"","ast-hfb-above-header-display":"","ast-hfb-below-header-display":"","ast-hfb-mobile-header-display":"","site-post-title":"","ast-breadcrumbs-content":"","ast-featured-img":"","footer-sml-layout":"","theme-transparent-header-meta":"","adv-header-id-meta":"","stick-header-meta":"","header-above-stick-meta":"","header-main-stick-meta":"","header-below-stick-meta":"","astra-migrate-meta-layouts":"default","ast-page-background-enabled":"default","ast-page-background-meta":{"desktop":{"background-color":"var(--ast-global-color-4)","background-image":"","background-repeat":"repeat","background-position":"center center","background-size":"auto","background-attachment":"scroll","background-type":"","background-media":"","overlay-type":"","overlay-color":"","overlay-opacity":"","overlay-gradient":""},"tablet":{"background-color":"","background-image":"","background-repeat":"repeat","background-position":"center center","background-size":"auto","background-attachment":"scroll","background-type":"","background-media":"","overlay-type":"","overlay-color":"","overlay-opacity":"","overlay-gradient":""},"mobile":{"background-color":"","background-image":"","background-repeat":"repeat","background-position":"center center","background-size":"auto","background-attachment":"scroll","background-type":"","background-media":"","overlay-type":"","overlay-color":"","overlay-opacity":"","overlay-gradient":""}},"ast-content-background-meta":{"desktop":{"background-color":"var(--ast-global-color-5)","background-image":"","background-repeat":"repeat","background-position":"center center","background-size":"auto","background-attachment":"scroll","background-type":"","background-media":"","overlay-type":"","overlay-color":"","overlay-opacity":"","overlay-gradient":""},"tablet":{"background-color":"var(--ast-global-color-5)","background-image":"","background-repeat":"repeat","background-position":"center center","background-size":"auto","background-attachment":"scroll","background-type":"","background-media":"","overlay-type":"","overlay-color":"","overlay-opacity":"","overlay-gradient":""},"mobile":{"background-color":"var(--ast-global-color-5)","background-image":"","background-repeat":"repeat","background-position":"center center","background-size":"auto","background-attachment":"scroll","background-type":"","background-media":"","overlay-type":"","overlay-color":"","overlay-opacity":"","overlay-gradient":""}},"footnotes":""},"class_list":["post-4836","page","type-page","status-publish","hentry"],"post_mailing_queue_ids":[],"_links":{"self":[{"href":"https:\/\/agora.xtec.cat\/esc-antoniomachado\/wp-json\/wp\/v2\/pages\/4836","targetHints":{"allow":["GET"]}}],"collection":[{"href":"https:\/\/agora.xtec.cat\/esc-antoniomachado\/wp-json\/wp\/v2\/pages"}],"about":[{"href":"https:\/\/agora.xtec.cat\/esc-antoniomachado\/wp-json\/wp\/v2\/types\/page"}],"author":[{"embeddable":true,"href":"https:\/\/agora.xtec.cat\/esc-antoniomachado\/wp-json\/wp\/v2\/users\/1"}],"replies":[{"embeddable":true,"href":"https:\/\/agora.xtec.cat\/esc-antoniomachado\/wp-json\/wp\/v2\/comments?post=4836"}],"version-history":[{"count":4,"href":"https:\/\/agora.xtec.cat\/esc-antoniomachado\/wp-json\/wp\/v2\/pages\/4836\/revisions"}],"predecessor-version":[{"id":20700,"href":"https:\/\/agora.xtec.cat\/esc-antoniomachado\/wp-json\/wp\/v2\/pages\/4836\/revisions\/20700"}],"up":[{"embeddable":true,"href":"https:\/\/agora.xtec.cat\/esc-antoniomachado\/wp-json\/wp\/v2\/pages\/4813"}],"wp:attachment":[{"href":"https:\/\/agora.xtec.cat\/esc-antoniomachado\/wp-json\/wp\/v2\/media?parent=4836"}],"curies":[{"name":"wp","href":"https:\/\/api.w.org\/{rel}","templated":true}]}}

<p>L’Escola Antonio Machado disposa des de fa anys d’un gegant i vuit nans, quan han estat creats per alumnes, mestres i famílies de l’escola.</p>
<p><img loading="lazy" decoding="async" class="aligncenter wp-image-4873" src="http://agora.xtec.cat/esc-antoniomachado/wp-content/uploads/usu1670/2018/01/Colla.jpg" alt="" width="785" height="589" srcset="https://agora.xtec.cat/esc-antoniomachado/wp-content/uploads/usu1670/2018/01/Colla.jpg 960w, https://agora.xtec.cat/esc-antoniomachado/wp-content/uploads/usu1670/2018/01/Colla-300x225.jpg 300w, https://agora.xtec.cat/esc-antoniomachado/wp-content/uploads/usu1670/2018/01/Colla-768x576.jpg 768w, https://agora.xtec.cat/esc-antoniomachado/wp-content/uploads/usu1670/2018/01/Colla-200x150.jpg 200w" sizes="auto, (max-width: 785px) 100vw, 785px" /></p>
<p>&nbsp;</p>
<p>Mica en mica la colla va creixent, però encara ens falta gent. En Toni i els nans necessiten portadors (mares, pares i nens!) i ens agradaria muntar una banda de músics que ens acompanyi, però sobretot el més necessitem és que ens acompanyin moltes famílies a les sortides que fem durant l’any.</p>
<ul>
<li>Festa Popular del Barri de Cirera</li>
<li>Festa Solidària de l’AMPA de l’Escola Cor de Maria</li>
<li>Festa Fi de curs de l’escola</li>
<li>Festa Popular del Barri Via Europa – Nou Parc Central</li>
<li>Gegantada de Les Santes de Mataró</li>
</ul>
<p>&nbsp;</p>
<p>Si voleu formar part de la Colla podeu enviar un missatge a: <a href="mailto:collageganteramachado@gmail.com">collageganteramachado@gmail.com</a></p>
<p>&nbsp;</p>

<p>L’Escola Antonio Machado disposa des de fa anys d’un gegant i vuit nans, quan han estat creats per alumnes, mestres i famílies de l’escola. &nbsp; Mica en mica la colla va creixent, però encara ens falta gent. En Toni i els nans necessiten portadors (mares, pares i nens!) i ens agradaria muntar una banda de [&hellip;]</p>
