{"id":4823,"date":"2018-01-17T13:10:43","date_gmt":"2018-01-17T12:10:43","guid":{"rendered":"http:\/\/agora.xtec.cat\/esc-antoniomachado\/?page_id=4823"},"modified":"2023-08-30T10:10:35","modified_gmt":"2023-08-30T08:10:35","slug":"espai-familiar","status":"publish","type":"page","link":"https:\/\/agora.xtec.cat\/esc-antoniomachado\/families\/espai-familiar\/","title":{"rendered":"Espai Familiar"},"content":{"rendered":"<p>L\u2019ESPAI FAMILIAR\u00a0de l\u2019AFA som un grup de fam\u00edlies del centre que ens reunim mensualment per programar activitats de formaci\u00f3 i d\u2019oci i lleure en fam\u00edlia, que s\u2019estructuren en 3 espais:<\/p>\n<p>&nbsp;<\/p>\n<p><img loading=\"lazy\" decoding=\"async\" class=\"aligncenter wp-image-5639\" src=\"http:\/\/agora.xtec.cat\/esc-antoniomachado\/wp-content\/uploads\/usu1670\/2018\/01\/logo_espai.png\" alt=\"\" width=\"201\" height=\"173\" \/><\/p>\n<h4><strong>Espai formatiu\u00a0per a les fam\u00edlies<\/strong>.<\/h4>\n<ul>\n<li>Xerrades i tallers bimensuals dirigides a les fam\u00edlies sense la pres\u00e8ncia dels infants. Es tracta d\u2019aprofundir en temes d\u2019inter\u00e8s com la salut, l\u2019educaci\u00f3, els conflictes, les relacions, etc.<\/li>\n<\/ul>\n<h4><strong>Espai de trobada\u00a0entres mares\/pares\/avis\/es i les i els infants<\/strong>.<\/h4>\n<ul>\n<li>Tallers bimensuals dirigits a les fam\u00edlies amb els i les infants. Es tracta de compartir en fam\u00edlia a trav\u00e9s de propostes com la m\u00fasica, la dansa, les arts, etc.<\/li>\n<\/ul>\n<h4><strong>Espai Obert<\/strong>.<\/h4>\n<ul>\n<li>Visites guiades i excursions per fer en fam\u00edlia, que es realitzen un cop al trimestre. \u00c9s una bona manera de sortir del centre per compartir amb d\u2019altres fam\u00edlies activitats de lleure i oci. Es preten con\u00e8ixer tant l\u2019entorn m\u00e9s proper (recursos i serveis que ens ofereix la nostra ciutat) com d\u2019altres llocs d\u2019inter\u00e8s i espais naturals.<\/li>\n<\/ul>\n<p>I per acabar, marxem en fam\u00edlia a les\u00a0<strong>Col\u00f2nies Familiars!<\/strong><\/p>\n<p>Tamb\u00e9 pots enviar-nos qualsevol proposta o idea al correu <a href=\"mailto:espaifamiliar.afamachado@gmail.com\">espaifamiliar.afamachado@gmail.com<\/a><\/p>\n<p>&nbsp;<\/p>\n<p>Entre totes i tots fem una escola millor!<\/p>\n","protected":false},"excerpt":{"rendered":"<p>L\u2019ESPAI FAMILIAR\u00a0de l\u2019AFA som un grup de fam\u00edlies del centre que ens reunim mensualment per programar activitats de formaci\u00f3 i d\u2019oci i lleure en fam\u00edlia, que s\u2019estructuren en 3 espais: &nbsp; Espai formatiu\u00a0per a les fam\u00edlies. Xerrades i tallers bimensuals dirigides a les fam\u00edlies sense la pres\u00e8ncia dels infants. Es tracta d\u2019aprofundir en temes d\u2019inter\u00e8s [&hellip;]<\/p>\n","protected":false},"author":1,"featured_media":0,"parent":4813,"menu_order":2,"comment_status":"closed","ping_status":"closed","template":"page-templates\/side-menu.php","meta":{"_bbp_topic_count":0,"_bbp_reply_count":0,"_bbp_total_topic_count":0,"_bbp_total_reply_count":0,"_bbp_voice_count":0,"_bbp_anonymous_reply_count":0,"_bbp_topic_count_hidden":0,"_bbp_reply_count_hidden":0,"_bbp_forum_subforum_count":0,"site-sidebar-layout":"default","site-content-layout":"","ast-site-content-layout":"","site-content-style":"default","site-sidebar-style":"default","ast-global-header-display":"","ast-banner-title-visibility":"","ast-main-header-display":"","ast-hfb-above-header-display":"","ast-hfb-below-header-display":"","ast-hfb-mobile-header-display":"","site-post-title":"","ast-breadcrumbs-content":"","ast-featured-img":"","footer-sml-layout":"","theme-transparent-header-meta":"","adv-header-id-meta":"","stick-header-meta":"","header-above-stick-meta":"","header-main-stick-meta":"","header-below-stick-meta":"","astra-migrate-meta-layouts":"default","ast-page-background-enabled":"default","ast-page-background-meta":{"desktop":{"background-color":"var(--ast-global-color-4)","background-image":"","background-repeat":"repeat","background-position":"center center","background-size":"auto","background-attachment":"scroll","background-type":"","background-media":"","overlay-type":"","overlay-color":"","overlay-opacity":"","overlay-gradient":""},"tablet":{"background-color":"","background-image":"","background-repeat":"repeat","background-position":"center center","background-size":"auto","background-attachment":"scroll","background-type":"","background-media":"","overlay-type":"","overlay-color":"","overlay-opacity":"","overlay-gradient":""},"mobile":{"background-color":"","background-image":"","background-repeat":"repeat","background-position":"center center","background-size":"auto","background-attachment":"scroll","background-type":"","background-media":"","overlay-type":"","overlay-color":"","overlay-opacity":"","overlay-gradient":""}},"ast-content-background-meta":{"desktop":{"background-color":"var(--ast-global-color-5)","background-image":"","background-repeat":"repeat","background-position":"center center","background-size":"auto","background-attachment":"scroll","background-type":"","background-media":"","overlay-type":"","overlay-color":"","overlay-opacity":"","overlay-gradient":""},"tablet":{"background-color":"var(--ast-global-color-5)","background-image":"","background-repeat":"repeat","background-position":"center center","background-size":"auto","background-attachment":"scroll","background-type":"","background-media":"","overlay-type":"","overlay-color":"","overlay-opacity":"","overlay-gradient":""},"mobile":{"background-color":"var(--ast-global-color-5)","background-image":"","background-repeat":"repeat","background-position":"center center","background-size":"auto","background-attachment":"scroll","background-type":"","background-media":"","overlay-type":"","overlay-color":"","overlay-opacity":"","overlay-gradient":""}},"footnotes":""},"class_list":["post-4823","page","type-page","status-publish","hentry"],"post_mailing_queue_ids":[],"_links":{"self":[{"href":"https:\/\/agora.xtec.cat\/esc-antoniomachado\/wp-json\/wp\/v2\/pages\/4823","targetHints":{"allow":["GET"]}}],"collection":[{"href":"https:\/\/agora.xtec.cat\/esc-antoniomachado\/wp-json\/wp\/v2\/pages"}],"about":[{"href":"https:\/\/agora.xtec.cat\/esc-antoniomachado\/wp-json\/wp\/v2\/types\/page"}],"author":[{"embeddable":true,"href":"https:\/\/agora.xtec.cat\/esc-antoniomachado\/wp-json\/wp\/v2\/users\/1"}],"replies":[{"embeddable":true,"href":"https:\/\/agora.xtec.cat\/esc-antoniomachado\/wp-json\/wp\/v2\/comments?post=4823"}],"version-history":[{"count":4,"href":"https:\/\/agora.xtec.cat\/esc-antoniomachado\/wp-json\/wp\/v2\/pages\/4823\/revisions"}],"predecessor-version":[{"id":21605,"href":"https:\/\/agora.xtec.cat\/esc-antoniomachado\/wp-json\/wp\/v2\/pages\/4823\/revisions\/21605"}],"up":[{"embeddable":true,"href":"https:\/\/agora.xtec.cat\/esc-antoniomachado\/wp-json\/wp\/v2\/pages\/4813"}],"wp:attachment":[{"href":"https:\/\/agora.xtec.cat\/esc-antoniomachado\/wp-json\/wp\/v2\/media?parent=4823"}],"curies":[{"name":"wp","href":"https:\/\/api.w.org\/{rel}","templated":true}]}}

<p>L’ESPAI FAMILIAR de l’AFA som un grup de famílies del centre que ens reunim mensualment per programar activitats de formació i d’oci i lleure en família, que s’estructuren en 3 espais:</p>
<p>&nbsp;</p>
<p><img loading="lazy" decoding="async" class="aligncenter wp-image-5639" src="http://agora.xtec.cat/esc-antoniomachado/wp-content/uploads/usu1670/2018/01/logo_espai.png" alt="" width="201" height="173" /></p>
<h4><strong>Espai formatiu per a les famílies</strong>.</h4>
<ul>
<li>Xerrades i tallers bimensuals dirigides a les famílies sense la presència dels infants. Es tracta d’aprofundir en temes d’interès com la salut, l’educació, els conflictes, les relacions, etc.</li>
</ul>
<h4><strong>Espai de trobada entres mares/pares/avis/es i les i els infants</strong>.</h4>
<ul>
<li>Tallers bimensuals dirigits a les famílies amb els i les infants. Es tracta de compartir en família a través de propostes com la música, la dansa, les arts, etc.</li>
</ul>
<h4><strong>Espai Obert</strong>.</h4>
<ul>
<li>Visites guiades i excursions per fer en família, que es realitzen un cop al trimestre. És una bona manera de sortir del centre per compartir amb d’altres famílies activitats de lleure i oci. Es preten conèixer tant l’entorn més proper (recursos i serveis que ens ofereix la nostra ciutat) com d’altres llocs d’interès i espais naturals.</li>
</ul>
<p>I per acabar, marxem en família a les <strong>Colònies Familiars!</strong></p>
<p>També pots enviar-nos qualsevol proposta o idea al correu <a href="mailto:espaifamiliar.afamachado@gmail.com">espaifamiliar.afamachado@gmail.com</a></p>
<p>&nbsp;</p>
<p>Entre totes i tots fem una escola millor!</p>

<p>L’ESPAI FAMILIAR de l’AFA som un grup de famílies del centre que ens reunim mensualment per programar activitats de formació i d’oci i lleure en família, que s’estructuren en 3 espais: &nbsp; Espai formatiu per a les famílies. Xerrades i tallers bimensuals dirigides a les famílies sense la presència dels infants. Es tracta d’aprofundir en temes d’interès [&hellip;]</p>
