{"id":26,"date":"2014-09-18T12:24:32","date_gmt":"2014-09-18T11:24:32","guid":{"rendered":"http:\/\/agora.xtec.cat\/esc-antoniomachado\/?page_id=26"},"modified":"2023-07-11T12:49:33","modified_gmt":"2023-07-11T10:49:33","slug":"historia","status":"publish","type":"page","link":"https:\/\/agora.xtec.cat\/esc-antoniomachado\/projectepedagogic\/historia\/","title":{"rendered":"Objectius i indicadors de progr\u00e9s, prioritats educatives del centre &#8211; Qu\u00e8 pretenem?"},"content":{"rendered":"<p>L\u2019entorn escolar \u00e9s l\u2019espai adient pel <strong>creixement i desenvolupament<\/strong> dels nens i nenes, on se sentin <strong>reconeguts i valorats<\/strong>, que s\u2019hi trobin <strong>segurs<\/strong> per poder <strong>desenvolupar les seves capacitats<\/strong>, i <strong>promoure la seva autonomia<\/strong> i exigir-los l\u2019esfor\u00e7 i la responsabilitat que necessitaran en el seu futur.<\/p>\n<p style=\"text-align: justify;\">Per aconseguir aquests reptes fomentem els seg\u00fcents aspectes:<\/p>\n<ul>\n<li style=\"text-align: justify;\">Enfocar les situacions d\u2019aprenentatge a partir de reptes, de preguntes i, en general, dels interessos que sorgeixen de la quotidianitat de l\u2019aula a trav\u00e9s dels contextos d\u2019ensenyament-aprenentatge.<\/li>\n<li style=\"text-align: justify;\">Posar l\u2019accent en la import\u00e0ncia del proc\u00e9s, m\u00e9s que en el resultat final, que permetr\u00e0 als infants donar m\u00faltiples i variades respostes i que els ajudaran a interpretar la realitat que els envolta.<\/li>\n<li style=\"text-align: justify;\">Integrar les noves tecnologies en l\u2019aprenentatge diari.<\/li>\n<li style=\"text-align: justify;\">La <strong>formaci\u00f3 integral<\/strong> dels nostres alumnes combinant \u00a0les activitats que es realitzen dins les aules a trav\u00e9s dels contextos amb les creatives musicals i pl\u00e0stiques, les<strong> f\u00edsiques<\/strong>, i les generadores de m\u00faltiples experi\u00e8ncies personals com els ambients i els espais.<\/li>\n<\/ul>\n<p>&nbsp;<\/p>\n<h5><span style=\"color: #000000;\"><strong>OBJECTIUS GENERALS i INDICADORS DE PROGR\u00c9S<\/strong><\/span><\/h5>\n<ol>\n<li><strong>Crear i consolidar estructures organitzatives pr\u00f2pies i de context, que propici\u00efn la inclusi\u00f3 educativa.<\/strong><\/li>\n<\/ol>\n<ul>\n<li>% d\u2019hores d\u2019intervenci\u00f3 directa de la mestra d\u2019atenci\u00f3 a la diversitat a l\u2019aula per curs.<\/li>\n<li>\u00cdndex d\u2019alumnes que assisteixen a l\u2019AA i obtenen resultats positius a les avaluacions finals.<\/li>\n<li>Nombre de trobades dels diferents equips de seguiment i coordinaci\u00f3 dels processos d\u2019E\/A de l\u2019alumnat.<\/li>\n<\/ul>\n<p>&nbsp;<\/p>\n<ol start=\"2\">\n<li><strong>Incrementar i millorar l\u2019acolliment i els canals de comunicaci\u00f3 amb les fam\u00edlies.<\/strong><\/li>\n<\/ol>\n<ul>\n<li>\u00cdndex de participaci\u00f3 de les fam\u00edlies a les reunions de nivell i d\u2019aula.<\/li>\n<li>% de fam\u00edlies que reben ajuda a trav\u00e9s de les diferents activitats i projectes d\u2019acolliment de l\u2019escola.<\/li>\n<li>% d\u2019activitats i projectes iniciats i\u00a0 consolidats per l\u2019AFA.<\/li>\n<\/ul>\n<p>&nbsp;<\/p>\n<ol start=\"3\">\n<li><strong>Mantenir la formaci\u00f3 permanent del professorat per promocionar oportunitats de creixement col\u00b7lectiu.<\/strong><\/li>\n<\/ol>\n<ul>\n<li>\u00cdndex de participaci\u00f3 del professorat a les formacions de duraci\u00f3 anual.<\/li>\n<li>Nombre de formacions que tractin elements clau del projecte de l\u2019escola.<\/li>\n<li>Nombre de participacions actives en seminaris, grups de treball i jornades externes al centre.<\/li>\n<\/ul>\n<p>&nbsp;<\/p>\n<ol start=\"4\">\n<li><strong>Identificar, compartir i definir propostes pedag\u00f2giques amb una mirada global i competencial.<\/strong><\/li>\n<\/ol>\n<ul>\n<li>\u00cdndex d\u2019alumnes que superen les \u00e0rees instrumentals dels diferents cursos.<\/li>\n<li>\u00cdndex d\u2019alumnes que superen les \u00e0rees en acabar el cicle inicial, mitj\u00e0 i superior.<\/li>\n<li>\u00cdndex d\u2019alumnes que superen les ccbb de 6\u00e8.<\/li>\n<li>\u00cdndex d\u2019alumnes que superen les proves diagn\u00f2stiques<\/li>\n<\/ul>\n<p>&nbsp;<\/p>\n<ol start=\"5\">\n<li><strong>Reflexionar i definir la import\u00e0ncia del paper del mestre com a figura d\u2019acompanyament en el proc\u00e9s d\u2019ensenyament i aprenentatge de l\u2019infant.<\/strong><\/li>\n<\/ol>\n<ul>\n<li>\u00cdndex de mobilitat del professorat.<\/li>\n<li>Nombre de reunions d\u2019equip en cicles pedag\u00f2gics.<\/li>\n<\/ul>\n<p>&nbsp;<\/p>\n<ol start=\"6\">\n<li><span style=\"color: #000000;\"><strong>Potenciar la participaci\u00f3 en activitats i espais de conviv\u00e8ncia de l\u2019entorn escolar proper i lluny\u00e0.<\/strong><\/span><\/li>\n<\/ol>\n<ul>\n<li>\u00cdndex de demanda d\u2019escolaritzaci\u00f3 a I3.<\/li>\n<li>Nombre de projectes i convenis de participaci\u00f3 d\u2019entitats, centres educatius, organitzacions i institucions que col\u00b7laboren amb l\u2019escola i l\u2019AFA.<\/li>\n<\/ul>\n","protected":false},"excerpt":{"rendered":"<p>L\u2019entorn escolar \u00e9s l\u2019espai adient pel creixement i desenvolupament dels nens i nenes, on se sentin reconeguts i valorats, que s\u2019hi trobin segurs per poder desenvolupar les seves capacitats, i promoure la seva autonomia i exigir-los l\u2019esfor\u00e7 i la responsabilitat que necessitaran en el seu futur. Per aconseguir aquests reptes fomentem els seg\u00fcents aspectes: Enfocar [&hellip;]<\/p>\n","protected":false},"author":1,"featured_media":0,"parent":64,"menu_order":20,"comment_status":"closed","ping_status":"closed","template":"page-templates\/side-menu.php","meta":{"_bbp_topic_count":0,"_bbp_reply_count":0,"_bbp_total_topic_count":0,"_bbp_total_reply_count":0,"_bbp_voice_count":0,"_bbp_anonymous_reply_count":0,"_bbp_topic_count_hidden":0,"_bbp_reply_count_hidden":0,"_bbp_forum_subforum_count":0,"site-sidebar-layout":"default","site-content-layout":"","ast-site-content-layout":"","site-content-style":"default","site-sidebar-style":"default","ast-global-header-display":"","ast-banner-title-visibility":"","ast-main-header-display":"","ast-hfb-above-header-display":"","ast-hfb-below-header-display":"","ast-hfb-mobile-header-display":"","site-post-title":"","ast-breadcrumbs-content":"","ast-featured-img":"","footer-sml-layout":"","theme-transparent-header-meta":"","adv-header-id-meta":"","stick-header-meta":"","header-above-stick-meta":"","header-main-stick-meta":"","header-below-stick-meta":"","astra-migrate-meta-layouts":"default","ast-page-background-enabled":"default","ast-page-background-meta":{"desktop":{"background-color":"var(--ast-global-color-4)","background-image":"","background-repeat":"repeat","background-position":"center center","background-size":"auto","background-attachment":"scroll","background-type":"","background-media":"","overlay-type":"","overlay-color":"","overlay-opacity":"","overlay-gradient":""},"tablet":{"background-color":"","background-image":"","background-repeat":"repeat","background-position":"center center","background-size":"auto","background-attachment":"scroll","background-type":"","background-media":"","overlay-type":"","overlay-color":"","overlay-opacity":"","overlay-gradient":""},"mobile":{"background-color":"","background-image":"","background-repeat":"repeat","background-position":"center center","background-size":"auto","background-attachment":"scroll","background-type":"","background-media":"","overlay-type":"","overlay-color":"","overlay-opacity":"","overlay-gradient":""}},"ast-content-background-meta":{"desktop":{"background-color":"var(--ast-global-color-5)","background-image":"","background-repeat":"repeat","background-position":"center center","background-size":"auto","background-attachment":"scroll","background-type":"","background-media":"","overlay-type":"","overlay-color":"","overlay-opacity":"","overlay-gradient":""},"tablet":{"background-color":"var(--ast-global-color-5)","background-image":"","background-repeat":"repeat","background-position":"center center","background-size":"auto","background-attachment":"scroll","background-type":"","background-media":"","overlay-type":"","overlay-color":"","overlay-opacity":"","overlay-gradient":""},"mobile":{"background-color":"var(--ast-global-color-5)","background-image":"","background-repeat":"repeat","background-position":"center center","background-size":"auto","background-attachment":"scroll","background-type":"","background-media":"","overlay-type":"","overlay-color":"","overlay-opacity":"","overlay-gradient":""}},"footnotes":""},"class_list":["post-26","page","type-page","status-publish","hentry"],"post_mailing_queue_ids":[],"_links":{"self":[{"href":"https:\/\/agora.xtec.cat\/esc-antoniomachado\/wp-json\/wp\/v2\/pages\/26","targetHints":{"allow":["GET"]}}],"collection":[{"href":"https:\/\/agora.xtec.cat\/esc-antoniomachado\/wp-json\/wp\/v2\/pages"}],"about":[{"href":"https:\/\/agora.xtec.cat\/esc-antoniomachado\/wp-json\/wp\/v2\/types\/page"}],"author":[{"embeddable":true,"href":"https:\/\/agora.xtec.cat\/esc-antoniomachado\/wp-json\/wp\/v2\/users\/1"}],"replies":[{"embeddable":true,"href":"https:\/\/agora.xtec.cat\/esc-antoniomachado\/wp-json\/wp\/v2\/comments?post=26"}],"version-history":[{"count":4,"href":"https:\/\/agora.xtec.cat\/esc-antoniomachado\/wp-json\/wp\/v2\/pages\/26\/revisions"}],"predecessor-version":[{"id":21551,"href":"https:\/\/agora.xtec.cat\/esc-antoniomachado\/wp-json\/wp\/v2\/pages\/26\/revisions\/21551"}],"up":[{"embeddable":true,"href":"https:\/\/agora.xtec.cat\/esc-antoniomachado\/wp-json\/wp\/v2\/pages\/64"}],"wp:attachment":[{"href":"https:\/\/agora.xtec.cat\/esc-antoniomachado\/wp-json\/wp\/v2\/media?parent=26"}],"curies":[{"name":"wp","href":"https:\/\/api.w.org\/{rel}","templated":true}]}}

Objectius i indicadors de progrés, prioritats educatives del centre &#8211; Què pretenem?

<p>L’entorn escolar és l’espai adient pel <strong>creixement i desenvolupament</strong> dels nens i nenes, on se sentin <strong>reconeguts i valorats</strong>, que s’hi trobin <strong>segurs</strong> per poder <strong>desenvolupar les seves capacitats</strong>, i <strong>promoure la seva autonomia</strong> i exigir-los l’esforç i la responsabilitat que necessitaran en el seu futur.</p>
<p style="text-align: justify;">Per aconseguir aquests reptes fomentem els següents aspectes:</p>
<ul>
<li style="text-align: justify;">Enfocar les situacions d’aprenentatge a partir de reptes, de preguntes i, en general, dels interessos que sorgeixen de la quotidianitat de l’aula a través dels contextos d’ensenyament-aprenentatge.</li>
<li style="text-align: justify;">Posar l’accent en la importància del procés, més que en el resultat final, que permetrà als infants donar múltiples i variades respostes i que els ajudaran a interpretar la realitat que els envolta.</li>
<li style="text-align: justify;">Integrar les noves tecnologies en l’aprenentatge diari.</li>
<li style="text-align: justify;">La <strong>formació integral</strong> dels nostres alumnes combinant  les activitats que es realitzen dins les aules a través dels contextos amb les creatives musicals i plàstiques, les<strong> físiques</strong>, i les generadores de múltiples experiències personals com els ambients i els espais.</li>
</ul>
<p>&nbsp;</p>
<h5><span style="color: #000000;"><strong>OBJECTIUS GENERALS i INDICADORS DE PROGRÉS</strong></span></h5>
<ol>
<li><strong>Crear i consolidar estructures organitzatives pròpies i de context, que propiciïn la inclusió educativa.</strong></li>
</ol>
<ul>
<li>% d’hores d’intervenció directa de la mestra d’atenció a la diversitat a l’aula per curs.</li>
<li>Índex d’alumnes que assisteixen a l’AA i obtenen resultats positius a les avaluacions finals.</li>
<li>Nombre de trobades dels diferents equips de seguiment i coordinació dels processos d’E/A de l’alumnat.</li>
</ul>
<p>&nbsp;</p>
<ol start="2">
<li><strong>Incrementar i millorar l’acolliment i els canals de comunicació amb les famílies.</strong></li>
</ol>
<ul>
<li>Índex de participació de les famílies a les reunions de nivell i d’aula.</li>
<li>% de famílies que reben ajuda a través de les diferents activitats i projectes d’acolliment de l’escola.</li>
<li>% d’activitats i projectes iniciats i  consolidats per l’AFA.</li>
</ul>
<p>&nbsp;</p>
<ol start="3">
<li><strong>Mantenir la formació permanent del professorat per promocionar oportunitats de creixement col·lectiu.</strong></li>
</ol>
<ul>
<li>Índex de participació del professorat a les formacions de duració anual.</li>
<li>Nombre de formacions que tractin elements clau del projecte de l’escola.</li>
<li>Nombre de participacions actives en seminaris, grups de treball i jornades externes al centre.</li>
</ul>
<p>&nbsp;</p>
<ol start="4">
<li><strong>Identificar, compartir i definir propostes pedagògiques amb una mirada global i competencial.</strong></li>
</ol>
<ul>
<li>Índex d’alumnes que superen les àrees instrumentals dels diferents cursos.</li>
<li>Índex d’alumnes que superen les àrees en acabar el cicle inicial, mitjà i superior.</li>
<li>Índex d’alumnes que superen les ccbb de 6è.</li>
<li>Índex d’alumnes que superen les proves diagnòstiques</li>
</ul>
<p>&nbsp;</p>
<ol start="5">
<li><strong>Reflexionar i definir la importància del paper del mestre com a figura d’acompanyament en el procés d’ensenyament i aprenentatge de l’infant.</strong></li>
</ol>
<ul>
<li>Índex de mobilitat del professorat.</li>
<li>Nombre de reunions d’equip en cicles pedagògics.</li>
</ul>
<p>&nbsp;</p>
<ol start="6">
<li><span style="color: #000000;"><strong>Potenciar la participació en activitats i espais de convivència de l’entorn escolar proper i llunyà.</strong></span></li>
</ol>
<ul>
<li>Índex de demanda d’escolarització a I3.</li>
<li>Nombre de projectes i convenis de participació d’entitats, centres educatius, organitzacions i institucions que col·laboren amb l’escola i l’AFA.</li>
</ul>

<p>L’entorn escolar és l’espai adient pel creixement i desenvolupament dels nens i nenes, on se sentin reconeguts i valorats, que s’hi trobin segurs per poder desenvolupar les seves capacitats, i promoure la seva autonomia i exigir-los l’esforç i la responsabilitat que necessitaran en el seu futur. Per aconseguir aquests reptes fomentem els següents aspectes: Enfocar [&hellip;]</p>
