{"id":23519,"date":"2026-02-04T18:39:23","date_gmt":"2026-02-04T17:39:23","guid":{"rendered":"https:\/\/agora.xtec.cat\/esc-antoniomachado\/?page_id=23519"},"modified":"2026-02-23T11:49:17","modified_gmt":"2026-02-23T10:49:17","slug":"tota-la-info-a-un-clic%f0%9f%96%b1%ef%b8%8f","status":"publish","type":"page","link":"https:\/\/agora.xtec.cat\/esc-antoniomachado\/tota-la-info-a-un-clic%f0%9f%96%b1%ef%b8%8f\/","title":{"rendered":"TOTA LA INFO A UN CLIC!\ud83d\uddb1\ufe0f"},"content":{"rendered":"\n<div class=\"wp-block-columns has-small-font-size is-layout-flex wp-container-core-columns-is-layout-1 wp-block-columns-is-layout-flex\">\n<div class=\"wp-block-column is-layout-flow wp-block-column-is-layout-flow\">\n<div class=\"wp-block-buttons is-content-justification-center is-layout-flex wp-container-core-buttons-is-layout-1 wp-block-buttons-is-layout-flex\">\n<div class=\"wp-block-button has-custom-width wp-block-button__width-100 has-custom-font-size\" style=\"font-size:25px\"><a class=\"wp-block-button__link has-white-color has-text-color has-link-color wp-element-button\"><strong>EL MACHADO EN UN COP D&#8217;ULL<\/strong><\/a><\/div>\n<\/div>\n\n\n\n<p class=\"has-text-align-center has-ast-global-color-0-color has-text-color has-link-color wp-elements-0af434f4d36488926114cc118f73175d\" style=\"font-size:15px\">Vols con\u00e8ixer una mica m\u00e9s d&#8217;aprop l&#8217;escola? Aqu\u00ed tens un v\u00eddeo resum que t&#8217;apropar\u00e0 a nosaltres.<\/p>\n\n\n\n<figure class=\"wp-block-video\"><video controls src=\"https:\/\/agora.xtec.cat\/esc-antoniomachado\/wp-content\/uploads\/usu1670\/2026\/01\/Experiencies-creativitat-autonomia.mp4\"><\/video><\/figure>\n<\/div>\n\n\n\n<div class=\"wp-block-column is-layout-flow wp-block-column-is-layout-flow\">\n<div class=\"wp-block-buttons is-content-justification-center is-layout-flex wp-container-core-buttons-is-layout-2 wp-block-buttons-is-layout-flex\">\n<div class=\"wp-block-button has-custom-width wp-block-button__width-100 has-custom-font-size\" style=\"font-size:25px\"><a class=\"wp-block-button__link has-white-color has-text-color has-link-color wp-element-button\"><strong>10 COSES QUE CAL SABER DE LA NOSTRA ESCOLA<\/strong><\/a><\/div>\n<\/div>\n\n\n\n<div class=\"wp-block-getwid-images-slider has-arrows-inside has-dots-inside has-images-center\"><div class=\"wp-block-getwid-images-slider__wrapper\" data-effect=\"slide\" data-slides-show=\"1\" data-slides-show-laptop=\"1\" data-slides-show-tablet=\"1\" data-slides-show-mobile=\"1\" data-slides-scroll=\"1\" data-autoplay=\"false\" data-pause-hover=\"false\" data-autoplay-speed=\"6000\" data-infinite=\"true\" data-animation-speed=\"800\" data-center-mode=\"false\" data-variable-width=\"false\" data-arrows=\"inside\" data-dots=\"inside\" data-spacing=\"none\"><div class=\"wp-block-getwid-images-slider__item\"><figure><img loading=\"lazy\" decoding=\"async\" width=\"1213\" height=\"768\" src=\"https:\/\/agora.xtec.cat\/esc-antoniomachado\/wp-content\/uploads\/usu1670\/2026\/02\/1.png\" data-id=\"23591\" data-link=\"https:\/\/agora.xtec.cat\/esc-antoniomachado\/1\/\" data-original-link=\"https:\/\/agora.xtec.cat\/esc-antoniomachado\/wp-content\/uploads\/usu1670\/2026\/02\/1.png\" class=\"wp-block-getwid-images-slider__image wp-image-23591\" srcset=\"https:\/\/agora.xtec.cat\/esc-antoniomachado\/wp-content\/uploads\/usu1670\/2026\/02\/1.png 1213w, https:\/\/agora.xtec.cat\/esc-antoniomachado\/wp-content\/uploads\/usu1670\/2026\/02\/1-300x190.png 300w, https:\/\/agora.xtec.cat\/esc-antoniomachado\/wp-content\/uploads\/usu1670\/2026\/02\/1-1024x648.png 1024w, https:\/\/agora.xtec.cat\/esc-antoniomachado\/wp-content\/uploads\/usu1670\/2026\/02\/1-768x486.png 768w\" sizes=\"auto, (max-width: 1213px) 100vw, 1213px\" \/><\/figure><\/div><div class=\"wp-block-getwid-images-slider__item\"><figure><img loading=\"lazy\" decoding=\"async\" width=\"1213\" height=\"768\" src=\"https:\/\/agora.xtec.cat\/esc-antoniomachado\/wp-content\/uploads\/usu1670\/2026\/02\/2.png\" data-id=\"23585\" data-link=\"https:\/\/agora.xtec.cat\/esc-antoniomachado\/2-4\/\" data-original-link=\"https:\/\/agora.xtec.cat\/esc-antoniomachado\/wp-content\/uploads\/usu1670\/2026\/02\/2.png\" class=\"wp-block-getwid-images-slider__image wp-image-23585\" srcset=\"https:\/\/agora.xtec.cat\/esc-antoniomachado\/wp-content\/uploads\/usu1670\/2026\/02\/2.png 1213w, https:\/\/agora.xtec.cat\/esc-antoniomachado\/wp-content\/uploads\/usu1670\/2026\/02\/2-300x190.png 300w, https:\/\/agora.xtec.cat\/esc-antoniomachado\/wp-content\/uploads\/usu1670\/2026\/02\/2-1024x648.png 1024w, https:\/\/agora.xtec.cat\/esc-antoniomachado\/wp-content\/uploads\/usu1670\/2026\/02\/2-768x486.png 768w\" sizes=\"auto, (max-width: 1213px) 100vw, 1213px\" \/><\/figure><\/div><div class=\"wp-block-getwid-images-slider__item\"><figure><img loading=\"lazy\" decoding=\"async\" width=\"758\" height=\"480\" src=\"https:\/\/agora.xtec.cat\/esc-antoniomachado\/wp-content\/uploads\/usu1670\/2026\/02\/3.png\" data-id=\"23584\" data-link=\"https:\/\/agora.xtec.cat\/esc-antoniomachado\/3\/\" data-original-link=\"https:\/\/agora.xtec.cat\/esc-antoniomachado\/wp-content\/uploads\/usu1670\/2026\/02\/3.png\" class=\"wp-block-getwid-images-slider__image wp-image-23584\" srcset=\"https:\/\/agora.xtec.cat\/esc-antoniomachado\/wp-content\/uploads\/usu1670\/2026\/02\/3.png 758w, https:\/\/agora.xtec.cat\/esc-antoniomachado\/wp-content\/uploads\/usu1670\/2026\/02\/3-300x190.png 300w\" sizes=\"auto, (max-width: 758px) 100vw, 758px\" \/><\/figure><\/div><div class=\"wp-block-getwid-images-slider__item\"><figure><img loading=\"lazy\" decoding=\"async\" width=\"1213\" height=\"768\" src=\"https:\/\/agora.xtec.cat\/esc-antoniomachado\/wp-content\/uploads\/usu1670\/2026\/02\/4.png\" data-id=\"23586\" data-link=\"https:\/\/agora.xtec.cat\/esc-antoniomachado\/4\/\" data-original-link=\"https:\/\/agora.xtec.cat\/esc-antoniomachado\/wp-content\/uploads\/usu1670\/2026\/02\/4.png\" class=\"wp-block-getwid-images-slider__image wp-image-23586\" srcset=\"https:\/\/agora.xtec.cat\/esc-antoniomachado\/wp-content\/uploads\/usu1670\/2026\/02\/4.png 1213w, https:\/\/agora.xtec.cat\/esc-antoniomachado\/wp-content\/uploads\/usu1670\/2026\/02\/4-300x190.png 300w, https:\/\/agora.xtec.cat\/esc-antoniomachado\/wp-content\/uploads\/usu1670\/2026\/02\/4-1024x648.png 1024w, https:\/\/agora.xtec.cat\/esc-antoniomachado\/wp-content\/uploads\/usu1670\/2026\/02\/4-768x486.png 768w\" sizes=\"auto, (max-width: 1213px) 100vw, 1213px\" \/><\/figure><\/div><div class=\"wp-block-getwid-images-slider__item\"><figure><img loading=\"lazy\" decoding=\"async\" width=\"1213\" height=\"768\" src=\"https:\/\/agora.xtec.cat\/esc-antoniomachado\/wp-content\/uploads\/usu1670\/2026\/02\/5.png\" data-id=\"23592\" data-link=\"https:\/\/agora.xtec.cat\/esc-antoniomachado\/5\/\" data-original-link=\"https:\/\/agora.xtec.cat\/esc-antoniomachado\/wp-content\/uploads\/usu1670\/2026\/02\/5.png\" class=\"wp-block-getwid-images-slider__image wp-image-23592\" srcset=\"https:\/\/agora.xtec.cat\/esc-antoniomachado\/wp-content\/uploads\/usu1670\/2026\/02\/5.png 1213w, https:\/\/agora.xtec.cat\/esc-antoniomachado\/wp-content\/uploads\/usu1670\/2026\/02\/5-300x190.png 300w, https:\/\/agora.xtec.cat\/esc-antoniomachado\/wp-content\/uploads\/usu1670\/2026\/02\/5-1024x648.png 1024w, https:\/\/agora.xtec.cat\/esc-antoniomachado\/wp-content\/uploads\/usu1670\/2026\/02\/5-768x486.png 768w\" sizes=\"auto, (max-width: 1213px) 100vw, 1213px\" \/><\/figure><\/div><div class=\"wp-block-getwid-images-slider__item\"><figure><img loading=\"lazy\" decoding=\"async\" width=\"1213\" height=\"768\" src=\"https:\/\/agora.xtec.cat\/esc-antoniomachado\/wp-content\/uploads\/usu1670\/2026\/02\/6.png\" data-id=\"23587\" data-link=\"https:\/\/agora.xtec.cat\/esc-antoniomachado\/6-2\/\" data-original-link=\"https:\/\/agora.xtec.cat\/esc-antoniomachado\/wp-content\/uploads\/usu1670\/2026\/02\/6.png\" class=\"wp-block-getwid-images-slider__image wp-image-23587\" srcset=\"https:\/\/agora.xtec.cat\/esc-antoniomachado\/wp-content\/uploads\/usu1670\/2026\/02\/6.png 1213w, https:\/\/agora.xtec.cat\/esc-antoniomachado\/wp-content\/uploads\/usu1670\/2026\/02\/6-300x190.png 300w, https:\/\/agora.xtec.cat\/esc-antoniomachado\/wp-content\/uploads\/usu1670\/2026\/02\/6-1024x648.png 1024w, https:\/\/agora.xtec.cat\/esc-antoniomachado\/wp-content\/uploads\/usu1670\/2026\/02\/6-768x486.png 768w\" sizes=\"auto, (max-width: 1213px) 100vw, 1213px\" \/><\/figure><\/div><div class=\"wp-block-getwid-images-slider__item\"><figure><img loading=\"lazy\" decoding=\"async\" width=\"1213\" height=\"768\" src=\"https:\/\/agora.xtec.cat\/esc-antoniomachado\/wp-content\/uploads\/usu1670\/2026\/02\/7.png\" data-id=\"23593\" data-link=\"https:\/\/agora.xtec.cat\/esc-antoniomachado\/7\/\" data-original-link=\"https:\/\/agora.xtec.cat\/esc-antoniomachado\/wp-content\/uploads\/usu1670\/2026\/02\/7.png\" class=\"wp-block-getwid-images-slider__image wp-image-23593\" srcset=\"https:\/\/agora.xtec.cat\/esc-antoniomachado\/wp-content\/uploads\/usu1670\/2026\/02\/7.png 1213w, https:\/\/agora.xtec.cat\/esc-antoniomachado\/wp-content\/uploads\/usu1670\/2026\/02\/7-300x190.png 300w, https:\/\/agora.xtec.cat\/esc-antoniomachado\/wp-content\/uploads\/usu1670\/2026\/02\/7-1024x648.png 1024w, https:\/\/agora.xtec.cat\/esc-antoniomachado\/wp-content\/uploads\/usu1670\/2026\/02\/7-768x486.png 768w\" sizes=\"auto, (max-width: 1213px) 100vw, 1213px\" \/><\/figure><\/div><div class=\"wp-block-getwid-images-slider__item\"><figure><img loading=\"lazy\" decoding=\"async\" width=\"1213\" height=\"768\" src=\"https:\/\/agora.xtec.cat\/esc-antoniomachado\/wp-content\/uploads\/usu1670\/2026\/02\/8.png\" data-id=\"23588\" data-link=\"https:\/\/agora.xtec.cat\/esc-antoniomachado\/8-2\/\" data-original-link=\"https:\/\/agora.xtec.cat\/esc-antoniomachado\/wp-content\/uploads\/usu1670\/2026\/02\/8.png\" class=\"wp-block-getwid-images-slider__image wp-image-23588\" srcset=\"https:\/\/agora.xtec.cat\/esc-antoniomachado\/wp-content\/uploads\/usu1670\/2026\/02\/8.png 1213w, https:\/\/agora.xtec.cat\/esc-antoniomachado\/wp-content\/uploads\/usu1670\/2026\/02\/8-300x190.png 300w, https:\/\/agora.xtec.cat\/esc-antoniomachado\/wp-content\/uploads\/usu1670\/2026\/02\/8-1024x648.png 1024w, https:\/\/agora.xtec.cat\/esc-antoniomachado\/wp-content\/uploads\/usu1670\/2026\/02\/8-768x486.png 768w\" sizes=\"auto, (max-width: 1213px) 100vw, 1213px\" \/><\/figure><\/div><div class=\"wp-block-getwid-images-slider__item\"><figure><img loading=\"lazy\" decoding=\"async\" width=\"1213\" height=\"768\" src=\"https:\/\/agora.xtec.cat\/esc-antoniomachado\/wp-content\/uploads\/usu1670\/2026\/02\/9.png\" data-id=\"23589\" data-link=\"https:\/\/agora.xtec.cat\/esc-antoniomachado\/9-2\/\" data-original-link=\"https:\/\/agora.xtec.cat\/esc-antoniomachado\/wp-content\/uploads\/usu1670\/2026\/02\/9.png\" class=\"wp-block-getwid-images-slider__image wp-image-23589\" srcset=\"https:\/\/agora.xtec.cat\/esc-antoniomachado\/wp-content\/uploads\/usu1670\/2026\/02\/9.png 1213w, https:\/\/agora.xtec.cat\/esc-antoniomachado\/wp-content\/uploads\/usu1670\/2026\/02\/9-300x190.png 300w, https:\/\/agora.xtec.cat\/esc-antoniomachado\/wp-content\/uploads\/usu1670\/2026\/02\/9-1024x648.png 1024w, https:\/\/agora.xtec.cat\/esc-antoniomachado\/wp-content\/uploads\/usu1670\/2026\/02\/9-768x486.png 768w\" sizes=\"auto, (max-width: 1213px) 100vw, 1213px\" \/><\/figure><\/div><div class=\"wp-block-getwid-images-slider__item\"><figure><img loading=\"lazy\" decoding=\"async\" width=\"1213\" height=\"768\" src=\"https:\/\/agora.xtec.cat\/esc-antoniomachado\/wp-content\/uploads\/usu1670\/2026\/02\/10-1.png\" data-id=\"23590\" data-link=\"https:\/\/agora.xtec.cat\/esc-antoniomachado\/10-2\/\" data-original-link=\"https:\/\/agora.xtec.cat\/esc-antoniomachado\/wp-content\/uploads\/usu1670\/2026\/02\/10-1.png\" class=\"wp-block-getwid-images-slider__image wp-image-23590\" srcset=\"https:\/\/agora.xtec.cat\/esc-antoniomachado\/wp-content\/uploads\/usu1670\/2026\/02\/10-1.png 1213w, https:\/\/agora.xtec.cat\/esc-antoniomachado\/wp-content\/uploads\/usu1670\/2026\/02\/10-1-300x190.png 300w, https:\/\/agora.xtec.cat\/esc-antoniomachado\/wp-content\/uploads\/usu1670\/2026\/02\/10-1-1024x648.png 1024w, https:\/\/agora.xtec.cat\/esc-antoniomachado\/wp-content\/uploads\/usu1670\/2026\/02\/10-1-768x486.png 768w\" sizes=\"auto, (max-width: 1213px) 100vw, 1213px\" \/><\/figure><\/div><\/div><\/div>\n<\/div>\n<\/div>\n\n\n\n<div class=\"wp-block-columns is-layout-flex wp-container-core-columns-is-layout-2 wp-block-columns-is-layout-flex\">\n<div class=\"wp-block-column is-layout-flow wp-block-column-is-layout-flow\">\n<div class=\"wp-block-buttons is-content-justification-center is-layout-flex wp-container-core-buttons-is-layout-3 wp-block-buttons-is-layout-flex\">\n<div class=\"wp-block-button has-custom-width wp-block-button__width-75 has-custom-font-size\" style=\"font-size:25px\"><a class=\"wp-block-button__link has-white-color has-text-color has-link-color wp-element-button\" href=\"https:\/\/agora.xtec.cat\/esc-antoniomachado\/tota-la-info-a-un-clic\ud83d\uddb1\ufe0f\/el-primer-any-a-lescola-i3\/\"><strong>EL PRIMER ANY A L&#8217;ESCOLA (I3)<\/strong><\/a><\/div>\n<\/div>\n\n\n\n<figure class=\"wp-block-image aligncenter size-full\"><a href=\"https:\/\/agora.xtec.cat\/esc-antoniomachado\/tota-la-info-a-un-clic\ud83d\uddb1\ufe0f\/el-primer-any-a-lescola-i3\/\"><img loading=\"lazy\" decoding=\"async\" width=\"1024\" height=\"768\" src=\"https:\/\/agora.xtec.cat\/esc-antoniomachado\/wp-content\/uploads\/usu1670\/2026\/02\/aula-i3.jpg\" alt=\"\" class=\"wp-image-24126\" style=\"object-fit:cover\" srcset=\"https:\/\/agora.xtec.cat\/esc-antoniomachado\/wp-content\/uploads\/usu1670\/2026\/02\/aula-i3.jpg 1024w, https:\/\/agora.xtec.cat\/esc-antoniomachado\/wp-content\/uploads\/usu1670\/2026\/02\/aula-i3-300x225.jpg 300w, https:\/\/agora.xtec.cat\/esc-antoniomachado\/wp-content\/uploads\/usu1670\/2026\/02\/aula-i3-768x576.jpg 768w\" sizes=\"auto, (max-width: 1024px) 100vw, 1024px\" \/><\/a><\/figure>\n<\/div>\n\n\n\n<div class=\"wp-block-column is-layout-flow wp-block-column-is-layout-flow\">\n<div class=\"wp-block-buttons is-content-justification-center is-layout-flex wp-container-core-buttons-is-layout-4 wp-block-buttons-is-layout-flex\">\n<div class=\"wp-block-button has-custom-font-size\" style=\"font-size:25px\"><a class=\"wp-block-button__link has-white-color has-text-color has-link-color wp-element-button\" href=\"https:\/\/preinscripcio.gencat.cat\/ca\/inici\/index.html\"><strong>FES LA PREINSCRIPCI\u00d3!<\/strong><\/a><\/div>\n<\/div>\n\n\n\n<figure class=\"wp-block-image aligncenter size-full is-resized\"><a href=\"https:\/\/preinscripcio.gencat.cat\/ca\/inici\/index.html\"><img loading=\"lazy\" decoding=\"async\" width=\"512\" height=\"512\" src=\"https:\/\/agora.xtec.cat\/esc-antoniomachado\/wp-content\/uploads\/usu1670\/2026\/02\/inscripcion.png\" alt=\"\" class=\"wp-image-23559\" style=\"width:234px;height:auto\" srcset=\"https:\/\/agora.xtec.cat\/esc-antoniomachado\/wp-content\/uploads\/usu1670\/2026\/02\/inscripcion.png 512w, https:\/\/agora.xtec.cat\/esc-antoniomachado\/wp-content\/uploads\/usu1670\/2026\/02\/inscripcion-300x300.png 300w, https:\/\/agora.xtec.cat\/esc-antoniomachado\/wp-content\/uploads\/usu1670\/2026\/02\/inscripcion-150x150.png 150w\" sizes=\"auto, (max-width: 512px) 100vw, 512px\" \/><\/a><\/figure>\n<\/div>\n<\/div>\n\n\n\n<div class=\"wp-block-buttons is-content-justification-center is-layout-flex wp-container-core-buttons-is-layout-5 wp-block-buttons-is-layout-flex\">\n<div class=\"wp-block-button has-custom-width wp-block-button__width-100 has-custom-font-size is-style-fill\" style=\"font-size:25px\"><a class=\"wp-block-button__link has-white-color has-text-color has-link-color wp-element-button\" style=\"border-radius:22px\"><strong>EXPERI\u00c8NCIES I NOT\u00cdCIES A I3<\/strong><\/a><\/div>\n<\/div>\n\n\n\n        <div class=\"wp-block-getwid-post-slider custom-post-type-post has-arrows-inside has-dots-inside\">\n            <div data-slider-option=\"{&quot;getwid_fade_effect&quot;:&quot;slide&quot;,&quot;getwid_autoplay&quot;:false,&quot;getwid_pause_on_hover&quot;:false,&quot;getwid_autoplay_speed&quot;:6000,&quot;getwid_infinite&quot;:true,&quot;getwid_animation_speed&quot;:800,&quot;getwid_arrows&quot;:&quot;inside&quot;,&quot;getwid_dots&quot;:&quot;inside&quot;}\" class=\"wp-block-getwid-post-slider__content\">\n                \t\t\t\t\t\t\t<div class=\"wp-block-getwid-post-slider__slide\" style=\"\">\n\t\t\t\t\t\t\t\t\n<div class=\"wp-block-getwid-post-slider__post \">\n            <div class=\"wp-block-getwid-post-slider__post-thumbnail\">\n            <img loading=\"lazy\" decoding=\"async\" width=\"1170\" height=\"2080\" src=\"https:\/\/agora.xtec.cat\/esc-antoniomachado\/wp-content\/uploads\/usu1670\/2026\/01\/B1107808-6D70-42AF-94BF-0DE9E2CB6733.jpg\" class=\"attachment-post-thumbnail size-post-thumbnail wp-post-image\" alt=\"\" srcset=\"https:\/\/agora.xtec.cat\/esc-antoniomachado\/wp-content\/uploads\/usu1670\/2026\/01\/B1107808-6D70-42AF-94BF-0DE9E2CB6733.jpg 1170w, https:\/\/agora.xtec.cat\/esc-antoniomachado\/wp-content\/uploads\/usu1670\/2026\/01\/B1107808-6D70-42AF-94BF-0DE9E2CB6733-169x300.jpg 169w, https:\/\/agora.xtec.cat\/esc-antoniomachado\/wp-content\/uploads\/usu1670\/2026\/01\/B1107808-6D70-42AF-94BF-0DE9E2CB6733-576x1024.jpg 576w, https:\/\/agora.xtec.cat\/esc-antoniomachado\/wp-content\/uploads\/usu1670\/2026\/01\/B1107808-6D70-42AF-94BF-0DE9E2CB6733-768x1365.jpg 768w, https:\/\/agora.xtec.cat\/esc-antoniomachado\/wp-content\/uploads\/usu1670\/2026\/01\/B1107808-6D70-42AF-94BF-0DE9E2CB6733-864x1536.jpg 864w, https:\/\/agora.xtec.cat\/esc-antoniomachado\/wp-content\/uploads\/usu1670\/2026\/01\/B1107808-6D70-42AF-94BF-0DE9E2CB6733-1152x2048.jpg 1152w\" sizes=\"auto, (max-width: 1170px) 100vw, 1170px\" \/>        <\/div>\n        <div class=\"wp-block-getwid-post-slider__post-overlay \"><\/div>\n    <div class=\"wp-block-getwid-post-slider__post-content-wrapper\">\n        <h3 class=\"wp-block-getwid-post-slider__post-title\"><a href=\"https:\/\/agora.xtec.cat\/esc-antoniomachado\/noticies\/una-granja-a-laula\/\">UNA GRANJA A L&#8217;AULA<\/a><\/h3>        <div class=\"wp-block-getwid-post-slider__post-excerpt\"><p>SORPRESA A L&#8217;AULA DE YAYOI, UNA GRANJA A LA CLASSE! ENTRE MUUU, QUIQUIRIQU\u00cdS I BEEEE&#8230;HEM TREBALLAT LA DISCRIMINACI\u00d3 AUDITIVA I LA CONSCI\u00c8NCIA FONOL\u00d2GICA D&#8217;UNA MANERA DIVERTIDA I MOOOLT ESPECIAL.<\/p>\n<\/div>\n    <\/div>\n<\/div>\n\t\t\t\t\t\t\t<\/div>\n\t\t\t\t\t\t\t\t\t\t\t\t\t<div class=\"wp-block-getwid-post-slider__slide\" style=\"\">\n\t\t\t\t\t\t\t\t\n<div class=\"wp-block-getwid-post-slider__post \">\n            <div class=\"wp-block-getwid-post-slider__post-thumbnail\">\n            <img loading=\"lazy\" decoding=\"async\" width=\"1170\" height=\"2080\" src=\"https:\/\/agora.xtec.cat\/esc-antoniomachado\/wp-content\/uploads\/usu1670\/2025\/11\/E7AF0FC5-6DE4-4EC2-91D5-0B80D21C4456.jpg\" class=\"attachment-post-thumbnail size-post-thumbnail wp-post-image\" alt=\"\" srcset=\"https:\/\/agora.xtec.cat\/esc-antoniomachado\/wp-content\/uploads\/usu1670\/2025\/11\/E7AF0FC5-6DE4-4EC2-91D5-0B80D21C4456.jpg 1170w, https:\/\/agora.xtec.cat\/esc-antoniomachado\/wp-content\/uploads\/usu1670\/2025\/11\/E7AF0FC5-6DE4-4EC2-91D5-0B80D21C4456-169x300.jpg 169w, https:\/\/agora.xtec.cat\/esc-antoniomachado\/wp-content\/uploads\/usu1670\/2025\/11\/E7AF0FC5-6DE4-4EC2-91D5-0B80D21C4456-576x1024.jpg 576w, https:\/\/agora.xtec.cat\/esc-antoniomachado\/wp-content\/uploads\/usu1670\/2025\/11\/E7AF0FC5-6DE4-4EC2-91D5-0B80D21C4456-768x1365.jpg 768w, https:\/\/agora.xtec.cat\/esc-antoniomachado\/wp-content\/uploads\/usu1670\/2025\/11\/E7AF0FC5-6DE4-4EC2-91D5-0B80D21C4456-864x1536.jpg 864w, https:\/\/agora.xtec.cat\/esc-antoniomachado\/wp-content\/uploads\/usu1670\/2025\/11\/E7AF0FC5-6DE4-4EC2-91D5-0B80D21C4456-1152x2048.jpg 1152w\" sizes=\"auto, (max-width: 1170px) 100vw, 1170px\" \/>        <\/div>\n        <div class=\"wp-block-getwid-post-slider__post-overlay \"><\/div>\n    <div class=\"wp-block-getwid-post-slider__post-content-wrapper\">\n        <h3 class=\"wp-block-getwid-post-slider__post-title\"><a href=\"https:\/\/agora.xtec.cat\/esc-antoniomachado\/noticies\/aprenem-a-reciclar%e2%99%bb%ef%b8%8f\/\">APRENEM A RECICLAR\u267b\ufe0f<\/a><\/h3>        <div class=\"wp-block-getwid-post-slider__post-excerpt\"><p>A l\u2019aula de Yayoi ten\u00edem dubtes constants sobre com reciclar correctament \u267b\ufe0f, aix\u00ed que vam convidar un expert per saber una mica m\u00e9s. En Jordi Juncosa, de l\u2019Ag\u00e8ncia de Residus de Catalunya, ens va oferir un taller vivencial i molt visual \ud83d\udc40 que ens va ajudar a entendre millor la separaci\u00f3 de residus i la [&hellip;]<\/p>\n<\/div>\n    <\/div>\n<\/div>\n\t\t\t\t\t\t\t<\/div>\n\t\t\t\t\t\t\t\t\t\t\t\t\t<div class=\"wp-block-getwid-post-slider__slide\" style=\"\">\n\t\t\t\t\t\t\t\t\n<div class=\"wp-block-getwid-post-slider__post \">\n            <div class=\"wp-block-getwid-post-slider__post-thumbnail\">\n            <img loading=\"lazy\" decoding=\"async\" width=\"1920\" height=\"2560\" src=\"https:\/\/agora.xtec.cat\/esc-antoniomachado\/wp-content\/uploads\/usu1670\/2025\/01\/IMG_1464-scaled.jpg\" class=\"attachment-post-thumbnail size-post-thumbnail wp-post-image\" alt=\"\" srcset=\"https:\/\/agora.xtec.cat\/esc-antoniomachado\/wp-content\/uploads\/usu1670\/2025\/01\/IMG_1464-scaled.jpg 1920w, https:\/\/agora.xtec.cat\/esc-antoniomachado\/wp-content\/uploads\/usu1670\/2025\/01\/IMG_1464-225x300.jpg 225w, https:\/\/agora.xtec.cat\/esc-antoniomachado\/wp-content\/uploads\/usu1670\/2025\/01\/IMG_1464-768x1024.jpg 768w, https:\/\/agora.xtec.cat\/esc-antoniomachado\/wp-content\/uploads\/usu1670\/2025\/01\/IMG_1464-1152x1536.jpg 1152w, https:\/\/agora.xtec.cat\/esc-antoniomachado\/wp-content\/uploads\/usu1670\/2025\/01\/IMG_1464-1536x2048.jpg 1536w\" sizes=\"auto, (max-width: 1920px) 100vw, 1920px\" \/>        <\/div>\n        <div class=\"wp-block-getwid-post-slider__post-overlay \"><\/div>\n    <div class=\"wp-block-getwid-post-slider__post-content-wrapper\">\n        <h3 class=\"wp-block-getwid-post-slider__post-title\"><a href=\"https:\/\/agora.xtec.cat\/esc-antoniomachado\/noticies\/alliberem-animals-atrapats-al-gel\/\">ALLIBEREM ANIMALS ATRAPATS AL GEL<\/a><\/h3>        <div class=\"wp-block-getwid-post-slider__post-excerpt\"><p>ELS INFANTS DE LA CLASSE D\u2019EN MIR\u00d3 HEM EXPERIMENTAT AMB L&#8217;ACTIVITAT DE DESFER GEL AMB SAL I AIGUA T\u00c8BIA PER PODER ALLIBERAR ANIMALS MARINS ATRAPATS. \u00c9S UNA ACTIVITAT EDUCATIVA I L\u00daDICA QUE COMBINA APRENENTATGE I DIVERSI\u00d3, PERMET ALS INFANTS APRENDRE SOBRE CONCEPTES CIENT\u00cdFICS, FOMENTA LA MOTRICITAT FINA I LA PACI\u00c8NCIA, I PROPORCIONA UNA EXPERI\u00c8NCIA SENSORIAL [&hellip;]<\/p>\n<\/div>\n    <\/div>\n<\/div>\n\t\t\t\t\t\t\t<\/div>\n\t\t\t\t\t\t            <\/div>\n        <\/div>\n        ","protected":false},"excerpt":{"rendered":"<p>Vols con\u00e8ixer una mica m\u00e9s d&#8217;aprop l&#8217;escola? Aqu\u00ed tens un v\u00eddeo resum que t&#8217;apropar\u00e0 a nosaltres.<\/p>\n","protected":false},"author":1,"featured_media":0,"parent":0,"menu_order":0,"comment_status":"closed","ping_status":"close","template":"","meta":{"_bbp_topic_count":0,"_bbp_reply_count":0,"_bbp_total_topic_count":0,"_bbp_total_reply_count":0,"_bbp_voice_count":0,"_bbp_anonymous_reply_count":0,"_bbp_topic_count_hidden":0,"_bbp_reply_count_hidden":0,"_bbp_forum_subforum_count":0,"site-sidebar-layout":"no-sidebar","site-content-layout":"","ast-site-content-layout":"full-width-container","site-content-style":"default","site-sidebar-style":"unboxed","ast-global-header-display":"","ast-banner-title-visibility":"","ast-main-header-display":"","ast-hfb-above-header-display":"","ast-hfb-below-header-display":"","ast-hfb-mobile-header-display":"","site-post-title":"","ast-breadcrumbs-content":"","ast-featured-img":"","footer-sml-layout":"","theme-transparent-header-meta":"","adv-header-id-meta":"","stick-header-meta":"","header-above-stick-meta":"","header-main-stick-meta":"","header-below-stick-meta":"","astra-migrate-meta-layouts":"set","ast-page-background-enabled":"default","ast-page-background-meta":{"desktop":{"background-color":"var(--ast-global-color-4)","background-image":"","background-repeat":"repeat","background-position":"center center","background-size":"auto","background-attachment":"scroll","background-type":"","background-media":"","overlay-type":"","overlay-color":"","overlay-opacity":"","overlay-gradient":""},"tablet":{"background-color":"","background-image":"","background-repeat":"repeat","background-position":"center center","background-size":"auto","background-attachment":"scroll","background-type":"","background-media":"","overlay-type":"","overlay-color":"","overlay-opacity":"","overlay-gradient":""},"mobile":{"background-color":"","background-image":"","background-repeat":"repeat","background-position":"center center","background-size":"auto","background-attachment":"scroll","background-type":"","background-media":"","overlay-type":"","overlay-color":"","overlay-opacity":"","overlay-gradient":""}},"ast-content-background-meta":{"desktop":{"background-color":"var(--ast-global-color-5)","background-image":"","background-repeat":"repeat","background-position":"center center","background-size":"auto","background-attachment":"scroll","background-type":"","background-media":"","overlay-type":"","overlay-color":"","overlay-opacity":"","overlay-gradient":""},"tablet":{"background-color":"var(--ast-global-color-5)","background-image":"","background-repeat":"repeat","background-position":"center center","background-size":"auto","background-attachment":"scroll","background-type":"","background-media":"","overlay-type":"","overlay-color":"","overlay-opacity":"","overlay-gradient":""},"mobile":{"background-color":"var(--ast-global-color-5)","background-image":"","background-repeat":"repeat","background-position":"center center","background-size":"auto","background-attachment":"scroll","background-type":"","background-media":"","overlay-type":"","overlay-color":"","overlay-opacity":"","overlay-gradient":""}},"footnotes":""},"class_list":["post-23519","page","type-page","status-publish","hentry"],"post_mailing_queue_ids":[],"_links":{"self":[{"href":"https:\/\/agora.xtec.cat\/esc-antoniomachado\/wp-json\/wp\/v2\/pages\/23519","targetHints":{"allow":["GET"]}}],"collection":[{"href":"https:\/\/agora.xtec.cat\/esc-antoniomachado\/wp-json\/wp\/v2\/pages"}],"about":[{"href":"https:\/\/agora.xtec.cat\/esc-antoniomachado\/wp-json\/wp\/v2\/types\/page"}],"author":[{"embeddable":true,"href":"https:\/\/agora.xtec.cat\/esc-antoniomachado\/wp-json\/wp\/v2\/users\/1"}],"replies":[{"embeddable":true,"href":"https:\/\/agora.xtec.cat\/esc-antoniomachado\/wp-json\/wp\/v2\/comments?post=23519"}],"version-history":[{"count":6,"href":"https:\/\/agora.xtec.cat\/esc-antoniomachado\/wp-json\/wp\/v2\/pages\/23519\/revisions"}],"predecessor-version":[{"id":24131,"href":"https:\/\/agora.xtec.cat\/esc-antoniomachado\/wp-json\/wp\/v2\/pages\/23519\/revisions\/24131"}],"wp:attachment":[{"href":"https:\/\/agora.xtec.cat\/esc-antoniomachado\/wp-json\/wp\/v2\/media?parent=23519"}],"curies":[{"name":"wp","href":"https:\/\/api.w.org\/{rel}","templated":true}]}}