{"id":1363,"date":"2017-12-31T10:18:50","date_gmt":"2017-12-31T09:18:50","guid":{"rendered":"http:\/\/agora.xtec.cat\/esc-antoniomachado\/?page_id=1363"},"modified":"2026-01-27T10:20:20","modified_gmt":"2026-01-27T09:20:20","slug":"consellescolar","status":"publish","type":"page","link":"https:\/\/agora.xtec.cat\/esc-antoniomachado\/lescola\/consellescolar\/","title":{"rendered":"Consell escolar"},"content":{"rendered":"<p>El <a href=\"http:\/\/albertodelpozo.blogspot.com\/2020\/11\/novetats-del-projecte-de-lomloe-4-el.html\">consell escolar<\/a> \u00e9s l&#8217;\u00f2rgan de participaci\u00f3 dels diferents sectors de la comunitat educativa en el govern dels centres.<\/p>\n<p>El formen els representants de tota la comunitat educativa, \u00e9s a dir, direcci\u00f3, professors, alumnes, fam\u00edlies, personal d&#8217;administraci\u00f3 i serveis, representant de l&#8217;administraci\u00f3 local i altres persones que el mateix consell consideri necess\u00e0ries.<\/p>\n<p>&nbsp;<\/p>\n<table style=\"border-collapse: collapse; width: 100%;\" border=\"1\">\n<tbody>\n<tr style=\"height: 30px;\">\n<td style=\"width: 100%; background-color: #d1d1d1; text-align: center; border-color: #000000; height: 30px;\">\n<h4><span style=\"color: #000000;\"><strong>EQUIP DIRECTIU<\/strong><\/span><\/h4>\n<\/td>\n<\/tr>\n<tr style=\"height: 30px;\">\n<td style=\"width: 100%; text-align: center; border-color: #000000; height: 30px;\">Eli Terr\u00e9 Bellalta &#8211; Directora<\/td>\n<\/tr>\n<tr style=\"height: 30px;\">\n<td style=\"width: 100%; text-align: center; border-color: #000000; height: 30px;\">Vanessa Ruiz Fern\u00e1ndez &#8211; Cap d&#8217;estudis<\/td>\n<\/tr>\n<tr style=\"height: 30px;\">\n<td style=\"width: 100%; text-align: center; border-color: #000000; height: 30px;\">Marta G\u00f3mez Com\u00ed- Secret\u00e0ria<\/td>\n<\/tr>\n<\/tbody>\n<\/table>\n<table style=\"border-collapse: collapse; width: 100%; height: 270px;\" border=\"1\">\n<tbody>\n<tr style=\"height: 46px;\">\n<td style=\"width: 100%; background-color: #d1d1d1; border-color: #000000; text-align: center; height: 46px;\">\n<h4><span style=\"color: #000000;\"><strong>REPRESENTANTS DEL SECTOR DE MESTRES<\/strong><\/span><\/h4>\n<\/td>\n<\/tr>\n<tr style=\"height: 32px;\">\n<td style=\"width: 100%; text-align: center; border-color: #000000; height: 32px;\">Mireia Alum Navarro<\/td>\n<\/tr>\n<tr style=\"height: 32px;\">\n<td style=\"width: 100%; text-align: center; border-color: #000000; height: 32px;\">Daniel Berm\u00fadez Brullet<\/td>\n<\/tr>\n<tr style=\"height: 32px;\">\n<td style=\"width: 100%; text-align: center; border-color: #000000; height: 32px;\"><span style=\"background-color: #f9f9f9;\">Sara \u00c1lvarez Martinez<\/span><\/td>\n<\/tr>\n<tr style=\"height: 32px;\">\n<td style=\"width: 100%; text-align: center; border-color: #000000; height: 32px;\">Minerva Hidalgo Colomer<\/td>\n<\/tr>\n<tr style=\"height: 32px;\">\n<td style=\"width: 100%; text-align: center; border-color: #000000; height: 32px;\">Adriana Belzunces Mart\u00edn de Madrid<\/td>\n<\/tr>\n<tr style=\"height: 32px;\">\n<td style=\"width: 100%; text-align: center; border-color: #000000; height: 32px;\">Carlos Romero Gonz\u00e1lez<\/td>\n<\/tr>\n<tr style=\"height: 32px;\">\n<td style=\"width: 100%; text-align: center; border-color: #000000; height: 32px;\"><\/td>\n<\/tr>\n<\/tbody>\n<\/table>\n<table style=\"border-collapse: collapse; width: 100%; height: 250px;\" border=\"1\">\n<tbody>\n<tr style=\"height: 58px;\">\n<td style=\"width: 100%; border-color: #000000; background-color: #d1d1d1; text-align: center; height: 58px;\">\n<h4><span style=\"color: #000000;\"><strong>REPRESENTATS DEL SECTOR DE PARES I MARES<\/strong><\/span><\/h4>\n<\/td>\n<\/tr>\n<tr style=\"height: 32px;\">\n<td style=\"width: 100%; text-align: center; border-color: #000000; height: 32px;\"><span style=\"background-color: #f9f9f9;\">Helena Jovani Tarridas<\/span><\/td>\n<\/tr>\n<tr style=\"height: 32px;\">\n<td style=\"width: 100%; text-align: center; border-color: #000000; height: 32px;\">Anna Iglesias Romaguera<\/td>\n<\/tr>\n<tr style=\"height: 32px;\">\n<td style=\"width: 100%; text-align: center; border-color: #000000; height: 32px;\">Berta Mora Clap\u00e9s<\/td>\n<\/tr>\n<tr style=\"height: 32px;\">\n<td style=\"width: 100%; text-align: center; border-color: #000000; height: 32px;\">Meritxell Vidal Villegas<\/td>\n<\/tr>\n<tr style=\"height: 32px;\">\n<td style=\"width: 100%; text-align: center; border-color: #000000; height: 32px;\">Joel R\u00edos Gonz\u00e1lez<\/td>\n<\/tr>\n<tr style=\"height: 32px;\">\n<td style=\"width: 100%; text-align: center; border-color: #000000; height: 32px;\">Ra\u00fal Pitarch Peral<\/td>\n<\/tr>\n<\/tbody>\n<\/table>\n<table style=\"border-collapse: collapse; width: 100%;\" border=\"1\">\n<tbody>\n<tr>\n<td style=\"width: 100%; text-align: center; border-color: #000000; background-color: #d1d1d1;\">\n<h4><span style=\"color: #000000;\"><strong>REPRESENTANT DE L&#8217;AFA<\/strong><\/span><\/h4>\n<\/td>\n<\/tr>\n<tr>\n<td style=\"width: 100%; border-color: #000000; text-align: center;\">Ram\u00f3n Castell\u00f3 Punsoda<\/td>\n<\/tr>\n<\/tbody>\n<\/table>\n<table style=\"border-collapse: collapse; width: 100%;\" border=\"1\">\n<tbody>\n<tr style=\"height: 30px;\">\n<td style=\"width: 100%; text-align: center; background-color: #d1d1d1; border-color: #000000; height: 30px;\">\n<h4><span style=\"color: #000000;\"><strong>REPRESENTANT DEL PERSONAL D&#8217;ADMINISTRACI\u00d3 I SERVEIS DEL DEPARTAMENT D&#8217;EDUCACI\u00d3 &#8211; PAS<\/strong><\/span><\/h4>\n<\/td>\n<\/tr>\n<tr style=\"height: 30px;\">\n<td style=\"width: 100%; border-color: #000000; height: 30px; text-align: center;\">Ana Vila Salvans<\/td>\n<\/tr>\n<\/tbody>\n<\/table>\n<table style=\"border-collapse: collapse; width: 100%;\" border=\"1\">\n<tbody>\n<tr>\n<td style=\"width: 100%; background-color: #d1d1d1; text-align: center; border-color: #000000;\">\n<h4><span style=\"color: #000000;\"><strong>REPRESENTANT DE L&#8217;AJUNTAMENT<\/strong><\/span><\/h4>\n<\/td>\n<\/tr>\n<tr>\n<td style=\"width: 100%; text-align: center; border-color: #000000;\">Daniel Corpas Cullet<\/td>\n<\/tr>\n<\/tbody>\n<\/table>\n<h4><\/h4>\n<p>&nbsp;<\/p>\n<h3><strong><span style=\"color: #000000;\">ACORDS DE LES SESSIONS DEL CONSELL<\/span> <span style=\"color: #000000;\">ESCOLAR DEL CURS 2025-2026<\/span><\/strong><\/h3>\n<p><em>Al llarg del curs anirem fent p\u00fablics els acords presos a les sessions del Consell Escolar. No es publicar\u00e0 cap acta oficial.<\/em><\/p>\n<table style=\"height: 139px; width: 99.0056%; background-color: #ffffff;\">\n<tbody>\n<tr style=\"height: 5px;\">\n<td style=\"border-color: #000000; background-color: #e0e0e0; height: 10px; width: 44.8416%; text-align: justify;\">Dilluns 13 d&#8217;octubre de 2025<\/td>\n<td style=\"border-color: #000000; background-color: #e0e0e0; width: 54.4272%; height: 10px; text-align: justify;\">\n<ul>\n<li>Presentaci\u00f3 i aprovaci\u00f3 de la mem\u00f2ria anual 2024-2025.<\/li>\n<li>Presentaci\u00f3 i aprovaci\u00f3 del Pla General Anual 2025-2026.<\/li>\n<li>Presentaci\u00f3 i aprovaci\u00f3 del casalet de Nadal 2025 i l&#8217;activitat que s&#8217;ofereix pel dia de lliure disposici\u00f3.<\/li>\n<li>Presentaci\u00f3 i aprovaci\u00f3 del pla de sortides, viatge de sis\u00e8 i r\u00e0tio +1.<\/li>\n<li>Calendar i eleccions del Consell Escolar.<\/li>\n<\/ul>\n<\/td>\n<\/tr>\n<tr style=\"height: 10px;\">\n<td style=\"border-color: #000000; width: 44.8416%; background-color: #ffffff; height: 10px;\">Dilluns 15 de desembre de 2025<\/td>\n<td style=\"border-color: #000000; width: 54.4272%; background-color: #ffffff; height: 10px;\">\n<ul>\n<li>Constituci\u00f3 del nou Consell escolar de centre. Renovaci\u00f3 de membres.<\/li>\n<li>Constituci\u00f3 de la comissi\u00f3 permanent.<\/li>\n<li>Constituci\u00f3 de la comissi\u00f3 econ\u00f2mica.<\/li>\n<\/ul>\n<\/td>\n<\/tr>\n<tr style=\"height: 19px;\">\n<td style=\"border-color: #000000; width: 44.8416%; background-color: #e0e0e0; height: 19px;\"><\/td>\n<td style=\"border-color: #000000; width: 54.4272%; background-color: #e0e0e0; height: 19px;\"><\/td>\n<\/tr>\n<tr style=\"height: 33px;\">\n<td style=\"border-color: #000000; width: 44.8416%; height: 33px; background-color: #ffffff;\"><\/td>\n<td style=\"border-color: #000000; width: 54.4272%; background-color: #ffffff; height: 33px;\"><\/td>\n<\/tr>\n<tr>\n<td style=\"border-color: #000000; width: 44.8416%; background-color: #e0e0e0;\"><\/td>\n<td style=\"border-color: #000000; width: 54.4272%; background-color: #e0e0e0;\"><\/td>\n<\/tr>\n<\/tbody>\n<\/table>\n","protected":false},"excerpt":{"rendered":"<p>El consell escolar \u00e9s l&#8217;\u00f2rgan de participaci\u00f3 dels diferents sectors de la comunitat educativa en el govern dels centres. El formen els representants de tota la comunitat educativa, \u00e9s a dir, direcci\u00f3, professors, alumnes, fam\u00edlies, personal d&#8217;administraci\u00f3 i serveis, representant de l&#8217;administraci\u00f3 local i altres persones que el mateix consell consideri necess\u00e0ries. &nbsp; EQUIP DIRECTIU [&hellip;]<\/p>\n","protected":false},"author":1,"featured_media":0,"parent":22,"menu_order":0,"comment_status":"closed","ping_status":"closed","template":"","meta":{"_bbp_topic_count":0,"_bbp_reply_count":0,"_bbp_total_topic_count":0,"_bbp_total_reply_count":0,"_bbp_voice_count":0,"_bbp_anonymous_reply_count":0,"_bbp_topic_count_hidden":0,"_bbp_reply_count_hidden":0,"_bbp_forum_subforum_count":0,"site-sidebar-layout":"default","site-content-layout":"","ast-site-content-layout":"","site-content-style":"default","site-sidebar-style":"default","ast-global-header-display":"","ast-banner-title-visibility":"","ast-main-header-display":"","ast-hfb-above-header-display":"","ast-hfb-below-header-display":"","ast-hfb-mobile-header-display":"","site-post-title":"","ast-breadcrumbs-content":"","ast-featured-img":"","footer-sml-layout":"","theme-transparent-header-meta":"","adv-header-id-meta":"","stick-header-meta":"","header-above-stick-meta":"","header-main-stick-meta":"","header-below-stick-meta":"","astra-migrate-meta-layouts":"default","ast-page-background-enabled":"default","ast-page-background-meta":{"desktop":{"background-color":"var(--ast-global-color-4)","background-image":"","background-repeat":"repeat","background-position":"center center","background-size":"auto","background-attachment":"scroll","background-type":"","background-media":"","overlay-type":"","overlay-color":"","overlay-opacity":"","overlay-gradient":""},"tablet":{"background-color":"","background-image":"","background-repeat":"repeat","background-position":"center center","background-size":"auto","background-attachment":"scroll","background-type":"","background-media":"","overlay-type":"","overlay-color":"","overlay-opacity":"","overlay-gradient":""},"mobile":{"background-color":"","background-image":"","background-repeat":"repeat","background-position":"center center","background-size":"auto","background-attachment":"scroll","background-type":"","background-media":"","overlay-type":"","overlay-color":"","overlay-opacity":"","overlay-gradient":""}},"ast-content-background-meta":{"desktop":{"background-color":"var(--ast-global-color-5)","background-image":"","background-repeat":"repeat","background-position":"center center","background-size":"auto","background-attachment":"scroll","background-type":"","background-media":"","overlay-type":"","overlay-color":"","overlay-opacity":"","overlay-gradient":""},"tablet":{"background-color":"var(--ast-global-color-5)","background-image":"","background-repeat":"repeat","background-position":"center center","background-size":"auto","background-attachment":"scroll","background-type":"","background-media":"","overlay-type":"","overlay-color":"","overlay-opacity":"","overlay-gradient":""},"mobile":{"background-color":"var(--ast-global-color-5)","background-image":"","background-repeat":"repeat","background-position":"center center","background-size":"auto","background-attachment":"scroll","background-type":"","background-media":"","overlay-type":"","overlay-color":"","overlay-opacity":"","overlay-gradient":""}},"footnotes":""},"class_list":["post-1363","page","type-page","status-publish","hentry"],"post_mailing_queue_ids":[],"_links":{"self":[{"href":"https:\/\/agora.xtec.cat\/esc-antoniomachado\/wp-json\/wp\/v2\/pages\/1363","targetHints":{"allow":["GET"]}}],"collection":[{"href":"https:\/\/agora.xtec.cat\/esc-antoniomachado\/wp-json\/wp\/v2\/pages"}],"about":[{"href":"https:\/\/agora.xtec.cat\/esc-antoniomachado\/wp-json\/wp\/v2\/types\/page"}],"author":[{"embeddable":true,"href":"https:\/\/agora.xtec.cat\/esc-antoniomachado\/wp-json\/wp\/v2\/users\/1"}],"replies":[{"embeddable":true,"href":"https:\/\/agora.xtec.cat\/esc-antoniomachado\/wp-json\/wp\/v2\/comments?post=1363"}],"version-history":[{"count":5,"href":"https:\/\/agora.xtec.cat\/esc-antoniomachado\/wp-json\/wp\/v2\/pages\/1363\/revisions"}],"predecessor-version":[{"id":23325,"href":"https:\/\/agora.xtec.cat\/esc-antoniomachado\/wp-json\/wp\/v2\/pages\/1363\/revisions\/23325"}],"up":[{"embeddable":true,"href":"https:\/\/agora.xtec.cat\/esc-antoniomachado\/wp-json\/wp\/v2\/pages\/22"}],"wp:attachment":[{"href":"https:\/\/agora.xtec.cat\/esc-antoniomachado\/wp-json\/wp\/v2\/media?parent=1363"}],"curies":[{"name":"wp","href":"https:\/\/api.w.org\/{rel}","templated":true}]}}

<p>El <a href="http://albertodelpozo.blogspot.com/2020/11/novetats-del-projecte-de-lomloe-4-el.html">consell escolar</a> és l&#8217;òrgan de participació dels diferents sectors de la comunitat educativa en el govern dels centres.</p>
<p>El formen els representants de tota la comunitat educativa, és a dir, direcció, professors, alumnes, famílies, personal d&#8217;administració i serveis, representant de l&#8217;administració local i altres persones que el mateix consell consideri necessàries.</p>
<p>&nbsp;</p>
<table style="border-collapse: collapse; width: 100%;" border="1">
<tbody>
<tr style="height: 30px;">
<td style="width: 100%; background-color: #d1d1d1; text-align: center; border-color: #000000; height: 30px;">
<h4><span style="color: #000000;"><strong>EQUIP DIRECTIU</strong></span></h4>
</td>
</tr>
<tr style="height: 30px;">
<td style="width: 100%; text-align: center; border-color: #000000; height: 30px;">Eli Terré Bellalta &#8211; Directora</td>
</tr>
<tr style="height: 30px;">
<td style="width: 100%; text-align: center; border-color: #000000; height: 30px;">Vanessa Ruiz Fernández &#8211; Cap d&#8217;estudis</td>
</tr>
<tr style="height: 30px;">
<td style="width: 100%; text-align: center; border-color: #000000; height: 30px;">Marta Gómez Comí- Secretària</td>
</tr>
</tbody>
</table>
<table style="border-collapse: collapse; width: 100%; height: 270px;" border="1">
<tbody>
<tr style="height: 46px;">
<td style="width: 100%; background-color: #d1d1d1; border-color: #000000; text-align: center; height: 46px;">
<h4><span style="color: #000000;"><strong>REPRESENTANTS DEL SECTOR DE MESTRES</strong></span></h4>
</td>
</tr>
<tr style="height: 32px;">
<td style="width: 100%; text-align: center; border-color: #000000; height: 32px;">Mireia Alum Navarro</td>
</tr>
<tr style="height: 32px;">
<td style="width: 100%; text-align: center; border-color: #000000; height: 32px;">Daniel Bermúdez Brullet</td>
</tr>
<tr style="height: 32px;">
<td style="width: 100%; text-align: center; border-color: #000000; height: 32px;"><span style="background-color: #f9f9f9;">Sara Álvarez Martinez</span></td>
</tr>
<tr style="height: 32px;">
<td style="width: 100%; text-align: center; border-color: #000000; height: 32px;">Minerva Hidalgo Colomer</td>
</tr>
<tr style="height: 32px;">
<td style="width: 100%; text-align: center; border-color: #000000; height: 32px;">Adriana Belzunces Martín de Madrid</td>
</tr>
<tr style="height: 32px;">
<td style="width: 100%; text-align: center; border-color: #000000; height: 32px;">Carlos Romero González</td>
</tr>
<tr style="height: 32px;">
<td style="width: 100%; text-align: center; border-color: #000000; height: 32px;"></td>
</tr>
</tbody>
</table>
<table style="border-collapse: collapse; width: 100%; height: 250px;" border="1">
<tbody>
<tr style="height: 58px;">
<td style="width: 100%; border-color: #000000; background-color: #d1d1d1; text-align: center; height: 58px;">
<h4><span style="color: #000000;"><strong>REPRESENTATS DEL SECTOR DE PARES I MARES</strong></span></h4>
</td>
</tr>
<tr style="height: 32px;">
<td style="width: 100%; text-align: center; border-color: #000000; height: 32px;"><span style="background-color: #f9f9f9;">Helena Jovani Tarridas</span></td>
</tr>
<tr style="height: 32px;">
<td style="width: 100%; text-align: center; border-color: #000000; height: 32px;">Anna Iglesias Romaguera</td>
</tr>
<tr style="height: 32px;">
<td style="width: 100%; text-align: center; border-color: #000000; height: 32px;">Berta Mora Clapés</td>
</tr>
<tr style="height: 32px;">
<td style="width: 100%; text-align: center; border-color: #000000; height: 32px;">Meritxell Vidal Villegas</td>
</tr>
<tr style="height: 32px;">
<td style="width: 100%; text-align: center; border-color: #000000; height: 32px;">Joel Ríos González</td>
</tr>
<tr style="height: 32px;">
<td style="width: 100%; text-align: center; border-color: #000000; height: 32px;">Raúl Pitarch Peral</td>
</tr>
</tbody>
</table>
<table style="border-collapse: collapse; width: 100%;" border="1">
<tbody>
<tr>
<td style="width: 100%; text-align: center; border-color: #000000; background-color: #d1d1d1;">
<h4><span style="color: #000000;"><strong>REPRESENTANT DE L&#8217;AFA</strong></span></h4>
</td>
</tr>
<tr>
<td style="width: 100%; border-color: #000000; text-align: center;">Ramón Castelló Punsoda</td>
</tr>
</tbody>
</table>
<table style="border-collapse: collapse; width: 100%;" border="1">
<tbody>
<tr style="height: 30px;">
<td style="width: 100%; text-align: center; background-color: #d1d1d1; border-color: #000000; height: 30px;">
<h4><span style="color: #000000;"><strong>REPRESENTANT DEL PERSONAL D&#8217;ADMINISTRACIÓ I SERVEIS DEL DEPARTAMENT D&#8217;EDUCACIÓ &#8211; PAS</strong></span></h4>
</td>
</tr>
<tr style="height: 30px;">
<td style="width: 100%; border-color: #000000; height: 30px; text-align: center;">Ana Vila Salvans</td>
</tr>
</tbody>
</table>
<table style="border-collapse: collapse; width: 100%;" border="1">
<tbody>
<tr>
<td style="width: 100%; background-color: #d1d1d1; text-align: center; border-color: #000000;">
<h4><span style="color: #000000;"><strong>REPRESENTANT DE L&#8217;AJUNTAMENT</strong></span></h4>
</td>
</tr>
<tr>
<td style="width: 100%; text-align: center; border-color: #000000;">Daniel Corpas Cullet</td>
</tr>
</tbody>
</table>
<h4></h4>
<p>&nbsp;</p>
<h3><strong><span style="color: #000000;">ACORDS DE LES SESSIONS DEL CONSELL</span> <span style="color: #000000;">ESCOLAR DEL CURS 2025-2026</span></strong></h3>
<p><em>Al llarg del curs anirem fent públics els acords presos a les sessions del Consell Escolar. No es publicarà cap acta oficial.</em></p>
<table style="height: 139px; width: 99.0056%; background-color: #ffffff;">
<tbody>
<tr style="height: 5px;">
<td style="border-color: #000000; background-color: #e0e0e0; height: 10px; width: 44.8416%; text-align: justify;">Dilluns 13 d&#8217;octubre de 2025</td>
<td style="border-color: #000000; background-color: #e0e0e0; width: 54.4272%; height: 10px; text-align: justify;">
<ul>
<li>Presentació i aprovació de la memòria anual 2024-2025.</li>
<li>Presentació i aprovació del Pla General Anual 2025-2026.</li>
<li>Presentació i aprovació del casalet de Nadal 2025 i l&#8217;activitat que s&#8217;ofereix pel dia de lliure disposició.</li>
<li>Presentació i aprovació del pla de sortides, viatge de sisè i ràtio +1.</li>
<li>Calendar i eleccions del Consell Escolar.</li>
</ul>
</td>
</tr>
<tr style="height: 10px;">
<td style="border-color: #000000; width: 44.8416%; background-color: #ffffff; height: 10px;">Dilluns 15 de desembre de 2025</td>
<td style="border-color: #000000; width: 54.4272%; background-color: #ffffff; height: 10px;">
<ul>
<li>Constitució del nou Consell escolar de centre. Renovació de membres.</li>
<li>Constitució de la comissió permanent.</li>
<li>Constitució de la comissió econòmica.</li>
</ul>
</td>
</tr>
<tr style="height: 19px;">
<td style="border-color: #000000; width: 44.8416%; background-color: #e0e0e0; height: 19px;"></td>
<td style="border-color: #000000; width: 54.4272%; background-color: #e0e0e0; height: 19px;"></td>
</tr>
<tr style="height: 33px;">
<td style="border-color: #000000; width: 44.8416%; height: 33px; background-color: #ffffff;"></td>
<td style="border-color: #000000; width: 54.4272%; background-color: #ffffff; height: 33px;"></td>
</tr>
<tr>
<td style="border-color: #000000; width: 44.8416%; background-color: #e0e0e0;"></td>
<td style="border-color: #000000; width: 54.4272%; background-color: #e0e0e0;"></td>
</tr>
</tbody>
</table>

<p>El consell escolar és l&#8217;òrgan de participació dels diferents sectors de la comunitat educativa en el govern dels centres. El formen els representants de tota la comunitat educativa, és a dir, direcció, professors, alumnes, famílies, personal d&#8217;administració i serveis, representant de l&#8217;administració local i altres persones que el mateix consell consideri necessàries. &nbsp; EQUIP DIRECTIU [&hellip;]</p>
