{"id":521,"date":"2016-02-12T11:50:08","date_gmt":"2016-02-12T10:50:08","guid":{"rendered":"http:\/\/agora.xtec.cat\/esc-altasegarra-calaf\/?page_id=521"},"modified":"2016-02-12T12:03:06","modified_gmt":"2016-02-12T11:03:06","slug":"pce","status":"publish","type":"page","link":"https:\/\/agora.xtec.cat\/esc-altasegarra-calaf\/pce\/","title":{"rendered":"Pla Catal\u00e0 de l&#8217;Esport"},"content":{"rendered":"<p>Des de fa anys la nostra escola participa en el Pla Catal\u00e0 de l&#8217;Esport.<\/p>\n<p>Considerem que l&#8217;activitat f\u00edsica \u00e9s un aspecte fonamental en l&#8217;educaci\u00f3 i formaci\u00f3 integral de les persones i, per tant, l&#8217;escola vol ser un agent actiu en aquest proc\u00e9s del nostre alumnat.<\/p>\n<p>Si voleu m\u00e9s informaci\u00f3 sobre el Pla Catal\u00e0 de l&#8217;Esport i sobre les activitats esportives escolars de l&#8217;Anoia us deixem aquests enlla\u00e7os:<\/p>\n<p><a href=\"http:\/\/www.ucec.cat\/esport-per-a-tothom\/pla-catala-esport-a-l-escola\" target=\"_blank\">PLA CATAL\u00c0 DE L&#8217;ESPORT<\/a><\/p>\n<p><a href=\"http:\/\/www.ceanoia.cat\/\" target=\"_blank\">CONSELL ESPORTIU DE L&#8217;ANOIA<\/a><\/p>\n<p><a href=\"http:\/\/agora.xtec.cat\/esc-altasegarra-calaf\/wp-content\/uploads\/usu955\/2014\/09\/pla-catala-esport-escola.jpg\"><img loading=\"lazy\" decoding=\"async\" class=\"aligncenter wp-image-517 size-medium\" src=\"http:\/\/agora.xtec.cat\/esc-altasegarra-calaf\/wp-content\/uploads\/usu955\/2014\/09\/pla-catala-esport-escola-300x205.jpg\" alt=\"pla-catala-esport-escola\" width=\"300\" height=\"205\" srcset=\"https:\/\/agora.xtec.cat\/esc-altasegarra-calaf\/wp-content\/uploads\/usu955\/2014\/09\/pla-catala-esport-escola-300x205.jpg 300w, https:\/\/agora.xtec.cat\/esc-altasegarra-calaf\/wp-content\/uploads\/usu955\/2014\/09\/pla-catala-esport-escola-1024x699.jpg 1024w\" sizes=\"auto, (max-width: 300px) 100vw, 300px\" \/><\/a><\/p>\n<p style=\"text-align: center;\"><strong><em>&#8220;Mens sana in corpore sano&#8221;<\/em><\/strong><\/p>\n<p style=\"text-align: center;\">Juvenal (Segle I)<\/p>\n","protected":false},"excerpt":{"rendered":"<p>Des de fa anys la nostra escola participa en el Pla Catal\u00e0 de l&#8217;Esport. Considerem que l&#8217;activitat f\u00edsica \u00e9s un aspecte fonamental en l&#8217;educaci\u00f3 i formaci\u00f3 integral de les persones i, per tant, l&#8217;escola vol ser un agent actiu en aquest proc\u00e9s del nostre alumnat. Si voleu m\u00e9s informaci\u00f3 sobre el Pla Catal\u00e0 de l&#8217;Esport [&hellip;]<\/p>\n","protected":false},"author":1,"featured_media":0,"parent":0,"menu_order":0,"comment_status":"closed","ping_status":"closed","template":"page-templates\/side-menu.php","meta":{"_bbp_topic_count":0,"_bbp_reply_count":0,"_bbp_total_topic_count":0,"_bbp_total_reply_count":0,"_bbp_voice_count":0,"_bbp_anonymous_reply_count":0,"_bbp_topic_count_hidden":0,"_bbp_reply_count_hidden":0,"_bbp_forum_subforum_count":0,"site-sidebar-layout":"default","site-content-layout":"","ast-site-content-layout":"","site-content-style":"default","site-sidebar-style":"default","ast-global-header-display":"","ast-banner-title-visibility":"","ast-main-header-display":"","ast-hfb-above-header-display":"","ast-hfb-below-header-display":"","ast-hfb-mobile-header-display":"","site-post-title":"","ast-breadcrumbs-content":"","ast-featured-img":"","footer-sml-layout":"","theme-transparent-header-meta":"","adv-header-id-meta":"","stick-header-meta":"","header-above-stick-meta":"","header-main-stick-meta":"","header-below-stick-meta":"","astra-migrate-meta-layouts":"default","ast-page-background-enabled":"default","ast-page-background-meta":{"desktop":{"background-color":"var(--ast-global-color-4)","background-image":"","background-repeat":"repeat","background-position":"center center","background-size":"auto","background-attachment":"scroll","background-type":"","background-media":"","overlay-type":"","overlay-color":"","overlay-opacity":"","overlay-gradient":""},"tablet":{"background-color":"","background-image":"","background-repeat":"repeat","background-position":"center center","background-size":"auto","background-attachment":"scroll","background-type":"","background-media":"","overlay-type":"","overlay-color":"","overlay-opacity":"","overlay-gradient":""},"mobile":{"background-color":"","background-image":"","background-repeat":"repeat","background-position":"center center","background-size":"auto","background-attachment":"scroll","background-type":"","background-media":"","overlay-type":"","overlay-color":"","overlay-opacity":"","overlay-gradient":""}},"ast-content-background-meta":{"desktop":{"background-color":"var(--ast-global-color-5)","background-image":"","background-repeat":"repeat","background-position":"center center","background-size":"auto","background-attachment":"scroll","background-type":"","background-media":"","overlay-type":"","overlay-color":"","overlay-opacity":"","overlay-gradient":""},"tablet":{"background-color":"var(--ast-global-color-5)","background-image":"","background-repeat":"repeat","background-position":"center center","background-size":"auto","background-attachment":"scroll","background-type":"","background-media":"","overlay-type":"","overlay-color":"","overlay-opacity":"","overlay-gradient":""},"mobile":{"background-color":"var(--ast-global-color-5)","background-image":"","background-repeat":"repeat","background-position":"center center","background-size":"auto","background-attachment":"scroll","background-type":"","background-media":"","overlay-type":"","overlay-color":"","overlay-opacity":"","overlay-gradient":""}},"footnotes":""},"class_list":["post-521","page","type-page","status-publish","hentry"],"post_mailing_queue_ids":[],"_links":{"self":[{"href":"https:\/\/agora.xtec.cat\/esc-altasegarra-calaf\/wp-json\/wp\/v2\/pages\/521","targetHints":{"allow":["GET"]}}],"collection":[{"href":"https:\/\/agora.xtec.cat\/esc-altasegarra-calaf\/wp-json\/wp\/v2\/pages"}],"about":[{"href":"https:\/\/agora.xtec.cat\/esc-altasegarra-calaf\/wp-json\/wp\/v2\/types\/page"}],"author":[{"embeddable":true,"href":"https:\/\/agora.xtec.cat\/esc-altasegarra-calaf\/wp-json\/wp\/v2\/users\/1"}],"replies":[{"embeddable":true,"href":"https:\/\/agora.xtec.cat\/esc-altasegarra-calaf\/wp-json\/wp\/v2\/comments?post=521"}],"version-history":[{"count":2,"href":"https:\/\/agora.xtec.cat\/esc-altasegarra-calaf\/wp-json\/wp\/v2\/pages\/521\/revisions"}],"predecessor-version":[{"id":524,"href":"https:\/\/agora.xtec.cat\/esc-altasegarra-calaf\/wp-json\/wp\/v2\/pages\/521\/revisions\/524"}],"wp:attachment":[{"href":"https:\/\/agora.xtec.cat\/esc-altasegarra-calaf\/wp-json\/wp\/v2\/media?parent=521"}],"curies":[{"name":"wp","href":"https:\/\/api.w.org\/{rel}","templated":true}]}}