{"id":84,"date":"2014-09-18T14:11:31","date_gmt":"2014-09-18T13:11:31","guid":{"rendered":"http:\/\/agora.xtec.cat\/esc-almoster\/?page_id=84"},"modified":"2018-01-31T10:33:33","modified_gmt":"2018-01-31T09:33:33","slug":"activitats-extraescolars","status":"publish","type":"page","link":"https:\/\/agora.xtec.cat\/esc-almoster\/serveis\/activitats-extraescolars\/","title":{"rendered":"Activitats extraescolars"},"content":{"rendered":"<p>Les activitats extraescolars s\u00f3n un servei que l\u2019AMPA ofereix a les\u00a0fam\u00edlies de l\u2019escola, membres de l\u2019AMPA. No s\u00f3n activitats obligat\u00f2ries, s\u00f3n activitats que les fam\u00edlies o els nens i nenes trien volunt\u00e0riament.\u00a0Les activitats extraescolars, NO s\u00f3n un servei de guarderia.<\/p>\n<p>Per a un millor aprofitament de les activitats, cal que els nens i nenes les vulguin fer. Hi ha d\u2019haver una actitud positiva davant l\u2019activitat i un respecte als monitors, als companys, als materials i a l\u2019espai utilitzat. Si no es compleixen els aspectes anteriors es perjudica al propi participant, a la resta de companys i al bon funcionament de l\u2019activitat.<\/p>\n<p>En cas que hi hagi problemes de mal comportament per part d\u2019un\u00a0participant se\u2019l podr\u00e0 expulsar de l\u2019activitat, per la qual cosa us\u00a0encoratgem a que els nostres fills i filles facin una elecci\u00f3 responsable de l\u2019activitat que vulguin fer.<\/p>\n<p>Per norma, el <strong>nombre m\u00ednim d\u2019inscrits <\/strong>per organitzar una activitat, <strong>\u00e9s de 9 alumnes<\/strong>. Si no hi ha el nombre suficient d\u2019inscrits, no es podr\u00e0 garantir l\u2019activitat.<\/p>\n<p>Les activitats que oferim, s\u00f3n de car\u00e0cter anual i, <strong>una vegada\u00a0<\/strong><strong>apuntats, no es pot esborrar cap nen durant el curs escolar <\/strong>(a\u00a0excepci\u00f3 de baixa m\u00e8dica).<\/p>\n<p>Els rebuts es cobraran per domiciliaci\u00f3 banc\u00e0ria. Les abs\u00e8ncies a les activitats no es descomptaran. <strong>La quota aquest any ser\u00e0 a mes<\/strong> <strong>ven\u00e7ut.<\/strong><\/p>\n<p>&nbsp;<\/p>\n","protected":false},"excerpt":{"rendered":"<p>Les activitats extraescolars s\u00f3n un servei que l\u2019AMPA ofereix a les\u00a0fam\u00edlies de l\u2019escola, membres de l\u2019AMPA. No s\u00f3n activitats obligat\u00f2ries, s\u00f3n activitats que les fam\u00edlies o els nens i nenes trien volunt\u00e0riament.\u00a0Les activitats extraescolars, NO s\u00f3n un servei de guarderia.<br \/>\nPer a un millor aprofitament de&hellip;  <a href=\"https:\/\/agora.xtec.cat\/esc-almoster\/serveis\/activitats-extraescolars\/\" title=\"Read Activitats extraescolars\">Llegeix m\u00e9s\u00bb<\/a><\/p>\n","protected":false},"author":1,"featured_media":0,"parent":66,"menu_order":60,"comment_status":"closed","ping_status":"closed","template":"page-templates\/side-menu.php","meta":{"_bbp_topic_count":0,"_bbp_reply_count":0,"_bbp_total_topic_count":0,"_bbp_total_reply_count":0,"_bbp_voice_count":0,"_bbp_anonymous_reply_count":0,"_bbp_topic_count_hidden":0,"_bbp_reply_count_hidden":0,"_bbp_forum_subforum_count":0,"footnotes":""},"class_list":["post-84","page","type-page","status-publish","hentry"],"post_mailing_queue_ids":[],"_links":{"self":[{"href":"https:\/\/agora.xtec.cat\/esc-almoster\/wp-json\/wp\/v2\/pages\/84","targetHints":{"allow":["GET"]}}],"collection":[{"href":"https:\/\/agora.xtec.cat\/esc-almoster\/wp-json\/wp\/v2\/pages"}],"about":[{"href":"https:\/\/agora.xtec.cat\/esc-almoster\/wp-json\/wp\/v2\/types\/page"}],"author":[{"embeddable":true,"href":"https:\/\/agora.xtec.cat\/esc-almoster\/wp-json\/wp\/v2\/users\/1"}],"replies":[{"embeddable":true,"href":"https:\/\/agora.xtec.cat\/esc-almoster\/wp-json\/wp\/v2\/comments?post=84"}],"version-history":[{"count":1,"href":"https:\/\/agora.xtec.cat\/esc-almoster\/wp-json\/wp\/v2\/pages\/84\/revisions"}],"predecessor-version":[{"id":501,"href":"https:\/\/agora.xtec.cat\/esc-almoster\/wp-json\/wp\/v2\/pages\/84\/revisions\/501"}],"up":[{"embeddable":true,"href":"https:\/\/agora.xtec.cat\/esc-almoster\/wp-json\/wp\/v2\/pages\/66"}],"wp:attachment":[{"href":"https:\/\/agora.xtec.cat\/esc-almoster\/wp-json\/wp\/v2\/media?parent=84"}],"curies":[{"name":"wp","href":"https:\/\/api.w.org\/{rel}","templated":true}]}}

<p>Les activitats extraescolars són un servei que l’AMPA ofereix a les famílies de l’escola, membres de l’AMPA. No són activitats obligatòries, són activitats que les famílies o els nens i nenes trien voluntàriament. Les activitats extraescolars, NO són un servei de guarderia.</p>
<p>Per a un millor aprofitament de les activitats, cal que els nens i nenes les vulguin fer. Hi ha d’haver una actitud positiva davant l’activitat i un respecte als monitors, als companys, als materials i a l’espai utilitzat. Si no es compleixen els aspectes anteriors es perjudica al propi participant, a la resta de companys i al bon funcionament de l’activitat.</p>
<p>En cas que hi hagi problemes de mal comportament per part d’un participant se’l podrà expulsar de l’activitat, per la qual cosa us encoratgem a que els nostres fills i filles facin una elecció responsable de l’activitat que vulguin fer.</p>
<p>Per norma, el <strong>nombre mínim d’inscrits </strong>per organitzar una activitat, <strong>és de 9 alumnes</strong>. Si no hi ha el nombre suficient d’inscrits, no es podrà garantir l’activitat.</p>
<p>Les activitats que oferim, són de caràcter anual i, <strong>una vegada </strong><strong>apuntats, no es pot esborrar cap nen durant el curs escolar </strong>(a excepció de baixa mèdica).</p>
<p>Els rebuts es cobraran per domiciliació bancària. Les absències a les activitats no es descomptaran. <strong>La quota aquest any serà a mes</strong> <strong>vençut.</strong></p>
<p>&nbsp;</p>

<p>Les activitats extraescolars són un servei que l’AMPA ofereix a les famílies de l’escola, membres de l’AMPA. No són activitats obligatòries, són activitats que les famílies o els nens i nenes trien voluntàriament. Les activitats extraescolars, NO són un servei de guarderia.<br />
Per a un millor aprofitament de&hellip;  <a href="https://agora.xtec.cat/esc-almoster/serveis/activitats-extraescolars/" title="Read Activitats extraescolars">Llegeix més»</a></p>
