{"id":71,"date":"2014-09-18T12:44:56","date_gmt":"2014-09-18T11:44:56","guid":{"rendered":"http:\/\/agora.xtec.cat\/esc-almoster\/?page_id=71"},"modified":"2021-03-05T10:44:21","modified_gmt":"2021-03-05T09:44:21","slug":"serveis-digitals","status":"publish","type":"page","link":"https:\/\/agora.xtec.cat\/esc-almoster\/serveis\/serveis-digitals\/","title":{"rendered":"Biblioteca"},"content":{"rendered":"<h5><strong>Acc\u00e8s al cat\u00e0leg digital de la Biblioteca de l\u2019Escola<\/strong><\/h5>\n<p><a href=\"https:\/\/aplicacions.gestioeducativa.gencat.cat\/epergam\/web\/biblioteca.jsp?codi=43005327\" target=\"_blank\" rel=\"noopener noreferrer\"><img loading=\"lazy\" decoding=\"async\" class=\"alignnone\" src=\"http:\/\/agora.xtec.cat\/ceipmowgli\/wp-content\/uploads\/usu70\/2016\/07\/epergam-300x94.gif\" alt=\"epergam\" width=\"300\" height=\"94\" \/><\/a><\/p>\n<p><strong>El\u00a0 Projecte de biblioteca escolar punt-Edu \u201cPou del saber\u201d<\/strong><\/p>\n<p>Encara que l\u2019espai utilitzat sigui el vest\u00edbul de l\u2019Escola,\u00a0 el funcionament de la biblioteca \u00e9s molt satisfactori: els llibres\u00a0 i altres materials estan ben classificats, es fa pr\u00e9stec dels mateixos, els nens i nenes hi\u00a0 van a llegir i s\u2019expliquen contes i hist\u00f2ries.. i tot un m\u00f3n de lletres i il\u00b7lusions.<\/p>\n<p>S\u2019han destinat unes hores m\u00ednimes al desenvolupament de l\u2019organitzaci\u00f3 de la biblioteca, per tal de: fomentar l\u2019\u00fas i el servei a l\u2019Escola, dinamitzar activitats relacionades amb la lectura i\u00a0 augmentar el fons bibliotecari\u00a0 de manera adient a l\u2019alumnat i al professorat.<\/p>\n<p><strong>NORMATIVA D\u2019\u00daS DE LA BIBLIOTECA I DEL SERVEI DE PR\u00c9STEC. <\/strong><\/p>\n<p><strong>\u00a0<\/strong>QUANT A L\u2019ESPAI<\/p>\n<ul>\n<li>\n<ul>\n<li>La biblioteca \u00e9s de tothom. Podeu fer \u00fas de l\u2019espai sempre que ho considereu oport\u00fa i per a la tasca que est\u00e0 concebuda.<\/li>\n<li>En cas que s\u2019utilitzi per un altra ra\u00f3, cal respectar el material, deixar les taules i cadires ordenades i l\u2019espai net. La biblioteca \u00e9s un espai principalment de lectura, tranquil\u00b7litat i treball que fomenta actituds positives i per tant no \u00e9s un espai adequat per alumnes castigats.<\/li>\n<\/ul>\n<\/li>\n<li>QUANT A LLIBRES DE CONSULTA\n<ul>\n<li>Si agafeu llibres de consulta i no teniu temps de desar-los al lloc corresponent els podeu deixar damunt la taula, si teniu dubtes on s\u2019han de desar tamb\u00e9.<\/li>\n<li>Els llibres de consulta estan classificats segons el<\/li>\n<\/ul>\n<\/li>\n<\/ul>\n<p>Sistema Decimal simplificat.<\/p>\n<ul>\n<li>OBRES GENERALS<\/li>\n<li>FILOSOFIA<\/li>\n<li>RELIGI\u00d3<\/li>\n<li>CI\u00c8NCIES SOCIALS<\/li>\n<li>LLENGUA<\/li>\n<li>CI\u00c8NCIES PURES. CI\u00c8NCIES NATURALS<\/li>\n<li>CI\u00c8NCIES APLICADES<\/li>\n<li>JOCS. ESPORTS<\/li>\n<li>LITERATURA<\/li>\n<li>HIST\u00d2RIA. GEOGRAFIA<\/li>\n<\/ul>\n<p>La Biblioteca disposa de molts llibres de contes per explicar a classe, llegendes i endevinalles, biografies, llibres que treballen les emocions, en concret el tema de la mort, \u2026 que podeu agafar i quan l\u2019activitat s\u2019hagi acabat, retornar. No hi ha un temps concret per retornar-los, en tot cas seria el que calgui per realitzar les activitats programades.<\/p>\n<ul>\n<li>Tamb\u00e9 hi ha c\u00f2mics i revistes adequades a cada edat.<\/li>\n<li>QUANT AL SERVEI DE PR\u00c9STEC DE LA BIBLIOTECA. PRIM\u00c0RIA\n<ul>\n<li>Normalment acostumen a venir a principi de curs una sessi\u00f3 on els explico in situ el funcionament que aprenen r\u00e0pidament<\/li>\n<li>Els llibres triats pels alumnes s\u00f3n introdu\u00efts en el programa ep\u00e8rgam ( forma de control que no es perdi cap llibre i tamb\u00e9 veure els llibres de pr\u00e9stec ven\u00e7uts)<\/li>\n<li>Hi ha un full de pr\u00e9stec per a cada alumne amb un gomet que indica la seva edat lectora. No t\u00e9 perqu\u00e8 coincidir amb el cicle al que pertany. En general el gomet blau \u00e9s per 5, 6 anys, el gomet vermell de 7 a 9 anys, el verd per 10 i 11 anys i el groc per + de 12 anys.<\/li>\n<li>En el full els alumnes escriuen la data i el t\u00edtol del llibre que volen prendre i quan el retornen pinten la valoraci\u00f3 que s\u2019explica al final del full. Est\u00e0 pensat perqu\u00e8 els alumnes ho puguin fer de forma aut\u00f2noma. El control de les lectures es fa des del programa ep\u00e8rgam i els tutors revisant els fulls .<\/li>\n<li>Disposem d\u2019uns enquadernadors on a final de curs desarem els fulls de lectura. Quan els alumnes acabin sis\u00e8 tindran recollides totes les lectures realitzades al llarg de la Prim\u00e0ria( de la Biblioteca), el treball d\u2019aprenentatge de la lectura es fa a classe per part del tutor, mestres de suport\u2026<\/li>\n<li>Les lectures s\u00f3n volunt\u00e0ries. Un alumne pot agafar llibres d\u2019un gomet inferior a la edat lectora que li correspon per\u00f2 pujar\u00e0 de nivell quan el mestre tutor ho cregui convenient.<\/li>\n<li>El canvi de llibres, est\u00e0 muntat per no distorsionar les classes i els nens acostumen a venir en acabar un examen, abans del pati, durant el pati\u2026<\/li>\n<li>Quan els llibres estan introdu\u00efts en el programa es reparteixen per les classes. Normalment es far\u00e0 el divendres a la tarda. Cada alumne porta el seu propi ritme de lectura.<\/li>\n<\/ul>\n<\/li>\n<li>Tenen dret a tornar un llibre sense llegir si no els agrada.<\/li>\n<li>Tenen dret a llegir al seu ritme.<\/li>\n<li>Tenen dret a gaudir de les lectures sense la pressi\u00f3 acad\u00e8mica.<\/li>\n<li>Tenen dret a clarificar els seus propis gustos lectors.<\/li>\n<li>QUANT A L\u2019\u00daS DE LA BIBLIOTECA. INFANTIL\n<ul>\n<li>Podeu venir a llegir sempre que estigui la bibliotec\u00e0ria i avisant per avan\u00e7at.<\/li>\n<li>Les tutores d\u2019 Infantil podeu portar els vostres alumnes a la biblioteca sempre que ho creieu oport\u00fa ,sense deixar els alumnes sols.<\/li>\n<li>La norma \u00e9s deixar els llibres on eren i les taules i cadires al seu lloc.<\/li>\n<\/ul>\n<\/li>\n<\/ul>\n<p>&nbsp;<\/p>\n","protected":false},"excerpt":{"rendered":"<p>Acc\u00e8s al cat\u00e0leg digital de la Biblioteca de l\u2019Escola<br \/>\n<a href=\"https:\/\/aplicacions.gestioeducativa.gencat.cat\/epergam\/web\/biblioteca.jsp?codi=43005327\" target=\"_blank\" rel=\"noopener noreferrer\"><\/a><br \/>\nEl\u00a0 Projecte de biblioteca escolar punt-Edu \u201cPou del saber\u201d<br \/>\nEncara que l\u2019espai utilitzat sigui el vest\u00edbul de l\u2019Escola,\u00a0 el funcionament de la biblioteca \u00e9s molt satisfactori: els llibres\u00a0 i altres materials estan ben classificats,&hellip;  <a href=\"https:\/\/agora.xtec.cat\/esc-almoster\/serveis\/serveis-digitals\/\" title=\"Read Biblioteca\">Llegeix m\u00e9s\u00bb<\/a><\/p>\n","protected":false},"author":1,"featured_media":0,"parent":66,"menu_order":10,"comment_status":"closed","ping_status":"closed","template":"page-templates\/side-menu.php","meta":{"_bbp_topic_count":0,"_bbp_reply_count":0,"_bbp_total_topic_count":0,"_bbp_total_reply_count":0,"_bbp_voice_count":0,"_bbp_anonymous_reply_count":0,"_bbp_topic_count_hidden":0,"_bbp_reply_count_hidden":0,"_bbp_forum_subforum_count":0,"footnotes":""},"class_list":["post-71","page","type-page","status-publish","hentry"],"post_mailing_queue_ids":[],"_links":{"self":[{"href":"https:\/\/agora.xtec.cat\/esc-almoster\/wp-json\/wp\/v2\/pages\/71","targetHints":{"allow":["GET"]}}],"collection":[{"href":"https:\/\/agora.xtec.cat\/esc-almoster\/wp-json\/wp\/v2\/pages"}],"about":[{"href":"https:\/\/agora.xtec.cat\/esc-almoster\/wp-json\/wp\/v2\/types\/page"}],"author":[{"embeddable":true,"href":"https:\/\/agora.xtec.cat\/esc-almoster\/wp-json\/wp\/v2\/users\/1"}],"replies":[{"embeddable":true,"href":"https:\/\/agora.xtec.cat\/esc-almoster\/wp-json\/wp\/v2\/comments?post=71"}],"version-history":[{"count":3,"href":"https:\/\/agora.xtec.cat\/esc-almoster\/wp-json\/wp\/v2\/pages\/71\/revisions"}],"predecessor-version":[{"id":1650,"href":"https:\/\/agora.xtec.cat\/esc-almoster\/wp-json\/wp\/v2\/pages\/71\/revisions\/1650"}],"up":[{"embeddable":true,"href":"https:\/\/agora.xtec.cat\/esc-almoster\/wp-json\/wp\/v2\/pages\/66"}],"wp:attachment":[{"href":"https:\/\/agora.xtec.cat\/esc-almoster\/wp-json\/wp\/v2\/media?parent=71"}],"curies":[{"name":"wp","href":"https:\/\/api.w.org\/{rel}","templated":true}]}}

<h5><strong>Accès al catàleg digital de la Biblioteca de l’Escola</strong></h5>
<p><a href="https://aplicacions.gestioeducativa.gencat.cat/epergam/web/biblioteca.jsp?codi=43005327" target="_blank" rel="noopener noreferrer"><img loading="lazy" decoding="async" class="alignnone" src="http://agora.xtec.cat/ceipmowgli/wp-content/uploads/usu70/2016/07/epergam-300x94.gif" alt="epergam" width="300" height="94" /></a></p>
<p><strong>El  Projecte de biblioteca escolar punt-Edu “Pou del saber”</strong></p>
<p>Encara que l’espai utilitzat sigui el vestíbul de l’Escola,  el funcionament de la biblioteca és molt satisfactori: els llibres  i altres materials estan ben classificats, es fa préstec dels mateixos, els nens i nenes hi  van a llegir i s’expliquen contes i històries.. i tot un món de lletres i il·lusions.</p>
<p>S’han destinat unes hores mínimes al desenvolupament de l’organització de la biblioteca, per tal de: fomentar l’ús i el servei a l’Escola, dinamitzar activitats relacionades amb la lectura i  augmentar el fons bibliotecari  de manera adient a l’alumnat i al professorat.</p>
<p><strong>NORMATIVA D’ÚS DE LA BIBLIOTECA I DEL SERVEI DE PRÉSTEC. </strong></p>
<p><strong> </strong>QUANT A L’ESPAI</p>
<ul>
<li>
<ul>
<li>La biblioteca és de tothom. Podeu fer ús de l’espai sempre que ho considereu oportú i per a la tasca que està concebuda.</li>
<li>En cas que s’utilitzi per un altra raó, cal respectar el material, deixar les taules i cadires ordenades i l’espai net. La biblioteca és un espai principalment de lectura, tranquil·litat i treball que fomenta actituds positives i per tant no és un espai adequat per alumnes castigats.</li>
</ul>
</li>
<li>QUANT A LLIBRES DE CONSULTA
<ul>
<li>Si agafeu llibres de consulta i no teniu temps de desar-los al lloc corresponent els podeu deixar damunt la taula, si teniu dubtes on s’han de desar també.</li>
<li>Els llibres de consulta estan classificats segons el</li>
</ul>
</li>
</ul>
<p>Sistema Decimal simplificat.</p>
<ul>
<li>OBRES GENERALS</li>
<li>FILOSOFIA</li>
<li>RELIGIÓ</li>
<li>CIÈNCIES SOCIALS</li>
<li>LLENGUA</li>
<li>CIÈNCIES PURES. CIÈNCIES NATURALS</li>
<li>CIÈNCIES APLICADES</li>
<li>JOCS. ESPORTS</li>
<li>LITERATURA</li>
<li>HISTÒRIA. GEOGRAFIA</li>
</ul>
<p>La Biblioteca disposa de molts llibres de contes per explicar a classe, llegendes i endevinalles, biografies, llibres que treballen les emocions, en concret el tema de la mort, … que podeu agafar i quan l’activitat s’hagi acabat, retornar. No hi ha un temps concret per retornar-los, en tot cas seria el que calgui per realitzar les activitats programades.</p>
<ul>
<li>També hi ha còmics i revistes adequades a cada edat.</li>
<li>QUANT AL SERVEI DE PRÉSTEC DE LA BIBLIOTECA. PRIMÀRIA
<ul>
<li>Normalment acostumen a venir a principi de curs una sessió on els explico in situ el funcionament que aprenen ràpidament</li>
<li>Els llibres triats pels alumnes són introduïts en el programa epèrgam ( forma de control que no es perdi cap llibre i també veure els llibres de préstec vençuts)</li>
<li>Hi ha un full de préstec per a cada alumne amb un gomet que indica la seva edat lectora. No té perquè coincidir amb el cicle al que pertany. En general el gomet blau és per 5, 6 anys, el gomet vermell de 7 a 9 anys, el verd per 10 i 11 anys i el groc per + de 12 anys.</li>
<li>En el full els alumnes escriuen la data i el títol del llibre que volen prendre i quan el retornen pinten la valoració que s’explica al final del full. Està pensat perquè els alumnes ho puguin fer de forma autònoma. El control de les lectures es fa des del programa epèrgam i els tutors revisant els fulls .</li>
<li>Disposem d’uns enquadernadors on a final de curs desarem els fulls de lectura. Quan els alumnes acabin sisè tindran recollides totes les lectures realitzades al llarg de la Primària( de la Biblioteca), el treball d’aprenentatge de la lectura es fa a classe per part del tutor, mestres de suport…</li>
<li>Les lectures són voluntàries. Un alumne pot agafar llibres d’un gomet inferior a la edat lectora que li correspon però pujarà de nivell quan el mestre tutor ho cregui convenient.</li>
<li>El canvi de llibres, està muntat per no distorsionar les classes i els nens acostumen a venir en acabar un examen, abans del pati, durant el pati…</li>
<li>Quan els llibres estan introduïts en el programa es reparteixen per les classes. Normalment es farà el divendres a la tarda. Cada alumne porta el seu propi ritme de lectura.</li>
</ul>
</li>
<li>Tenen dret a tornar un llibre sense llegir si no els agrada.</li>
<li>Tenen dret a llegir al seu ritme.</li>
<li>Tenen dret a gaudir de les lectures sense la pressió acadèmica.</li>
<li>Tenen dret a clarificar els seus propis gustos lectors.</li>
<li>QUANT A L’ÚS DE LA BIBLIOTECA. INFANTIL
<ul>
<li>Podeu venir a llegir sempre que estigui la bibliotecària i avisant per avançat.</li>
<li>Les tutores d’ Infantil podeu portar els vostres alumnes a la biblioteca sempre que ho creieu oportú ,sense deixar els alumnes sols.</li>
<li>La norma és deixar els llibres on eren i les taules i cadires al seu lloc.</li>
</ul>
</li>
</ul>
<p>&nbsp;</p>

<p>Accès al catàleg digital de la Biblioteca de l’Escola<br />
<a href="https://aplicacions.gestioeducativa.gencat.cat/epergam/web/biblioteca.jsp?codi=43005327" target="_blank" rel="noopener noreferrer"></a><br />
El  Projecte de biblioteca escolar punt-Edu “Pou del saber”<br />
Encara que l’espai utilitzat sigui el vestíbul de l’Escola,  el funcionament de la biblioteca és molt satisfactori: els llibres  i altres materials estan ben classificats,&hellip;  <a href="https://agora.xtec.cat/esc-almoster/serveis/serveis-digitals/" title="Read Biblioteca">Llegeix més»</a></p>
