{"id":26,"date":"2014-09-18T12:24:32","date_gmt":"2014-09-18T11:24:32","guid":{"rendered":"http:\/\/agora.xtec.cat\/esc-almoster\/?page_id=26"},"modified":"2018-02-07T11:07:50","modified_gmt":"2018-02-07T10:07:50","slug":"historia","status":"publish","type":"page","link":"https:\/\/agora.xtec.cat\/esc-almoster\/lescola\/historia\/","title":{"rendered":"Hist\u00f2ria"},"content":{"rendered":"<p>L\u2019Escola Ram\u00f3n Sugra\u00f1es est\u00e0 situada en un petit poble del Baix Camp, anomenat Almoster. Es va fundar el 29 de setembre de 1951.<\/p>\n<p>El terme municipal d\u2019 Almoster \u00e9s de redu\u00efdes dimensions, t\u00e9 tan sols 5.88 km2. Est\u00e0 situat al peu dels darrers contraforts de les Muntanyes de Prades, sota el Puig d\u2019en Cama. El terme t\u00e9 una forma allargada i estreta, mig escanyat entre els de La Selva del Camp, amb el qual limita pel nord-est i l\u2019est, l\u2019Aleixar al nord-oest, Castellvell al sud-oest i Reus al sud.\u00a0 Es troba a 4.5 km de Reus i a 2.5 km de La Selva del Camp i la seva \u00fanica via de comunicaci\u00f3 \u00e9s la carretera comarcal a Reus tot i que hi ha un cam\u00ed asfaltat fins a La Selva del Camp que des de molt antic ha estat for\u00e7a transitat i ha servit per fomentar vincles entre ambd\u00f3s pobles.<\/p>\n<p>Almoster havia estat fins fa ben poc un municipi eminentment agr\u00edcola i de fet una gran part de les fam\u00edlies que ocupen el nucli antic encara viuen de la terra. L\u2019agricultura actual \u00e9s b\u00e0sicament de regadiu. El principal conreu \u00e9s l\u2019avellaner, seguit de l\u2019olivera i el garrofer. En l\u00ednies generals la propietat rural est\u00e0 ben repartida i les terres es conreen majorit\u00e0riament\u00a0 en explotaci\u00f3 directa.<\/p>\n<p>Les activitats industrials s\u00f3n pr\u00e0cticament nul\u2022les, ja que a finals dels anys 60 va tancar la b\u00f2bila\u00a0 que hi havia, tot i aix\u00ed, prop d\u2019 un 50 % de la poblaci\u00f3 treballa a la ind\u00fastria donada la proximitat a Reus, La Selva del Camp i al pol\u00edgon de Tarragona. De la resta de poblaci\u00f3 activa, un\u00a0 20% fa treballs agr\u00edcoles, ramaders o derivats i prop d\u2019 un altre 30% exerceix professions liberals.<\/p>\n<p>Pel que fa a l\u2019evoluci\u00f3 demogr\u00e0fica, ha experimentat un fort creixement als darrers anys: al 1985 hi havia 384 habitants, al 1997 n\u2019eren 687, a finals del 2000\u00a0 882, al 2004, eren 1130 i actualment, 1384 (3\/02\/2012) \u00a0les persones censades al municipi i sembla ser que aquest proc\u00e9s ben viu \u00a0fins fa poc, perqu\u00e8 moltes fam\u00edlies d\u2019un cert nivell social, econ\u00f2mic i cultural que vivien en grans nuclis de poblaci\u00f3 es decantaven \u00a0pels pobles propers que els ofereixen un entorn natural m\u00e9s ric, per\u00f2 que amb el fenomen de la crisi sembla estancat.<\/p>\n<p>Un dels inconvenients d\u2019aquesta expansi\u00f3 ha estat, que la majoria dels nous residents habiten en cases isolades o b\u00e9 en urbanitzacions on els habitatges estan separats els uns dels altres per grans tanques que no permeten cap relaci\u00f3 de ve\u00efnatge. D\u2019altra banda una part dels nouvinguts cobreixen totes les seves necessitats a Reus, sanitat, lleure, compres, cultura la qual cosa pot fer esdevenir Almoster ciutat-dormitori.<\/p>\n<p>Pel que fa a l\u2019escola podem dir que de sempre ha estat escola rural, ubicada al mateix edifici des de fa 60 anys . En un principi tenia dues aules, una per noies i l\u2019altra per nois, dirigides per un mestre i una senyoreta que no mantenien cap mena de relaci\u00f3 pedag\u00f2gica, \u00fanicament compartien l\u2019espai d\u2019esbarjo per\u00f2 fins i tot ho feien a hores diferents.<\/p>\n<p>Quan es va generalitzar l\u2019 ensenyament mixt, es van redistribuir les classes: la senyoreta s\u2019ocupava dels nens i nenes m\u00e9s petits i el mestre dels nois i noies m\u00e9s grans.<\/p>\n<p>Amb la Reforma dels 70, a l\u2019escola nom\u00e9s restaven els nens fins a 5\u00e8,\u00a0 la Segona Etapa l\u2019havien de cursar al Barri Fortuny de Reus, aquest canvi no va agradar gens els habitants d\u2019Almoster, les fam\u00edlies m\u00e9s interessades en l\u2019educaci\u00f3 internaven els seus fills a col\u2022legis de prestigi de Reus i Tarragona, mentre que aquells que havien decidit que els seus fills no prosseguirien els estudis els deixaven al poble. Hi va haver un moment en que la davallada de l\u2019alumnat va fer que es tanqu\u00e9s una de les aules i rest\u00e9s una \u00fanica mestra amb tots els cursos d\u2019 EGB i algun de parvulari.<\/p>\n<p>Als voltants dels 90, coincidint amb el primer creixement demogr\u00e0fic, la constituci\u00f3 de la ZER (que garantia m\u00e9s qualitat educativa) , i amb la creaci\u00f3 de la primera APA, es va posar en funcionament el servei de menjador, va comen\u00e7ar l\u2019increment del nombre d\u2019alumnes (dels 19 nens matriculats l\u2019 any l995 es va arribar a la cinquantena el curs 2000-01, \u00a0prop de 90\u00a0 alumnes el 2004-05 i 124 durant aquest curs 2011-2012). Les raons\u00a0 d\u2019aquest augment no foren solament demogr\u00e0fiques sin\u00f3 tamb\u00e9 socials, totes les fam\u00edlies que\u00a0 vivien al poble des de sempre, fos quin fos el seu estatus, van decidir potenciar l\u2019 escola, participant a l\u2019AMPA, i ajudant a integrar bona part dels nouvinguts.<\/p>\n","protected":false},"excerpt":{"rendered":"<p>L\u2019Escola Ram\u00f3n Sugra\u00f1es est\u00e0 situada en un petit poble del Baix Camp, anomenat Almoster. Es va fundar el 29 de setembre de 1951.<br \/>\nEl terme municipal d\u2019 Almoster \u00e9s de redu\u00efdes dimensions, t\u00e9 tan sols 5.88 km2. Est\u00e0 situat al peu dels darrers contraforts de les&hellip;  <a href=\"https:\/\/agora.xtec.cat\/esc-almoster\/lescola\/historia\/\" title=\"Read Hist\u00f2ria\">Llegeix m\u00e9s\u00bb<\/a><\/p>\n","protected":false},"author":1,"featured_media":0,"parent":22,"menu_order":20,"comment_status":"closed","ping_status":"closed","template":"page-templates\/side-menu.php","meta":{"_bbp_topic_count":0,"_bbp_reply_count":0,"_bbp_total_topic_count":0,"_bbp_total_reply_count":0,"_bbp_voice_count":0,"_bbp_anonymous_reply_count":0,"_bbp_topic_count_hidden":0,"_bbp_reply_count_hidden":0,"_bbp_forum_subforum_count":0,"footnotes":""},"class_list":["post-26","page","type-page","status-publish","hentry"],"post_mailing_queue_ids":[],"_links":{"self":[{"href":"https:\/\/agora.xtec.cat\/esc-almoster\/wp-json\/wp\/v2\/pages\/26","targetHints":{"allow":["GET"]}}],"collection":[{"href":"https:\/\/agora.xtec.cat\/esc-almoster\/wp-json\/wp\/v2\/pages"}],"about":[{"href":"https:\/\/agora.xtec.cat\/esc-almoster\/wp-json\/wp\/v2\/types\/page"}],"author":[{"embeddable":true,"href":"https:\/\/agora.xtec.cat\/esc-almoster\/wp-json\/wp\/v2\/users\/1"}],"replies":[{"embeddable":true,"href":"https:\/\/agora.xtec.cat\/esc-almoster\/wp-json\/wp\/v2\/comments?post=26"}],"version-history":[{"count":2,"href":"https:\/\/agora.xtec.cat\/esc-almoster\/wp-json\/wp\/v2\/pages\/26\/revisions"}],"predecessor-version":[{"id":519,"href":"https:\/\/agora.xtec.cat\/esc-almoster\/wp-json\/wp\/v2\/pages\/26\/revisions\/519"}],"up":[{"embeddable":true,"href":"https:\/\/agora.xtec.cat\/esc-almoster\/wp-json\/wp\/v2\/pages\/22"}],"wp:attachment":[{"href":"https:\/\/agora.xtec.cat\/esc-almoster\/wp-json\/wp\/v2\/media?parent=26"}],"curies":[{"name":"wp","href":"https:\/\/api.w.org\/{rel}","templated":true}]}}

Història

<p>L’Escola Ramón Sugrañes està situada en un petit poble del Baix Camp, anomenat Almoster. Es va fundar el 29 de setembre de 1951.</p>
<p>El terme municipal d’ Almoster és de reduïdes dimensions, té tan sols 5.88 km2. Està situat al peu dels darrers contraforts de les Muntanyes de Prades, sota el Puig d’en Cama. El terme té una forma allargada i estreta, mig escanyat entre els de La Selva del Camp, amb el qual limita pel nord-est i l’est, l’Aleixar al nord-oest, Castellvell al sud-oest i Reus al sud.  Es troba a 4.5 km de Reus i a 2.5 km de La Selva del Camp i la seva única via de comunicació és la carretera comarcal a Reus tot i que hi ha un camí asfaltat fins a La Selva del Camp que des de molt antic ha estat força transitat i ha servit per fomentar vincles entre ambdós pobles.</p>
<p>Almoster havia estat fins fa ben poc un municipi eminentment agrícola i de fet una gran part de les famílies que ocupen el nucli antic encara viuen de la terra. L’agricultura actual és bàsicament de regadiu. El principal conreu és l’avellaner, seguit de l’olivera i el garrofer. En línies generals la propietat rural està ben repartida i les terres es conreen majoritàriament  en explotació directa.</p>
<p>Les activitats industrials són pràcticament nul•les, ja que a finals dels anys 60 va tancar la bòbila  que hi havia, tot i així, prop d’ un 50 % de la població treballa a la indústria donada la proximitat a Reus, La Selva del Camp i al polígon de Tarragona. De la resta de població activa, un  20% fa treballs agrícoles, ramaders o derivats i prop d’ un altre 30% exerceix professions liberals.</p>
<p>Pel que fa a l’evolució demogràfica, ha experimentat un fort creixement als darrers anys: al 1985 hi havia 384 habitants, al 1997 n’eren 687, a finals del 2000  882, al 2004, eren 1130 i actualment, 1384 (3/02/2012)  les persones censades al municipi i sembla ser que aquest procés ben viu  fins fa poc, perquè moltes famílies d’un cert nivell social, econòmic i cultural que vivien en grans nuclis de població es decantaven  pels pobles propers que els ofereixen un entorn natural més ric, però que amb el fenomen de la crisi sembla estancat.</p>
<p>Un dels inconvenients d’aquesta expansió ha estat, que la majoria dels nous residents habiten en cases isolades o bé en urbanitzacions on els habitatges estan separats els uns dels altres per grans tanques que no permeten cap relació de veïnatge. D’altra banda una part dels nouvinguts cobreixen totes les seves necessitats a Reus, sanitat, lleure, compres, cultura la qual cosa pot fer esdevenir Almoster ciutat-dormitori.</p>
<p>Pel que fa a l’escola podem dir que de sempre ha estat escola rural, ubicada al mateix edifici des de fa 60 anys . En un principi tenia dues aules, una per noies i l’altra per nois, dirigides per un mestre i una senyoreta que no mantenien cap mena de relació pedagògica, únicament compartien l’espai d’esbarjo però fins i tot ho feien a hores diferents.</p>
<p>Quan es va generalitzar l’ ensenyament mixt, es van redistribuir les classes: la senyoreta s’ocupava dels nens i nenes més petits i el mestre dels nois i noies més grans.</p>
<p>Amb la Reforma dels 70, a l’escola només restaven els nens fins a 5è,  la Segona Etapa l’havien de cursar al Barri Fortuny de Reus, aquest canvi no va agradar gens els habitants d’Almoster, les famílies més interessades en l’educació internaven els seus fills a col•legis de prestigi de Reus i Tarragona, mentre que aquells que havien decidit que els seus fills no prosseguirien els estudis els deixaven al poble. Hi va haver un moment en que la davallada de l’alumnat va fer que es tanqués una de les aules i restés una única mestra amb tots els cursos d’ EGB i algun de parvulari.</p>
<p>Als voltants dels 90, coincidint amb el primer creixement demogràfic, la constitució de la ZER (que garantia més qualitat educativa) , i amb la creació de la primera APA, es va posar en funcionament el servei de menjador, va començar l’increment del nombre d’alumnes (dels 19 nens matriculats l’ any l995 es va arribar a la cinquantena el curs 2000-01,  prop de 90  alumnes el 2004-05 i 124 durant aquest curs 2011-2012). Les raons  d’aquest augment no foren solament demogràfiques sinó també socials, totes les famílies que  vivien al poble des de sempre, fos quin fos el seu estatus, van decidir potenciar l’ escola, participant a l’AMPA, i ajudant a integrar bona part dels nouvinguts.</p>

<p>L’Escola Ramón Sugrañes està situada en un petit poble del Baix Camp, anomenat Almoster. Es va fundar el 29 de setembre de 1951.<br />
El terme municipal d’ Almoster és de reduïdes dimensions, té tan sols 5.88 km2. Està situat al peu dels darrers contraforts de les&hellip;  <a href="https://agora.xtec.cat/esc-almoster/lescola/historia/" title="Read Història">Llegeix més»</a></p>
