{"id":1664,"date":"2021-03-11T09:08:26","date_gmt":"2021-03-11T08:08:26","guid":{"rendered":"http:\/\/agora.xtec.cat\/esc-almoster\/?page_id=1664"},"modified":"2023-03-03T10:18:27","modified_gmt":"2023-03-03T09:18:27","slug":"publicacions-i-llistes","status":"publish","type":"page","link":"https:\/\/agora.xtec.cat\/esc-almoster\/preinscripcio-2021-2022\/publicacions-i-llistes\/","title":{"rendered":"Publicacions i llistes"},"content":{"rendered":"<p>Podeu fer la consulta de l&#8217;<span class=\"il\">oferta<\/span> inicial de la preinscripci\u00f3 al seg\u00fcent enlla\u00e7\u00a0 <a href=\"http:\/\/mapaescolar.gencat.cat\/\" target=\"_blank\" rel=\"noopener noreferrer\" data-saferedirecturl=\"https:\/\/www.google.com\/url?q=http:\/\/mapaescolar.gencat.cat\/&amp;source=gmail&amp;ust=1615884618541000&amp;usg=AFQjCNEgdDhXrJL9iMieABQ8fxTsUP8Jzg\">Mapa escolar de la preinscripci\u00f3 curs 2023-24.<\/a> Pestanya preinscripci\u00f3 curs 2023-24, cercar per codi de centre 43005327<\/p>\n<p>Podeu descarregar els llistats clicant sobre l&#8217;enlla\u00e7.<\/p>\n<table style=\"width: 29.9764%; height: 228px;\">\n<tbody>\n<tr style=\"height: 49px;\">\n<td style=\"height: 49px; width: 76.2109%;\"><strong>Llistat de sol\u00b7licituds amb puntuaci\u00f3 provisional<\/strong><\/td>\n<td style=\"height: 49px; width: 60.9951%;\"><\/td>\n<\/tr>\n<tr style=\"height: 47px;\">\n<td style=\"height: 47px; width: 76.2109%;\">\n<h6><strong>Llistat sol\u00b7licituds amb puntuaci\u00f3 definitiva<\/strong><\/h6>\n<\/td>\n<td style=\"height: 47px; width: 60.9951%;\"><\/td>\n<\/tr>\n<tr style=\"height: 33px;\">\n<td style=\"height: 33px; width: 76.2109%;\">Sorteig per resoldre sol\u00b7licituds empatades<\/td>\n<td style=\"height: 33px; width: 60.9951%;\"><\/td>\n<\/tr>\n<tr style=\"height: 33px;\">\n<td style=\"height: 33px; width: 76.2109%;\"><strong>Llistat ordenat definitiu de sol\u00b7licituds<\/strong><\/td>\n<td style=\"height: 33px; width: 60.9951%;\"><\/td>\n<\/tr>\n<tr style=\"height: 33px;\">\n<td style=\"height: 33px; width: 76.2109%;\"><strong>Publicaci\u00f3 oferta final de places escolars<\/strong><\/td>\n<td style=\"height: 33px; width: 60.9951%;\"><\/td>\n<\/tr>\n<tr style=\"height: 33px;\">\n<td style=\"height: 33px; width: 76.2109%;\"><strong>Llistat d\u2019alumnes admesos i llista d\u2019espera<\/strong><\/p>\n<h6>Llistat d&#8217;alumnes preinscrits al centre<\/h6>\n<\/td>\n<td style=\"height: 33px; width: 60.9951%;\"><\/td>\n<\/tr>\n<\/tbody>\n<\/table>\n","protected":false},"excerpt":{"rendered":"<p>Podeu fer la consulta de l&#8217;oferta inicial de la preinscripci\u00f3 al seg\u00fcent enlla\u00e7\u00a0 <a href=\"http:\/\/mapaescolar.gencat.cat\/\" target=\"_blank\" rel=\"noopener noreferrer\" data-saferedirecturl=\"https:\/\/www.google.com\/url?q=http:\/\/mapaescolar.gencat.cat\/&amp;source=gmail&amp;ust=1615884618541000&amp;usg=AFQjCNEgdDhXrJL9iMieABQ8fxTsUP8Jzg\">Mapa escolar de la preinscripci\u00f3 curs 2023-24.<\/a> Pestanya preinscripci\u00f3 curs 2023-24, cercar per codi de centre 43005327<br \/>\nPodeu descarregar els llistats clicant sobre l&#8217;enlla\u00e7.<\/p>\n<p>Llistat de sol\u00b7licituds amb puntuaci\u00f3&hellip;  <a href=\"https:\/\/agora.xtec.cat\/esc-almoster\/preinscripcio-2021-2022\/publicacions-i-llistes\/\" title=\"Read Publicacions i llistes\">Llegeix m\u00e9s\u00bb<\/a><\/p>\n","protected":false},"author":1,"featured_media":0,"parent":1632,"menu_order":0,"comment_status":"closed","ping_status":"closed","template":"","meta":{"_bbp_topic_count":0,"_bbp_reply_count":0,"_bbp_total_topic_count":0,"_bbp_total_reply_count":0,"_bbp_voice_count":0,"_bbp_anonymous_reply_count":0,"_bbp_topic_count_hidden":0,"_bbp_reply_count_hidden":0,"_bbp_forum_subforum_count":0,"footnotes":""},"class_list":["post-1664","page","type-page","status-publish","hentry"],"post_mailing_queue_ids":[],"_links":{"self":[{"href":"https:\/\/agora.xtec.cat\/esc-almoster\/wp-json\/wp\/v2\/pages\/1664","targetHints":{"allow":["GET"]}}],"collection":[{"href":"https:\/\/agora.xtec.cat\/esc-almoster\/wp-json\/wp\/v2\/pages"}],"about":[{"href":"https:\/\/agora.xtec.cat\/esc-almoster\/wp-json\/wp\/v2\/types\/page"}],"author":[{"embeddable":true,"href":"https:\/\/agora.xtec.cat\/esc-almoster\/wp-json\/wp\/v2\/users\/1"}],"replies":[{"embeddable":true,"href":"https:\/\/agora.xtec.cat\/esc-almoster\/wp-json\/wp\/v2\/comments?post=1664"}],"version-history":[{"count":4,"href":"https:\/\/agora.xtec.cat\/esc-almoster\/wp-json\/wp\/v2\/pages\/1664\/revisions"}],"predecessor-version":[{"id":3251,"href":"https:\/\/agora.xtec.cat\/esc-almoster\/wp-json\/wp\/v2\/pages\/1664\/revisions\/3251"}],"up":[{"embeddable":true,"href":"https:\/\/agora.xtec.cat\/esc-almoster\/wp-json\/wp\/v2\/pages\/1632"}],"wp:attachment":[{"href":"https:\/\/agora.xtec.cat\/esc-almoster\/wp-json\/wp\/v2\/media?parent=1664"}],"curies":[{"name":"wp","href":"https:\/\/api.w.org\/{rel}","templated":true}]}}

<p>Podeu fer la consulta de l&#8217;<span class="il">oferta</span> inicial de la preinscripció al següent enllaç  <a href="http://mapaescolar.gencat.cat/" target="_blank" rel="noopener noreferrer" data-saferedirecturl="https://www.google.com/url?q=http://mapaescolar.gencat.cat/&amp;source=gmail&amp;ust=1615884618541000&amp;usg=AFQjCNEgdDhXrJL9iMieABQ8fxTsUP8Jzg">Mapa escolar de la preinscripció curs 2023-24.</a> Pestanya preinscripció curs 2023-24, cercar per codi de centre 43005327</p>
<p>Podeu descarregar els llistats clicant sobre l&#8217;enllaç.</p>
<table style="width: 29.9764%; height: 228px;">
<tbody>
<tr style="height: 49px;">
<td style="height: 49px; width: 76.2109%;"><strong>Llistat de sol·licituds amb puntuació provisional</strong></td>
<td style="height: 49px; width: 60.9951%;"></td>
</tr>
<tr style="height: 47px;">
<td style="height: 47px; width: 76.2109%;">
<h6><strong>Llistat sol·licituds amb puntuació definitiva</strong></h6>
</td>
<td style="height: 47px; width: 60.9951%;"></td>
</tr>
<tr style="height: 33px;">
<td style="height: 33px; width: 76.2109%;">Sorteig per resoldre sol·licituds empatades</td>
<td style="height: 33px; width: 60.9951%;"></td>
</tr>
<tr style="height: 33px;">
<td style="height: 33px; width: 76.2109%;"><strong>Llistat ordenat definitiu de sol·licituds</strong></td>
<td style="height: 33px; width: 60.9951%;"></td>
</tr>
<tr style="height: 33px;">
<td style="height: 33px; width: 76.2109%;"><strong>Publicació oferta final de places escolars</strong></td>
<td style="height: 33px; width: 60.9951%;"></td>
</tr>
<tr style="height: 33px;">
<td style="height: 33px; width: 76.2109%;"><strong>Llistat d’alumnes admesos i llista d’espera</strong></p>
<h6>Llistat d&#8217;alumnes preinscrits al centre</h6>
</td>
<td style="height: 33px; width: 60.9951%;"></td>
</tr>
</tbody>
</table>

<p>Podeu fer la consulta de l&#8217;oferta inicial de la preinscripció al següent enllaç  <a href="http://mapaescolar.gencat.cat/" target="_blank" rel="noopener noreferrer" data-saferedirecturl="https://www.google.com/url?q=http://mapaescolar.gencat.cat/&amp;source=gmail&amp;ust=1615884618541000&amp;usg=AFQjCNEgdDhXrJL9iMieABQ8fxTsUP8Jzg">Mapa escolar de la preinscripció curs 2023-24.</a> Pestanya preinscripció curs 2023-24, cercar per codi de centre 43005327<br />
Podeu descarregar els llistats clicant sobre l&#8217;enllaç.</p>
<p>Llistat de sol·licituds amb puntuació&hellip;  <a href="https://agora.xtec.cat/esc-almoster/preinscripcio-2021-2022/publicacions-i-llistes/" title="Read Publicacions i llistes">Llegeix més»</a></p>
