{"id":1632,"date":"2021-03-01T09:18:11","date_gmt":"2021-03-01T08:18:11","guid":{"rendered":"http:\/\/agora.xtec.cat\/esc-almoster\/?page_id=1632"},"modified":"2023-03-03T10:22:10","modified_gmt":"2023-03-03T09:22:10","slug":"preinscripcio-2021-2022","status":"publish","type":"page","link":"https:\/\/agora.xtec.cat\/esc-almoster\/preinscripcio-2021-2022\/","title":{"rendered":"Preinscripci\u00f3 2023-24"},"content":{"rendered":"<p><span class=\"gmail_default\">Les fam\u00edlies haureu de fer el proc\u00e9s de preinscripci\u00f3 de manera telem\u00e0tica al web <a href=\"http:\/\/preinscripcio.gencat.cat\/\" target=\"_blank\" rel=\"noopener noreferrer\" data-saferedirecturl=\"https:\/\/www.google.com\/url?q=http:\/\/preinscripcio.gencat.cat&amp;source=gmail&amp;ust=1614410621282000&amp;usg=AFQjCNHib02Ei5UOb3ZPsYE_u5GszPp31g\">preinscripcio.gencat.cat<\/a>.\u00a0<\/span><\/p>\n<p>Podeu fer la consulta de l\u2019<strong><span class=\"il\">oferta<\/span>\u00a0inicial<\/strong> <strong>de places<\/strong> de la preinscripci\u00f3 al seg\u00fcent enlla\u00e7\u00a0 <a href=\"http:\/\/mapaescolar.gencat.cat\/\" target=\"_blank\" rel=\"noopener noreferrer\" data-saferedirecturl=\"https:\/\/www.google.com\/url?q=http:\/\/mapaescolar.gencat.cat\/&amp;source=gmail&amp;ust=1615884618541000&amp;usg=AFQjCNEgdDhXrJL9iMieABQ8fxTsUP8Jzg\">Mapa escolar de la preinscripci\u00f3 curs 2023-24<\/a>.<\/p>\n<table style=\"width: 50.8147%; height: 427px;\">\n<tbody>\n<tr style=\"height: 50px;\">\n<td style=\"width: 143.953%; height: 50px;\" colspan=\"2\">\n<h5><strong>Calendari preinscripci\u00f3 i matr\u00edcula pel curs 2023-24<\/strong><\/h5>\n<\/td>\n<\/tr>\n<tr style=\"height: 47px;\">\n<td style=\"width: 71.8614%; height: 47px;\">\n<h6><strong>Tr\u00e0mit<\/strong><\/h6>\n<\/td>\n<td style=\"width: 72.0916%; height: 47px;\">\n<h6><strong>Dates<\/strong><\/h6>\n<\/td>\n<\/tr>\n<tr style=\"height: 33px;\">\n<td style=\"width: 71.8614%; height: 33px;\">Publicaci\u00f3 oferta inicial de places<\/td>\n<td style=\"width: 72.0916%; height: 33px;\">3 de mar\u00e7<\/td>\n<\/tr>\n<tr style=\"height: 33px;\">\n<td style=\"width: 71.8614%; height: 33px;\">Presentaci\u00f3 sol\u00b7licituds Educaci\u00f3 Infantil i Prim\u00e0ria<\/td>\n<td style=\"width: 72.0916%; height: 33px;\"><strong>Del 6 al 20 de mar\u00e7<\/strong><\/td>\n<\/tr>\n<tr style=\"height: 33px;\">\n<td style=\"width: 71.8614%; height: 33px;\">Presentaci\u00f3 documentaci\u00f3 acreditativa<\/td>\n<td style=\"width: 72.0916%; height: 33px;\">21 i 22 de mar\u00e7<\/td>\n<\/tr>\n<tr style=\"height: 33px;\">\n<td style=\"width: 71.8614%; height: 33px;\"><strong>Llistat de sol\u00b7licituds amb puntuaci\u00f3 provisional<\/strong><\/td>\n<td style=\"width: 72.0916%; height: 33px;\"><strong>21 d\u2019abril<\/strong><\/td>\n<\/tr>\n<tr style=\"height: 33px;\">\n<td style=\"width: 71.8614%; height: 33px;\">Llistat sol\u00b7licituds amb puntuaci\u00f3 definitiva<\/td>\n<td style=\"width: 72.0916%; height: 33px;\"><strong>3 de maig<\/strong><\/td>\n<\/tr>\n<tr style=\"height: 33px;\">\n<td style=\"width: 71.8614%; height: 33px;\">Sorteig per resoldre sol\u00b7licituds empatades<\/td>\n<td style=\"width: 72.0916%; height: 33px;\">9 de maig<\/td>\n<\/tr>\n<tr style=\"height: 33px;\">\n<td style=\"width: 71.8614%; height: 33px;\">Llistat ordenat definitiu de sol\u00b7licituds<\/td>\n<td style=\"width: 72.0916%; height: 33px;\">11 de maig<\/td>\n<\/tr>\n<tr style=\"height: 33px;\">\n<td style=\"width: 71.8614%; height: 33px;\">Publicaci\u00f3 oferta final de places escolars<\/td>\n<td style=\"width: 72.0916%; height: 33px;\">9 de juny<\/td>\n<\/tr>\n<tr style=\"height: 33px;\">\n<td style=\"width: 71.8614%; height: 33px;\"><strong>Llistat d\u2019alumnes admesos i llista d\u2019espera<\/strong><\/td>\n<td style=\"width: 72.0916%; height: 33px;\">12 de juny<\/td>\n<\/tr>\n<tr style=\"height: 33px;\">\n<td style=\"width: 71.8614%; height: 33px;\"><b>Matriculaci\u00f3 alumnat adm\u00e8s a Prim\u00e0ria i 1r d\u2019ESO<\/b><\/td>\n<td style=\"width: 72.0916%; height: 33px;\">Del 20 al 28 de juny<\/td>\n<\/tr>\n<\/tbody>\n<\/table>\n<p>Documentaci\u00f3 per poder realitzar el\u00a0<strong>tr\u00e0mit de la<\/strong>\u00a0<strong>preinscripci\u00f3.\u00a0<\/strong><a href=\"https:\/\/preinscripcio.gencat.cat\/ca\/estudis\/infantil-3-6\/informat\/prepara-documentacio\/\" target=\"_blank\" rel=\"noopener noreferrer\">Prement aqu\u00ed<\/a>\u00a0podeu consultar la web del Departament sobre la documentaci\u00f3.<\/p>\n<ul>\n<li><strong>Documentaci\u00f3 gen\u00e8rica:<\/strong>\n<ul>\n<li>Formulari de sol\u00b7licitud.<\/li>\n<li>Llibre de Fam\u00edlia o altres documents relatius de filiaci\u00f3.<\/li>\n<li>DNI del pare, mare o tutor\/a legal de l\u2019alumne.<\/li>\n<li>DNI de l\u2019alumne major de 14 anys, o si t\u00e9 DNI encara que sigui menor de 14 anys.<\/li>\n<\/ul>\n<\/li>\n<li><strong>Documentaci\u00f3 espec\u00edfica<\/strong>\u00a0(en cas que es vulguin acreditar m\u00e9s\u00a0<em>punts\u00a0<\/em>pels criteris generals d\u2019admissi\u00f3):\n<ul>\n<li>C\u00f2pia del contracte laboral o del certificat em\u00e8s per l\u2019empresa, en cas d\u2019al\u00b7legar l\u2019adre\u00e7a del lloc de treball d\u2019un dels tutors.<\/li>\n<li>Original i fotoc\u00f2pia del certificat de disminuci\u00f3\/discapacitat d\u2019algun membre de la fam\u00edlia.<\/li>\n<li>Resoluci\u00f3 de la renda garantida de ciutadania.<\/li>\n<li>Fam\u00edlia nombrosa o monoparental i fotoc\u00f2pia del carnet de fam\u00edlia nombrosa o monoparental.<\/li>\n<\/ul>\n<\/li>\n<\/ul>\n<p>&nbsp;<\/p>\n","protected":false},"excerpt":{"rendered":"<p>Les fam\u00edlies haureu de fer el proc\u00e9s de preinscripci\u00f3 de manera telem\u00e0tica al web <a href=\"http:\/\/preinscripcio.gencat.cat\/\" target=\"_blank\" rel=\"noopener noreferrer\" data-saferedirecturl=\"https:\/\/www.google.com\/url?q=http:\/\/preinscripcio.gencat.cat&amp;source=gmail&amp;ust=1614410621282000&amp;usg=AFQjCNHib02Ei5UOb3ZPsYE_u5GszPp31g\">preinscripcio.gencat.cat<\/a>.\u00a0<br \/>\nPodeu fer la consulta de l\u2019oferta\u00a0inicial de places de la preinscripci\u00f3 al seg\u00fcent enlla\u00e7\u00a0 <a href=\"http:\/\/mapaescolar.gencat.cat\/\" target=\"_blank\" rel=\"noopener noreferrer\" data-saferedirecturl=\"https:\/\/www.google.com\/url?q=http:\/\/mapaescolar.gencat.cat\/&amp;source=gmail&amp;ust=1615884618541000&amp;usg=AFQjCNEgdDhXrJL9iMieABQ8fxTsUP8Jzg\">Mapa escolar de la preinscripci\u00f3 curs 2023-24<\/a>.<\/p>\n<p>Calendari&hellip;  <a href=\"https:\/\/agora.xtec.cat\/esc-almoster\/preinscripcio-2021-2022\/\" title=\"Read Preinscripci\u00f3 2023-24\">Llegeix m\u00e9s\u00bb<\/a><\/p>\n","protected":false},"author":1,"featured_media":0,"parent":0,"menu_order":0,"comment_status":"closed","ping_status":"closed","template":"page-templates\/side-menu.php","meta":{"_bbp_topic_count":0,"_bbp_reply_count":0,"_bbp_total_topic_count":0,"_bbp_total_reply_count":0,"_bbp_voice_count":0,"_bbp_anonymous_reply_count":0,"_bbp_topic_count_hidden":0,"_bbp_reply_count_hidden":0,"_bbp_forum_subforum_count":0,"footnotes":""},"class_list":["post-1632","page","type-page","status-publish","hentry"],"post_mailing_queue_ids":[],"_links":{"self":[{"href":"https:\/\/agora.xtec.cat\/esc-almoster\/wp-json\/wp\/v2\/pages\/1632","targetHints":{"allow":["GET"]}}],"collection":[{"href":"https:\/\/agora.xtec.cat\/esc-almoster\/wp-json\/wp\/v2\/pages"}],"about":[{"href":"https:\/\/agora.xtec.cat\/esc-almoster\/wp-json\/wp\/v2\/types\/page"}],"author":[{"embeddable":true,"href":"https:\/\/agora.xtec.cat\/esc-almoster\/wp-json\/wp\/v2\/users\/1"}],"replies":[{"embeddable":true,"href":"https:\/\/agora.xtec.cat\/esc-almoster\/wp-json\/wp\/v2\/comments?post=1632"}],"version-history":[{"count":4,"href":"https:\/\/agora.xtec.cat\/esc-almoster\/wp-json\/wp\/v2\/pages\/1632\/revisions"}],"predecessor-version":[{"id":3252,"href":"https:\/\/agora.xtec.cat\/esc-almoster\/wp-json\/wp\/v2\/pages\/1632\/revisions\/3252"}],"wp:attachment":[{"href":"https:\/\/agora.xtec.cat\/esc-almoster\/wp-json\/wp\/v2\/media?parent=1632"}],"curies":[{"name":"wp","href":"https:\/\/api.w.org\/{rel}","templated":true}]}}

Preinscripció 2023-24

<p><span class="gmail_default">Les famílies haureu de fer el procés de preinscripció de manera telemàtica al web <a href="http://preinscripcio.gencat.cat/" target="_blank" rel="noopener noreferrer" data-saferedirecturl="https://www.google.com/url?q=http://preinscripcio.gencat.cat&amp;source=gmail&amp;ust=1614410621282000&amp;usg=AFQjCNHib02Ei5UOb3ZPsYE_u5GszPp31g">preinscripcio.gencat.cat</a>. </span></p>
<p>Podeu fer la consulta de l’<strong><span class="il">oferta</span> inicial</strong> <strong>de places</strong> de la preinscripció al següent enllaç  <a href="http://mapaescolar.gencat.cat/" target="_blank" rel="noopener noreferrer" data-saferedirecturl="https://www.google.com/url?q=http://mapaescolar.gencat.cat/&amp;source=gmail&amp;ust=1615884618541000&amp;usg=AFQjCNEgdDhXrJL9iMieABQ8fxTsUP8Jzg">Mapa escolar de la preinscripció curs 2023-24</a>.</p>
<table style="width: 50.8147%; height: 427px;">
<tbody>
<tr style="height: 50px;">
<td style="width: 143.953%; height: 50px;" colspan="2">
<h5><strong>Calendari preinscripció i matrícula pel curs 2023-24</strong></h5>
</td>
</tr>
<tr style="height: 47px;">
<td style="width: 71.8614%; height: 47px;">
<h6><strong>Tràmit</strong></h6>
</td>
<td style="width: 72.0916%; height: 47px;">
<h6><strong>Dates</strong></h6>
</td>
</tr>
<tr style="height: 33px;">
<td style="width: 71.8614%; height: 33px;">Publicació oferta inicial de places</td>
<td style="width: 72.0916%; height: 33px;">3 de març</td>
</tr>
<tr style="height: 33px;">
<td style="width: 71.8614%; height: 33px;">Presentació sol·licituds Educació Infantil i Primària</td>
<td style="width: 72.0916%; height: 33px;"><strong>Del 6 al 20 de març</strong></td>
</tr>
<tr style="height: 33px;">
<td style="width: 71.8614%; height: 33px;">Presentació documentació acreditativa</td>
<td style="width: 72.0916%; height: 33px;">21 i 22 de març</td>
</tr>
<tr style="height: 33px;">
<td style="width: 71.8614%; height: 33px;"><strong>Llistat de sol·licituds amb puntuació provisional</strong></td>
<td style="width: 72.0916%; height: 33px;"><strong>21 d’abril</strong></td>
</tr>
<tr style="height: 33px;">
<td style="width: 71.8614%; height: 33px;">Llistat sol·licituds amb puntuació definitiva</td>
<td style="width: 72.0916%; height: 33px;"><strong>3 de maig</strong></td>
</tr>
<tr style="height: 33px;">
<td style="width: 71.8614%; height: 33px;">Sorteig per resoldre sol·licituds empatades</td>
<td style="width: 72.0916%; height: 33px;">9 de maig</td>
</tr>
<tr style="height: 33px;">
<td style="width: 71.8614%; height: 33px;">Llistat ordenat definitiu de sol·licituds</td>
<td style="width: 72.0916%; height: 33px;">11 de maig</td>
</tr>
<tr style="height: 33px;">
<td style="width: 71.8614%; height: 33px;">Publicació oferta final de places escolars</td>
<td style="width: 72.0916%; height: 33px;">9 de juny</td>
</tr>
<tr style="height: 33px;">
<td style="width: 71.8614%; height: 33px;"><strong>Llistat d’alumnes admesos i llista d’espera</strong></td>
<td style="width: 72.0916%; height: 33px;">12 de juny</td>
</tr>
<tr style="height: 33px;">
<td style="width: 71.8614%; height: 33px;"><b>Matriculació alumnat admès a Primària i 1r d’ESO</b></td>
<td style="width: 72.0916%; height: 33px;">Del 20 al 28 de juny</td>
</tr>
</tbody>
</table>
<p>Documentació per poder realitzar el <strong>tràmit de la</strong> <strong>preinscripció. </strong><a href="https://preinscripcio.gencat.cat/ca/estudis/infantil-3-6/informat/prepara-documentacio/" target="_blank" rel="noopener noreferrer">Prement aquí</a> podeu consultar la web del Departament sobre la documentació.</p>
<ul>
<li><strong>Documentació genèrica:</strong>
<ul>
<li>Formulari de sol·licitud.</li>
<li>Llibre de Família o altres documents relatius de filiació.</li>
<li>DNI del pare, mare o tutor/a legal de l’alumne.</li>
<li>DNI de l’alumne major de 14 anys, o si té DNI encara que sigui menor de 14 anys.</li>
</ul>
</li>
<li><strong>Documentació específica</strong> (en cas que es vulguin acreditar més <em>punts </em>pels criteris generals d’admissió):
<ul>
<li>Còpia del contracte laboral o del certificat emès per l’empresa, en cas d’al·legar l’adreça del lloc de treball d’un dels tutors.</li>
<li>Original i fotocòpia del certificat de disminució/discapacitat d’algun membre de la família.</li>
<li>Resolució de la renda garantida de ciutadania.</li>
<li>Família nombrosa o monoparental i fotocòpia del carnet de família nombrosa o monoparental.</li>
</ul>
</li>
</ul>
<p>&nbsp;</p>

<p>Les famílies haureu de fer el procés de preinscripció de manera telemàtica al web <a href="http://preinscripcio.gencat.cat/" target="_blank" rel="noopener noreferrer" data-saferedirecturl="https://www.google.com/url?q=http://preinscripcio.gencat.cat&amp;source=gmail&amp;ust=1614410621282000&amp;usg=AFQjCNHib02Ei5UOb3ZPsYE_u5GszPp31g">preinscripcio.gencat.cat</a>. <br />
Podeu fer la consulta de l’oferta inicial de places de la preinscripció al següent enllaç  <a href="http://mapaescolar.gencat.cat/" target="_blank" rel="noopener noreferrer" data-saferedirecturl="https://www.google.com/url?q=http://mapaescolar.gencat.cat/&amp;source=gmail&amp;ust=1615884618541000&amp;usg=AFQjCNEgdDhXrJL9iMieABQ8fxTsUP8Jzg">Mapa escolar de la preinscripció curs 2023-24</a>.</p>
<p>Calendari&hellip;  <a href="https://agora.xtec.cat/esc-almoster/preinscripcio-2021-2022/" title="Read Preinscripció 2023-24">Llegeix més»</a></p>
