{"id":1110,"date":"2020-02-07T11:59:51","date_gmt":"2020-02-07T10:59:51","guid":{"rendered":"http:\/\/agora.xtec.cat\/esc-almoster\/?page_id=1110"},"modified":"2022-07-04T12:03:54","modified_gmt":"2022-07-04T10:03:54","slug":"programa-fruita","status":"publish","type":"page","link":"https:\/\/agora.xtec.cat\/esc-almoster\/projecte-educatiu\/programa-fruita\/","title":{"rendered":"Programa fruita"},"content":{"rendered":"<p>L&#8217;escola participa al Programa Escolar de Fruita impulsat pel Departament d&#8217;Agricultura, Ramaderia, Pesca i Alimentaci\u00f3 conjuntament amb el Departament d&#8217;Educaci\u00f3.<\/p>\n<p>Per a m\u00e9s informaci\u00f3 podeu consultar el seg\u00fcent enlla\u00e7 <a href=\"http:\/\/agricultura.gencat.cat\/ca\/ambits\/alimentacio\/promocio-agroalimentaria\/fruita-llet-escoles\/fruita-escoles\/\" target=\"_blank\" rel=\"noopener noreferrer\">http:\/\/agricultura.gencat.cat\/ca\/ambits\/alimentacio\/promocio-agroalimen<\/a><a href=\"http:\/\/agricultura.gencat.cat\/ca\/ambits\/alimentacio\/promocio-agroalimentaria\/fruita-llet-escoles\/fruita-escoles\/\" target=\"_blank\" rel=\"noopener noreferrer\">taria\/fruita-llet-escoles\/fruita-escoles\/<\/a><\/p>\n<p><a href=\"https:\/\/agora.xtec.cat\/esc-almoster\/wp-content\/uploads\/usu1705\/2022\/07\/cartell-programa-consum-fruita-hortalisses-escoles-unio-europea-bon-ritme-750.jpg_2053293100.jpg\"><img loading=\"lazy\" decoding=\"async\" class=\"aligncenter wp-image-2870 \" src=\"https:\/\/agora.xtec.cat\/esc-almoster\/wp-content\/uploads\/usu1705\/2022\/07\/cartell-programa-consum-fruita-hortalisses-escoles-unio-europea-bon-ritme-750.jpg_2053293100.jpg\" alt=\"\" width=\"467\" height=\"529\" srcset=\"https:\/\/agora.xtec.cat\/esc-almoster\/wp-content\/uploads\/usu1705\/2022\/07\/cartell-programa-consum-fruita-hortalisses-escoles-unio-europea-bon-ritme-750.jpg_2053293100.jpg 750w, https:\/\/agora.xtec.cat\/esc-almoster\/wp-content\/uploads\/usu1705\/2022\/07\/cartell-programa-consum-fruita-hortalisses-escoles-unio-europea-bon-ritme-750.jpg_2053293100-265x300.jpg 265w\" sizes=\"auto, (max-width: 467px) 100vw, 467px\" \/><\/a><\/p>\n<p>&nbsp;<\/p>\n<p>&nbsp;<\/p>\n","protected":false},"excerpt":{"rendered":"<p>L&#8217;escola participa al Programa Escolar de Fruita impulsat pel Departament d&#8217;Agricultura, Ramaderia, Pesca i Alimentaci\u00f3 conjuntament amb el Departament d&#8217;Educaci\u00f3.<br \/>\nPer a m\u00e9s informaci\u00f3 podeu consultar el seg\u00fcent enlla\u00e7 <a href=\"http:\/\/agricultura.gencat.cat\/ca\/ambits\/alimentacio\/promocio-agroalimentaria\/fruita-llet-escoles\/fruita-escoles\/\" target=\"_blank\" rel=\"noopener noreferrer\">http:\/\/agricultura.gencat.cat\/ca\/ambits\/alimentacio\/promocio-agroalimen<\/a><a href=\"http:\/\/agricultura.gencat.cat\/ca\/ambits\/alimentacio\/promocio-agroalimentaria\/fruita-llet-escoles\/fruita-escoles\/\" target=\"_blank\" rel=\"noopener noreferrer\">taria\/fruita-llet-escoles\/fruita-escoles\/<\/a><br \/>\n<a href=\"https:\/\/agora.xtec.cat\/esc-almoster\/wp-content\/uploads\/usu1705\/2022\/07\/cartell-programa-consum-fruita-hortalisses-escoles-unio-europea-bon-ritme-750.jpg_2053293100.jpg\"><\/a><br \/>\n&nbsp;<br \/>\n&nbsp;<\/p>\n","protected":false},"author":1,"featured_media":0,"parent":64,"menu_order":0,"comment_status":"closed","ping_status":"closed","template":"page-templates\/side-menu.php","meta":{"_bbp_topic_count":0,"_bbp_reply_count":0,"_bbp_total_topic_count":0,"_bbp_total_reply_count":0,"_bbp_voice_count":0,"_bbp_anonymous_reply_count":0,"_bbp_topic_count_hidden":0,"_bbp_reply_count_hidden":0,"_bbp_forum_subforum_count":0,"footnotes":""},"class_list":["post-1110","page","type-page","status-publish","hentry"],"post_mailing_queue_ids":[],"_links":{"self":[{"href":"https:\/\/agora.xtec.cat\/esc-almoster\/wp-json\/wp\/v2\/pages\/1110","targetHints":{"allow":["GET"]}}],"collection":[{"href":"https:\/\/agora.xtec.cat\/esc-almoster\/wp-json\/wp\/v2\/pages"}],"about":[{"href":"https:\/\/agora.xtec.cat\/esc-almoster\/wp-json\/wp\/v2\/types\/page"}],"author":[{"embeddable":true,"href":"https:\/\/agora.xtec.cat\/esc-almoster\/wp-json\/wp\/v2\/users\/1"}],"replies":[{"embeddable":true,"href":"https:\/\/agora.xtec.cat\/esc-almoster\/wp-json\/wp\/v2\/comments?post=1110"}],"version-history":[{"count":3,"href":"https:\/\/agora.xtec.cat\/esc-almoster\/wp-json\/wp\/v2\/pages\/1110\/revisions"}],"predecessor-version":[{"id":2872,"href":"https:\/\/agora.xtec.cat\/esc-almoster\/wp-json\/wp\/v2\/pages\/1110\/revisions\/2872"}],"up":[{"embeddable":true,"href":"https:\/\/agora.xtec.cat\/esc-almoster\/wp-json\/wp\/v2\/pages\/64"}],"wp:attachment":[{"href":"https:\/\/agora.xtec.cat\/esc-almoster\/wp-json\/wp\/v2\/media?parent=1110"}],"curies":[{"name":"wp","href":"https:\/\/api.w.org\/{rel}","templated":true}]}}

<p>L&#8217;escola participa al Programa Escolar de Fruita impulsat pel Departament d&#8217;Agricultura, Ramaderia, Pesca i Alimentació conjuntament amb el Departament d&#8217;Educació.</p>
<p>Per a més informació podeu consultar el següent enllaç <a href="http://agricultura.gencat.cat/ca/ambits/alimentacio/promocio-agroalimentaria/fruita-llet-escoles/fruita-escoles/" target="_blank" rel="noopener noreferrer">http://agricultura.gencat.cat/ca/ambits/alimentacio/promocio-agroalimen</a><a href="http://agricultura.gencat.cat/ca/ambits/alimentacio/promocio-agroalimentaria/fruita-llet-escoles/fruita-escoles/" target="_blank" rel="noopener noreferrer">taria/fruita-llet-escoles/fruita-escoles/</a></p>
<p><a href="https://agora.xtec.cat/esc-almoster/wp-content/uploads/usu1705/2022/07/cartell-programa-consum-fruita-hortalisses-escoles-unio-europea-bon-ritme-750.jpg_2053293100.jpg"><img loading="lazy" decoding="async" class="aligncenter wp-image-2870 " src="https://agora.xtec.cat/esc-almoster/wp-content/uploads/usu1705/2022/07/cartell-programa-consum-fruita-hortalisses-escoles-unio-europea-bon-ritme-750.jpg_2053293100.jpg" alt="" width="467" height="529" srcset="https://agora.xtec.cat/esc-almoster/wp-content/uploads/usu1705/2022/07/cartell-programa-consum-fruita-hortalisses-escoles-unio-europea-bon-ritme-750.jpg_2053293100.jpg 750w, https://agora.xtec.cat/esc-almoster/wp-content/uploads/usu1705/2022/07/cartell-programa-consum-fruita-hortalisses-escoles-unio-europea-bon-ritme-750.jpg_2053293100-265x300.jpg 265w" sizes="auto, (max-width: 467px) 100vw, 467px" /></a></p>
<p>&nbsp;</p>
<p>&nbsp;</p>

<p>L&#8217;escola participa al Programa Escolar de Fruita impulsat pel Departament d&#8217;Agricultura, Ramaderia, Pesca i Alimentació conjuntament amb el Departament d&#8217;Educació.<br />
Per a més informació podeu consultar el següent enllaç <a href="http://agricultura.gencat.cat/ca/ambits/alimentacio/promocio-agroalimentaria/fruita-llet-escoles/fruita-escoles/" target="_blank" rel="noopener noreferrer">http://agricultura.gencat.cat/ca/ambits/alimentacio/promocio-agroalimen</a><a href="http://agricultura.gencat.cat/ca/ambits/alimentacio/promocio-agroalimentaria/fruita-llet-escoles/fruita-escoles/" target="_blank" rel="noopener noreferrer">taria/fruita-llet-escoles/fruita-escoles/</a><br />
<a href="https://agora.xtec.cat/esc-almoster/wp-content/uploads/usu1705/2022/07/cartell-programa-consum-fruita-hortalisses-escoles-unio-europea-bon-ritme-750.jpg_2053293100.jpg"></a><br />
&nbsp;<br />
&nbsp;</p>
