{"id":587,"date":"2018-11-16T15:48:35","date_gmt":"2018-11-16T14:48:35","guid":{"rendered":"http:\/\/agora.xtec.cat\/ernestlluchhospitalet\/?page_id=587"},"modified":"2022-05-24T16:16:40","modified_gmt":"2022-05-24T14:16:40","slug":"les-nostres-prioritats","status":"publish","type":"page","link":"https:\/\/agora.xtec.cat\/ernestlluchhospitalet\/lescola\/les-nostres-prioritats\/","title":{"rendered":"Les nostres prioritats"},"content":{"rendered":"<p>-L\u00b4acompanyament educatiu i l\u00b4acollida emocional dels alumnes mitjan\u00e7ant l\u00b4<strong>acci\u00f3 tutorial<\/strong> i les activitats dirigides a fomentar el <strong>creixement personal<\/strong> i el <strong>desenvolupament d\u00b4h\u00e0bits i habilitats socials<\/strong>.<\/p>\n<p>&#8211; La <strong>promoci\u00f3<\/strong> personal i l&#8217;<b>acc\u00e9s\u00a0<\/b>de tots els nens i nenes <strong>a l&#8217;art, la literatura, el lleure o l\u00b4esport<\/strong>\u00a0 a partir de la participaci\u00f3 en projectes com ara el<strong>\u201cT\u00e0ndem\u201d<\/strong> que es basa en <strong>l\u00b4aprenentatge d\u00b4un instrument musical<\/strong> en horari lectiu, a partir de 4t de prim\u00e0ria, a trav\u00e9s de la col\u00b7laboraci\u00f3 amb l\u00b4Escola de M\u00fasica centre de les Arts de l\u00b4Hospitalet.<\/p>\n<p>-L&#8217;<strong>aprenentatge de les lleng\u00fces<\/strong> i el foment de\u00a0 <strong>consci\u00e8ncia pluriling\u00fce<\/strong>.<\/p>\n<p>-El desenvolupament de la <strong>compet\u00e8ncia ling\u00fc\u00edstica<\/strong> des d&#8217;un <strong>enfocament comunicatiu i funcional<\/strong>, optant decididament per <strong>vehicular el proc\u00e9s de desenvolupament ling\u00fc\u00edstic al voltant de la dimensi\u00f3 liter\u00e0ria.<\/strong><\/p>\n<p>-El desenvolupament de les compet\u00e8ncies relacionades amb <strong>l&#8217;acc\u00e9s a la informaci\u00f3 i la seva gesti\u00f3, potenciant l\u00b4an\u00e0lisi cr\u00edtica, la s\u00edntesi, la reorganitzaci\u00f3 d&#8217;aquesta informaci\u00f3 i la transmissi\u00f3<\/strong> adequada m\u00e9s adequada d&#8217;aquesta.<\/p>\n<p>-Possibilitar a l\u00b4alumnat esdevenir <strong>gestor del seu aprenentatge<\/strong>, <strong>conscient<\/strong>\u00a0 de les seves <strong>capacitats <\/strong>i que pugui i<strong>dentificar<\/strong> les seves <strong>necessitats <\/strong>per tal de construir un sentiment de compet\u00e8ncia personal que el motivi davant l\u00b4aprenentatge.<\/p>\n<p>-La promoci\u00f3 dels valors relacionats amb <strong>l&#8217;autonomia i la iniciativa personal<\/strong> (responsabilitat, perseveran\u00e7a, autocr\u00edtica,control emocional, etc&#8230;).<\/p>\n<p>-La prioritzaci\u00f3 de din\u00e0miques que fomentin la <strong>construcci\u00f3 conjunta dels<\/strong> <strong>aprenentatges<\/strong> , com ara el <strong>treball cooperatiu<\/strong> i el <strong>creixement a trav\u00e9s del di\u00e0leg<\/strong> (aprenentatge dial\u00f2gic).<\/p>\n<p>-El treball per a la <strong>millora dels resultats acad\u00e8mics i l\u00b4optimitzaci\u00f3 de recursos per tal d\u00b4aconseguir aquesta millora.<\/strong><\/p>\n<p>-La formaci\u00f3 de <strong>persones actives<\/strong> en la construcci\u00f3 d\u00b4una <strong>societat democr\u00e0tica , tolerant i solid\u00e0ria.<\/strong><\/p>\n<p>-La <strong>participaci\u00f3 de les fam\u00edlies <\/strong>a la vida del centre i a <strong>din\u00e0miques espec\u00edfiques d\u00b4aula.<\/strong><\/p>\n<p>&#8211;<strong>El treball en xarxa amb centres educatius i entitats<\/strong> del barri i de la ciutat per abordar conjuntament projectes que donin resposta a les necessitats de la comunitat educativa.<\/p>\n<p>Globalment volem generar les condicions, tant pedag\u00f2giques com organitzatives que possibilitin\u00a0 una educaci\u00f3 integral i un bon desenvolupament personal i relacional dels nens i nenes per tal que esdevinguin persones aut\u00f2nomes, responsables competents i compromeses. El respecte, la toler\u00e0ncia i la cooperaci\u00f3 entre les fam\u00edlies i l\u00b4escola seran els elements fonamentals de la nostra manera d&#8217;entendre l&#8217;educaci\u00f3.<\/p>\n<p>&nbsp;<\/p>\n<p>&nbsp;<\/p>\n","protected":false},"excerpt":{"rendered":"<p>-L\u00b4acompanyament educatiu i l\u00b4acollida emocional dels alumnes mitjan\u00e7ant l\u00b4acci\u00f3 tutorial i les activitats dirigides a fomentar el creixement personal i [&hellip;]<\/p>\n","protected":false},"author":1,"featured_media":0,"parent":22,"menu_order":60,"comment_status":"closed","ping_status":"closed","template":"","meta":{"_bbp_topic_count":0,"_bbp_reply_count":0,"_bbp_total_topic_count":0,"_bbp_total_reply_count":0,"_bbp_voice_count":0,"_bbp_anonymous_reply_count":0,"_bbp_topic_count_hidden":0,"_bbp_reply_count_hidden":0,"_bbp_forum_subforum_count":0,"site-sidebar-layout":"default","site-content-layout":"","ast-site-content-layout":"","site-content-style":"default","site-sidebar-style":"default","ast-global-header-display":"","ast-banner-title-visibility":"","ast-main-header-display":"","ast-hfb-above-header-display":"","ast-hfb-below-header-display":"","ast-hfb-mobile-header-display":"","site-post-title":"","ast-breadcrumbs-content":"","ast-featured-img":"","footer-sml-layout":"","theme-transparent-header-meta":"","adv-header-id-meta":"","stick-header-meta":"","header-above-stick-meta":"","header-main-stick-meta":"","header-below-stick-meta":"","astra-migrate-meta-layouts":"default","ast-page-background-enabled":"default","ast-page-background-meta":{"desktop":{"background-color":"var(--ast-global-color-4)","background-image":"","background-repeat":"repeat","background-position":"center center","background-size":"auto","background-attachment":"scroll","background-type":"","background-media":"","overlay-type":"","overlay-color":"","overlay-opacity":"","overlay-gradient":""},"tablet":{"background-color":"","background-image":"","background-repeat":"repeat","background-position":"center center","background-size":"auto","background-attachment":"scroll","background-type":"","background-media":"","overlay-type":"","overlay-color":"","overlay-opacity":"","overlay-gradient":""},"mobile":{"background-color":"","background-image":"","background-repeat":"repeat","background-position":"center center","background-size":"auto","background-attachment":"scroll","background-type":"","background-media":"","overlay-type":"","overlay-color":"","overlay-opacity":"","overlay-gradient":""}},"ast-content-background-meta":{"desktop":{"background-color":"var(--ast-global-color-5)","background-image":"","background-repeat":"repeat","background-position":"center center","background-size":"auto","background-attachment":"scroll","background-type":"","background-media":"","overlay-type":"","overlay-color":"","overlay-opacity":"","overlay-gradient":""},"tablet":{"background-color":"var(--ast-global-color-5)","background-image":"","background-repeat":"repeat","background-position":"center center","background-size":"auto","background-attachment":"scroll","background-type":"","background-media":"","overlay-type":"","overlay-color":"","overlay-opacity":"","overlay-gradient":""},"mobile":{"background-color":"var(--ast-global-color-5)","background-image":"","background-repeat":"repeat","background-position":"center center","background-size":"auto","background-attachment":"scroll","background-type":"","background-media":"","overlay-type":"","overlay-color":"","overlay-opacity":"","overlay-gradient":""}},"footnotes":""},"class_list":["post-587","page","type-page","status-publish","hentry"],"post_mailing_queue_ids":[],"_links":{"self":[{"href":"https:\/\/agora.xtec.cat\/ernestlluchhospitalet\/wp-json\/wp\/v2\/pages\/587","targetHints":{"allow":["GET"]}}],"collection":[{"href":"https:\/\/agora.xtec.cat\/ernestlluchhospitalet\/wp-json\/wp\/v2\/pages"}],"about":[{"href":"https:\/\/agora.xtec.cat\/ernestlluchhospitalet\/wp-json\/wp\/v2\/types\/page"}],"author":[{"embeddable":true,"href":"https:\/\/agora.xtec.cat\/ernestlluchhospitalet\/wp-json\/wp\/v2\/users\/1"}],"replies":[{"embeddable":true,"href":"https:\/\/agora.xtec.cat\/ernestlluchhospitalet\/wp-json\/wp\/v2\/comments?post=587"}],"version-history":[{"count":2,"href":"https:\/\/agora.xtec.cat\/ernestlluchhospitalet\/wp-json\/wp\/v2\/pages\/587\/revisions"}],"predecessor-version":[{"id":595,"href":"https:\/\/agora.xtec.cat\/ernestlluchhospitalet\/wp-json\/wp\/v2\/pages\/587\/revisions\/595"}],"up":[{"embeddable":true,"href":"https:\/\/agora.xtec.cat\/ernestlluchhospitalet\/wp-json\/wp\/v2\/pages\/22"}],"wp:attachment":[{"href":"https:\/\/agora.xtec.cat\/ernestlluchhospitalet\/wp-json\/wp\/v2\/media?parent=587"}],"curies":[{"name":"wp","href":"https:\/\/api.w.org\/{rel}","templated":true}]}}

<p>-L´acompanyament educatiu i l´acollida emocional dels alumnes mitjançant l´<strong>acció tutorial</strong> i les activitats dirigides a fomentar el <strong>creixement personal</strong> i el <strong>desenvolupament d´hàbits i habilitats socials</strong>.</p>
<p>&#8211; La <strong>promoció</strong> personal i l&#8217;<b>accés </b>de tots els nens i nenes <strong>a l&#8217;art, la literatura, el lleure o l´esport</strong>  a partir de la participació en projectes com ara el<strong>“Tàndem”</strong> que es basa en <strong>l´aprenentatge d´un instrument musical</strong> en horari lectiu, a partir de 4t de primària, a través de la col·laboració amb l´Escola de Música centre de les Arts de l´Hospitalet.</p>
<p>-L&#8217;<strong>aprenentatge de les llengües</strong> i el foment de  <strong>consciència plurilingüe</strong>.</p>
<p>-El desenvolupament de la <strong>competència lingüística</strong> des d&#8217;un <strong>enfocament comunicatiu i funcional</strong>, optant decididament per <strong>vehicular el procés de desenvolupament lingüístic al voltant de la dimensió literària.</strong></p>
<p>-El desenvolupament de les competències relacionades amb <strong>l&#8217;accés a la informació i la seva gestió, potenciant l´anàlisi crítica, la síntesi, la reorganització d&#8217;aquesta informació i la transmissió</strong> adequada més adequada d&#8217;aquesta.</p>
<p>-Possibilitar a l´alumnat esdevenir <strong>gestor del seu aprenentatge</strong>, <strong>conscient</strong>  de les seves <strong>capacitats </strong>i que pugui i<strong>dentificar</strong> les seves <strong>necessitats </strong>per tal de construir un sentiment de competència personal que el motivi davant l´aprenentatge.</p>
<p>-La promoció dels valors relacionats amb <strong>l&#8217;autonomia i la iniciativa personal</strong> (responsabilitat, perseverança, autocrítica,control emocional, etc&#8230;).</p>
<p>-La priorització de dinàmiques que fomentin la <strong>construcció conjunta dels</strong> <strong>aprenentatges</strong> , com ara el <strong>treball cooperatiu</strong> i el <strong>creixement a través del diàleg</strong> (aprenentatge dialògic).</p>
<p>-El treball per a la <strong>millora dels resultats acadèmics i l´optimització de recursos per tal d´aconseguir aquesta millora.</strong></p>
<p>-La formació de <strong>persones actives</strong> en la construcció d´una <strong>societat democràtica , tolerant i solidària.</strong></p>
<p>-La <strong>participació de les famílies </strong>a la vida del centre i a <strong>dinàmiques específiques d´aula.</strong></p>
<p>&#8211;<strong>El treball en xarxa amb centres educatius i entitats</strong> del barri i de la ciutat per abordar conjuntament projectes que donin resposta a les necessitats de la comunitat educativa.</p>
<p>Globalment volem generar les condicions, tant pedagògiques com organitzatives que possibilitin  una educació integral i un bon desenvolupament personal i relacional dels nens i nenes per tal que esdevinguin persones autònomes, responsables competents i compromeses. El respecte, la tolerància i la cooperació entre les famílies i l´escola seran els elements fonamentals de la nostra manera d&#8217;entendre l&#8217;educació.</p>
<p>&nbsp;</p>
<p>&nbsp;</p>

<p>-L´acompanyament educatiu i l´acollida emocional dels alumnes mitjançant l´acció tutorial i les activitats dirigides a fomentar el creixement personal i [&hellip;]</p>
