{"id":584,"date":"2018-11-16T15:34:36","date_gmt":"2018-11-16T14:34:36","guid":{"rendered":"http:\/\/agora.xtec.cat\/ernestlluchhospitalet\/?page_id=584"},"modified":"2022-05-24T16:17:04","modified_gmt":"2022-05-24T14:17:04","slug":"els-nostres-trets-didentitat","status":"publish","type":"page","link":"https:\/\/agora.xtec.cat\/ernestlluchhospitalet\/lescola\/els-nostres-trets-didentitat\/","title":{"rendered":"Els nostres trets d&#8217;identitat"},"content":{"rendered":"<p>Entenem l&#8217;escola com una organitzaci\u00f3 que situa la seva finalitat m\u00e9s enll\u00e0 del propi centre\u00a0 educatiu, la funci\u00f3 de la qual \u00e9s\u00a0 formar ciutadans del segle XXI en un context socioecon\u00f2mic i cultural espec\u00edfic i amb la perspectiva d\u00b4un futur complex.<\/p>\n<p>Partint d\u2019aquesta premissa a l\u2019escola Ernest Lluch volem orientar la nostra acci\u00f3 educativa\u00a0\u00a0 a partir de\u00a0 quatre eixos fonamentals :<\/p>\n<ul>\n<li>Eduquem per <strong>conviure , relacionar-nos amb els altresi comunicar-nosde manera constructiva i pac\u00edfica<\/strong>, en un entornen el qual la diversitat volem que esdevingui un factor generador de riquesa personal i col\u00b7lectiva.<\/li>\n<li>Eduquem per <strong>estimar i valorar el coneixementcom a font demillora i gaudial llarg de tota la vida<\/strong>, tot potenciant aquellesactivitats que facilitaran aquestes conductes : la dinamitzaci\u00f3 lectora, la sensibilitzaci\u00f3 i capacitaci\u00f3 musical i pl\u00e0stica, els debats, els di\u00e0legs i totes aquelles activitats que portin el\/la nen\/aainterrogar-se sobre el m\u00f3n des d\u2019una perspectiva oberta, amb la voluntat d\u2019interpretar i donar una resposta pr\u00f2pia a all\u00f2\u00a0 que passa\u00a0\u00a0 al nostre voltant i de con\u00e8ixer les respostes que al llarg de la hist\u00f2ria han anat donant els nostres predecessors.<\/li>\n<li>Eduquem per <strong>garantir que tots els ciutadans puguin tenir les mateixes oportunitats formatives <\/strong>en els seu primers anys de vida. En aquest sentit creiem que una de les funcions principals de l\u2019escola p\u00fablica \u00e9s la de treballar per la compensaci\u00f3 de les desigualtats socials, econ\u00f2miques i culturals que hi ha en la nostra societat.<\/li>\n<li>Eduquem <strong>en col\u00b7laboraci\u00f3<\/strong>, tots els agents que incideixen en el fet educatiu han d\u2019encaminar les seves actuacions vers la mateixa direcci\u00f3; cal el comprom\u00eds sincer de tots per tal de progressar en la consecuci\u00f3 d\u2019objectius d\u2019\u00e8xit.<\/li>\n<\/ul>\n<p>Partint d\u2019aquests quatre eixos l\u2019escola Ernest Lluch t\u00e9 la voluntat de ser :<\/p>\n<p>* Una <strong>escola catalana<\/strong>, que garanteixi el coneixement de la nostra llengua i de la cultura. Que faci possible que aquesta llengua esdevingui la llengua vehicular al centre, tot posant en valor la diversitat ling\u00fc\u00edstica i cultural dels alumnes com a font fe riquesa personal.<\/p>\n<p>*Una <strong>escola que propici\u00ef un sentiment de pertinen\u00e7a i arrelament<\/strong> que permeti a les persones integrar-se i, al mateix temps, obrir-se al mon amb seguretat.<\/p>\n<p>*Una <strong>escola accessible, acollidora i plural<\/strong>. Que fomenti valors de conviv\u00e8ncia i toler\u00e0ncia, on tothom se senti acollit, integrat, acceptat i respectat, on es facilitin les condicions necess\u00e0ries per desenvolupar-se emocional i intel\u00b7lectualment.<\/p>\n<p>On les fam\u00edlies tinguin el seu espai, on tothom pugui expressar les seves ideologies i opcions religioses en un clima de respecte i llibertat sense, per\u00f2, adoctrinar.On s\u2019apliquin els principis b\u00e0sics d\u2019una societat democr\u00e0tica: di\u00e0leg i participaci\u00f3.<\/p>\n<p>*Una <strong>escola oberta a l\u2019entorn i a la participaci\u00f3<\/strong>. Que treballi en xarxa amb les entitats i centres educatius de la ciutat i que propici\u00ef l\u2019associaci\u00f3 i la cooperaci\u00f3 com a factors de creixement i millora.<\/p>\n<p>*Una <strong>escola que centri la seva pr\u00e0ctica docent en el desenvolupament de les compet\u00e8nciesb\u00e0siques de tot l\u2019alumnat<\/strong>, entenent com a compet\u00e8ncia la capacitat\u00a0 d\u2019actuar efica\u00e7ment en situacions diverses, complexes i imprevisibles, que diversifiquiels recursos i les situacions d\u2019aprenentatge per tal que tots els nens i nenes puguin assolir l\u2019excel\u00b7l\u00e8nciai basi les seves actuacions en la confian\u00e7a en les possibilitats d\u2019aprenentatge que tota persona t\u00e9.<\/p>\n<p>*Una <strong>escola que consideri els quatre pilars b\u00e0sics de l\u2019educaci\u00f3:aprendre a ser, aprendre a fer, aprendre a con\u00e8ixer i aprendre a conviure.<\/strong><\/p>\n<p><strong>\u00a0<\/strong>*Una <strong>escola que cerqui l\u2019equitat i la promoci\u00f3 personal <\/strong>, on tot l\u2019alumnat pugui aconseguir unes fites o resultats amb independ\u00e8ncia del seu sexe, de la seva proced\u00e8ncia o de possibles trets diferencials; des d\u00b4on tothom pugui accedir a projectes espec\u00edfics de diferents tipologies ( Ex.\u201cTandem\u201d) que li facilitin l\u2019acc\u00e9s a entorns culturals de qualitat.<\/p>\n<p>*Una <strong>escola que gaudeixi d\u2019un bon ambient\u00a0 relacional<\/strong>, centrat en les persones i en l\u2019optimitzaci\u00f3 dels aprenentatges.<\/p>\n<p>*Una <strong>escola compromesa amb el desenvolupament sostenible<\/strong>, on s\u2019adquireixin compromisos per portar a terme accions educatives mediambientals i on es fomentin unes relacions socials i unes pautes de conducta solidaries i sostenibles tamb\u00e9 a nivell social.<\/p>\n<p>*Una <strong>escola on s\u2019eduqui des del testimoni i la manera de fer <\/strong>d\u2019uns i unes professionals cordials i acollidors amb les persones i atents al m\u00f3n on viuen com a ciutadans que s\u00f3n i al medi educatiu en el qual participen per aprendre, incorporar i aportar. Una escola formada per professionals que estiguin compromesos en anar m\u00e9s enll\u00e0 de l\u2019inter\u00e8s particular per construir un projecte com\u00fa.<\/p>\n<p>*Una <strong>escola que vetlli per la millorar de la qualitat professional\u00a0 del personal del centre<\/strong>; on es fomenti la formaci\u00f3 pedag\u00f2gica i la reflexi\u00f3 sobre la pr\u00e0ctica educativa com a responsabilitat personal i professional.<\/p>\n<p>*Una <strong>escola que fomenti l\u2019aprenentatge continuat de tots els membres de la comunitateducativa<\/strong>, on es cre\u00efn espais per compartir els fonaments pedag\u00f2gics de les accions educatives i on es portin a terme activitats de formaci\u00f3 critica i compartida dels eixos fonamentals per mantenir i consolidar una escola de la qual tots ens sentim satisfets d\u2019all\u00f2 que fem.<\/p>\n<p>*Una <strong>escola que doni resposta a les necessitats formatives de la societat actual<\/strong>, fomentant l\u00b4 \u00fas dels recursos tecnol\u00f2gics com a eines habituals de comunicaci\u00f3, aprenentatge i recerca.<\/p>\n<p>*Una <strong>escola que potenci\u00ef l\u2019\u00fas de les lleng\u00fces estrangeres<\/strong> en la seva vessant d\u2019eines b\u00e0siques de relaci\u00f3 entre persones i obtenci\u00f3 de coneixement.<\/p>\n<p>*Una <strong>escola oberta a fer una bona gesti\u00f3 dels canvis<\/strong>. A la LEC s\u2019afirma que \u201cels canvis accelerats de la societat actual,(&#8230;.) reclamen una escola que doni respostes singulars i flexibles\u201d i ens empeny a afrontar nous reptes; cal \u00e9sser creatius i innovadors,\u00a0 ja que si be \u00e9s necessari consolidar referents que defineixin una manera de fer i entendre l\u2019educaci\u00f3, cal \u00e9sser conscients de la necessitat de cr\u00edtica i canvi, res \u00e9s del tot tancat.<\/p>\n<p>*Una <strong>escola eficient<\/strong>, que vetlli per a l\u2019optimitzaci\u00f3 i efic\u00e0cia dels recursos (econ\u00f2mics, personals, infraestructures, tecnol\u00f2gics, etc&#8230;).<\/p>\n<p>*Una escola que gaudeixi d\u2019una <strong>\u00f2ptima gesti\u00f3 de la informaci\u00f3 i la comunicaci\u00f3<\/strong>.<\/p>\n<p>*Una escola que <strong>cerqui la millora<\/strong> constant en tots els camps (curricular i organitzatiu), basant aquest proc\u00e9s d\u2019autoregulaci\u00f3 per aconseguir la qualitat, en l\u2019avaluaci\u00f3 cont\u00ednua, tant dels processos com dels resultats.<\/p>\n","protected":false},"excerpt":{"rendered":"<p>Entenem l&#8217;escola com una organitzaci\u00f3 que situa la seva finalitat m\u00e9s enll\u00e0 del propi centre\u00a0 educatiu, la funci\u00f3 de la [&hellip;]<\/p>\n","protected":false},"author":1,"featured_media":0,"parent":22,"menu_order":50,"comment_status":"closed","ping_status":"closed","template":"","meta":{"_bbp_topic_count":0,"_bbp_reply_count":0,"_bbp_total_topic_count":0,"_bbp_total_reply_count":0,"_bbp_voice_count":0,"_bbp_anonymous_reply_count":0,"_bbp_topic_count_hidden":0,"_bbp_reply_count_hidden":0,"_bbp_forum_subforum_count":0,"site-sidebar-layout":"default","site-content-layout":"","ast-site-content-layout":"","site-content-style":"default","site-sidebar-style":"default","ast-global-header-display":"","ast-banner-title-visibility":"","ast-main-header-display":"","ast-hfb-above-header-display":"","ast-hfb-below-header-display":"","ast-hfb-mobile-header-display":"","site-post-title":"","ast-breadcrumbs-content":"","ast-featured-img":"","footer-sml-layout":"","theme-transparent-header-meta":"","adv-header-id-meta":"","stick-header-meta":"","header-above-stick-meta":"","header-main-stick-meta":"","header-below-stick-meta":"","astra-migrate-meta-layouts":"default","ast-page-background-enabled":"default","ast-page-background-meta":{"desktop":{"background-color":"var(--ast-global-color-4)","background-image":"","background-repeat":"repeat","background-position":"center center","background-size":"auto","background-attachment":"scroll","background-type":"","background-media":"","overlay-type":"","overlay-color":"","overlay-opacity":"","overlay-gradient":""},"tablet":{"background-color":"","background-image":"","background-repeat":"repeat","background-position":"center center","background-size":"auto","background-attachment":"scroll","background-type":"","background-media":"","overlay-type":"","overlay-color":"","overlay-opacity":"","overlay-gradient":""},"mobile":{"background-color":"","background-image":"","background-repeat":"repeat","background-position":"center center","background-size":"auto","background-attachment":"scroll","background-type":"","background-media":"","overlay-type":"","overlay-color":"","overlay-opacity":"","overlay-gradient":""}},"ast-content-background-meta":{"desktop":{"background-color":"var(--ast-global-color-5)","background-image":"","background-repeat":"repeat","background-position":"center center","background-size":"auto","background-attachment":"scroll","background-type":"","background-media":"","overlay-type":"","overlay-color":"","overlay-opacity":"","overlay-gradient":""},"tablet":{"background-color":"var(--ast-global-color-5)","background-image":"","background-repeat":"repeat","background-position":"center center","background-size":"auto","background-attachment":"scroll","background-type":"","background-media":"","overlay-type":"","overlay-color":"","overlay-opacity":"","overlay-gradient":""},"mobile":{"background-color":"var(--ast-global-color-5)","background-image":"","background-repeat":"repeat","background-position":"center center","background-size":"auto","background-attachment":"scroll","background-type":"","background-media":"","overlay-type":"","overlay-color":"","overlay-opacity":"","overlay-gradient":""}},"footnotes":""},"class_list":["post-584","page","type-page","status-publish","hentry"],"post_mailing_queue_ids":[],"_links":{"self":[{"href":"https:\/\/agora.xtec.cat\/ernestlluchhospitalet\/wp-json\/wp\/v2\/pages\/584","targetHints":{"allow":["GET"]}}],"collection":[{"href":"https:\/\/agora.xtec.cat\/ernestlluchhospitalet\/wp-json\/wp\/v2\/pages"}],"about":[{"href":"https:\/\/agora.xtec.cat\/ernestlluchhospitalet\/wp-json\/wp\/v2\/types\/page"}],"author":[{"embeddable":true,"href":"https:\/\/agora.xtec.cat\/ernestlluchhospitalet\/wp-json\/wp\/v2\/users\/1"}],"replies":[{"embeddable":true,"href":"https:\/\/agora.xtec.cat\/ernestlluchhospitalet\/wp-json\/wp\/v2\/comments?post=584"}],"version-history":[{"count":2,"href":"https:\/\/agora.xtec.cat\/ernestlluchhospitalet\/wp-json\/wp\/v2\/pages\/584\/revisions"}],"predecessor-version":[{"id":596,"href":"https:\/\/agora.xtec.cat\/ernestlluchhospitalet\/wp-json\/wp\/v2\/pages\/584\/revisions\/596"}],"up":[{"embeddable":true,"href":"https:\/\/agora.xtec.cat\/ernestlluchhospitalet\/wp-json\/wp\/v2\/pages\/22"}],"wp:attachment":[{"href":"https:\/\/agora.xtec.cat\/ernestlluchhospitalet\/wp-json\/wp\/v2\/media?parent=584"}],"curies":[{"name":"wp","href":"https:\/\/api.w.org\/{rel}","templated":true}]}}

<p>Entenem l&#8217;escola com una organització que situa la seva finalitat més enllà del propi centre  educatiu, la funció de la qual és  formar ciutadans del segle XXI en un context socioeconòmic i cultural específic i amb la perspectiva d´un futur complex.</p>
<p>Partint d’aquesta premissa a l’escola Ernest Lluch volem orientar la nostra acció educativa   a partir de  quatre eixos fonamentals :</p>
<ul>
<li>Eduquem per <strong>conviure , relacionar-nos amb els altresi comunicar-nosde manera constructiva i pacífica</strong>, en un entornen el qual la diversitat volem que esdevingui un factor generador de riquesa personal i col·lectiva.</li>
<li>Eduquem per <strong>estimar i valorar el coneixementcom a font demillora i gaudial llarg de tota la vida</strong>, tot potenciant aquellesactivitats que facilitaran aquestes conductes : la dinamització lectora, la sensibilització i capacitació musical i plàstica, els debats, els diàlegs i totes aquelles activitats que portin el/la nen/aainterrogar-se sobre el món des d’una perspectiva oberta, amb la voluntat d’interpretar i donar una resposta pròpia a allò  que passa   al nostre voltant i de conèixer les respostes que al llarg de la història han anat donant els nostres predecessors.</li>
<li>Eduquem per <strong>garantir que tots els ciutadans puguin tenir les mateixes oportunitats formatives </strong>en els seu primers anys de vida. En aquest sentit creiem que una de les funcions principals de l’escola pública és la de treballar per la compensació de les desigualtats socials, econòmiques i culturals que hi ha en la nostra societat.</li>
<li>Eduquem <strong>en col·laboració</strong>, tots els agents que incideixen en el fet educatiu han d’encaminar les seves actuacions vers la mateixa direcció; cal el compromís sincer de tots per tal de progressar en la consecució d’objectius d’èxit.</li>
</ul>
<p>Partint d’aquests quatre eixos l’escola Ernest Lluch té la voluntat de ser :</p>
<p>* Una <strong>escola catalana</strong>, que garanteixi el coneixement de la nostra llengua i de la cultura. Que faci possible que aquesta llengua esdevingui la llengua vehicular al centre, tot posant en valor la diversitat lingüística i cultural dels alumnes com a font fe riquesa personal.</p>
<p>*Una <strong>escola que propiciï un sentiment de pertinença i arrelament</strong> que permeti a les persones integrar-se i, al mateix temps, obrir-se al mon amb seguretat.</p>
<p>*Una <strong>escola accessible, acollidora i plural</strong>. Que fomenti valors de convivència i tolerància, on tothom se senti acollit, integrat, acceptat i respectat, on es facilitin les condicions necessàries per desenvolupar-se emocional i intel·lectualment.</p>
<p>On les famílies tinguin el seu espai, on tothom pugui expressar les seves ideologies i opcions religioses en un clima de respecte i llibertat sense, però, adoctrinar.On s’apliquin els principis bàsics d’una societat democràtica: diàleg i participació.</p>
<p>*Una <strong>escola oberta a l’entorn i a la participació</strong>. Que treballi en xarxa amb les entitats i centres educatius de la ciutat i que propiciï l’associació i la cooperació com a factors de creixement i millora.</p>
<p>*Una <strong>escola que centri la seva pràctica docent en el desenvolupament de les competènciesbàsiques de tot l’alumnat</strong>, entenent com a competència la capacitat  d’actuar eficaçment en situacions diverses, complexes i imprevisibles, que diversifiquiels recursos i les situacions d’aprenentatge per tal que tots els nens i nenes puguin assolir l’excel·lènciai basi les seves actuacions en la confiança en les possibilitats d’aprenentatge que tota persona té.</p>
<p>*Una <strong>escola que consideri els quatre pilars bàsics de l’educació:aprendre a ser, aprendre a fer, aprendre a conèixer i aprendre a conviure.</strong></p>
<p><strong> </strong>*Una <strong>escola que cerqui l’equitat i la promoció personal </strong>, on tot l’alumnat pugui aconseguir unes fites o resultats amb independència del seu sexe, de la seva procedència o de possibles trets diferencials; des d´on tothom pugui accedir a projectes específics de diferents tipologies ( Ex.“Tandem”) que li facilitin l’accés a entorns culturals de qualitat.</p>
<p>*Una <strong>escola que gaudeixi d’un bon ambient  relacional</strong>, centrat en les persones i en l’optimització dels aprenentatges.</p>
<p>*Una <strong>escola compromesa amb el desenvolupament sostenible</strong>, on s’adquireixin compromisos per portar a terme accions educatives mediambientals i on es fomentin unes relacions socials i unes pautes de conducta solidaries i sostenibles també a nivell social.</p>
<p>*Una <strong>escola on s’eduqui des del testimoni i la manera de fer </strong>d’uns i unes professionals cordials i acollidors amb les persones i atents al món on viuen com a ciutadans que són i al medi educatiu en el qual participen per aprendre, incorporar i aportar. Una escola formada per professionals que estiguin compromesos en anar més enllà de l’interès particular per construir un projecte comú.</p>
<p>*Una <strong>escola que vetlli per la millorar de la qualitat professional  del personal del centre</strong>; on es fomenti la formació pedagògica i la reflexió sobre la pràctica educativa com a responsabilitat personal i professional.</p>
<p>*Una <strong>escola que fomenti l’aprenentatge continuat de tots els membres de la comunitateducativa</strong>, on es creïn espais per compartir els fonaments pedagògics de les accions educatives i on es portin a terme activitats de formació critica i compartida dels eixos fonamentals per mantenir i consolidar una escola de la qual tots ens sentim satisfets d’allò que fem.</p>
<p>*Una <strong>escola que doni resposta a les necessitats formatives de la societat actual</strong>, fomentant l´ ús dels recursos tecnològics com a eines habituals de comunicació, aprenentatge i recerca.</p>
<p>*Una <strong>escola que potenciï l’ús de les llengües estrangeres</strong> en la seva vessant d’eines bàsiques de relació entre persones i obtenció de coneixement.</p>
<p>*Una <strong>escola oberta a fer una bona gestió dels canvis</strong>. A la LEC s’afirma que “els canvis accelerats de la societat actual,(&#8230;.) reclamen una escola que doni respostes singulars i flexibles” i ens empeny a afrontar nous reptes; cal ésser creatius i innovadors,  ja que si be és necessari consolidar referents que defineixin una manera de fer i entendre l’educació, cal ésser conscients de la necessitat de crítica i canvi, res és del tot tancat.</p>
<p>*Una <strong>escola eficient</strong>, que vetlli per a l’optimització i eficàcia dels recursos (econòmics, personals, infraestructures, tecnològics, etc&#8230;).</p>
<p>*Una escola que gaudeixi d’una <strong>òptima gestió de la informació i la comunicació</strong>.</p>
<p>*Una escola que <strong>cerqui la millora</strong> constant en tots els camps (curricular i organitzatiu), basant aquest procés d’autoregulació per aconseguir la qualitat, en l’avaluació contínua, tant dels processos com dels resultats.</p>

<p>Entenem l&#8217;escola com una organització que situa la seva finalitat més enllà del propi centre  educatiu, la funció de la [&hellip;]</p>
