{"id":601,"date":"2021-09-28T17:09:30","date_gmt":"2021-09-28T15:09:30","guid":{"rendered":"https:\/\/agora.xtec.cat\/ehtg\/?page_id=601"},"modified":"2025-03-24T15:46:38","modified_gmt":"2025-03-24T14:46:38","slug":"serveis-en-restauracio-2","status":"publish","type":"page","link":"https:\/\/agora.xtec.cat\/ehtg\/serveis-en-restauracio-2\/","title":{"rendered":"Serveis en restauraci\u00f3"},"content":{"rendered":"<p>Aqu\u00ed trobareu la fitxa de descripci\u00f3 i informaci\u00f3 del\u00a0<a href=\"https:\/\/docs.google.com\/document\/d\/12ERz5XUm6onXnRXk2nDH-bag-m6FD4wd\/edit?usp=sharing&amp;ouid=102292695986353364982&amp;rtpof=true&amp;sd=true\" target=\"_blank\" rel=\"noopener\">cicle de serveis en restauraci\u00f3 (CFPM_HT30_CA)<\/a><\/p>\n<p>I m\u00e9s informaci\u00f3 en aquest\u00a0<a href=\"https:\/\/triaeducativa.gencat.cat\/ca\/estudis\/?serveis-restauracio&amp;p_id=84\" target=\"_blank\" rel=\"noopener\">enlla\u00e7 d\u2019Educaci\u00f3 Gencat<\/a><\/p>\n<p><iframe loading=\"lazy\" src=\"\/\/www.youtube.com\/embed\/QBKphS8Vawg\" width=\"560\" height=\"314\" allowfullscreen=\"allowfullscreen\"><\/iframe><\/p>\n<p>&nbsp;<\/p>\n<p style=\"text-align: right;\"><strong>Actualitzat: 24\/03\/2025<\/strong><\/p>\n","protected":false},"excerpt":{"rendered":"<p>Aqu\u00ed trobareu la fitxa de descripci\u00f3 i informaci\u00f3 del\u00a0<a href=\"https:\/\/docs.google.com\/document\/d\/12ERz5XUm6onXnRXk2nDH-bag-m6FD4wd\/edit?usp=sharing&amp;ouid=102292695986353364982&amp;rtpof=true&amp;sd=true\" target=\"_blank\" rel=\"noopener\">cicle de serveis en restauraci\u00f3 (CFPM_HT30_CA)<\/a><br \/>\nI m\u00e9s informaci\u00f3 en aquest\u00a0<a href=\"https:\/\/triaeducativa.gencat.cat\/ca\/estudis\/?serveis-restauracio&amp;p_id=84\" target=\"_blank\" rel=\"noopener\">enlla\u00e7 d\u2019Educaci\u00f3 Gencat<\/a><\/p>\n<p>&nbsp;<br \/>\nActualitzat: 24\/03\/2025<\/p>\n","protected":false},"author":1,"featured_media":0,"parent":0,"menu_order":0,"comment_status":"closed","ping_status":"closed","template":"","meta":{"_bbp_topic_count":0,"_bbp_reply_count":0,"_bbp_total_topic_count":0,"_bbp_total_reply_count":0,"_bbp_voice_count":0,"_bbp_anonymous_reply_count":0,"_bbp_topic_count_hidden":0,"_bbp_reply_count_hidden":0,"_bbp_forum_subforum_count":0,"footnotes":""},"class_list":["post-601","page","type-page","status-publish","hentry"],"post_mailing_queue_ids":[],"_links":{"self":[{"href":"https:\/\/agora.xtec.cat\/ehtg\/wp-json\/wp\/v2\/pages\/601","targetHints":{"allow":["GET"]}}],"collection":[{"href":"https:\/\/agora.xtec.cat\/ehtg\/wp-json\/wp\/v2\/pages"}],"about":[{"href":"https:\/\/agora.xtec.cat\/ehtg\/wp-json\/wp\/v2\/types\/page"}],"author":[{"embeddable":true,"href":"https:\/\/agora.xtec.cat\/ehtg\/wp-json\/wp\/v2\/users\/1"}],"replies":[{"embeddable":true,"href":"https:\/\/agora.xtec.cat\/ehtg\/wp-json\/wp\/v2\/comments?post=601"}],"version-history":[{"count":6,"href":"https:\/\/agora.xtec.cat\/ehtg\/wp-json\/wp\/v2\/pages\/601\/revisions"}],"predecessor-version":[{"id":13142,"href":"https:\/\/agora.xtec.cat\/ehtg\/wp-json\/wp\/v2\/pages\/601\/revisions\/13142"}],"wp:attachment":[{"href":"https:\/\/agora.xtec.cat\/ehtg\/wp-json\/wp\/v2\/media?parent=601"}],"curies":[{"name":"wp","href":"https:\/\/api.w.org\/{rel}","templated":true}]}}