{"id":562,"date":"2021-09-28T17:02:21","date_gmt":"2021-09-28T15:02:21","guid":{"rendered":"https:\/\/agora.xtec.cat\/ehtg\/?page_id=562"},"modified":"2026-04-07T18:07:19","modified_gmt":"2026-04-07T16:07:19","slug":"beques","status":"publish","type":"page","link":"https:\/\/agora.xtec.cat\/ehtg\/beques\/","title":{"rendered":"Beques"},"content":{"rendered":"<p>&nbsp;<\/p>\n<h4 style=\"text-align: center;\"><strong style=\"font-family: inherit; font-size: 1em;\">Del 7 d&#8217;abril a les 8:00 fins al 18 de maig de 2026 a les 15:00<\/strong><\/h4>\n<p>&nbsp;<\/p>\n<div class=\"bloc-mobil\" style=\"text-align: center;\">\n<div class=\"descripcio link-dotted\">\n<p><strong>Sol\u00b7licita-la dins del termini, encara que no s\u00e0pigues el que estudiar\u00e0s, o fins i tot encara que no s\u00e0pigues si estudiar\u00e0s o no.<\/strong><\/p>\n<p><strong><a style=\"font-family: inherit; font-size: 1em;\" href=\"https:\/\/web.gencat.cat\/ca\/ciutadania\/serveis\/educacio-formacio\/beques-estudis-no-universitaris#accordion-beb7d9af2d-item-94f622dcdf\" target=\"_blank\" rel=\"noopener\">Beques per a ensenyaments postobligatoris no universitaris<\/a><span style=\"font-family: inherit; font-size: 1em;\"> (GENCAT)<\/span><\/strong><\/p>\n<\/div>\n<\/div>\n<p style=\"text-align: center;\"><strong><a href=\"https:\/\/www.educacionfpydeportes.gob.es\/servicios-al-ciudadano\/catalogo\/general\/05\/050130\/ficha\/050130-2026.html\" target=\"_blank\" rel=\"noopener\">Becas y ayudas para estudiar Formaci\u00f3n Profesional<\/a>\u00a0 (MEC)<\/strong><\/p>\n<p style=\"text-align: center;\"><a href=\"https:\/\/web.girona.cat\/estacio\" target=\"_blank\" rel=\"noopener\"><strong>Manual de suport per demanar una beca general de l&#8217;Estaci\u00f3 espai jove<\/strong><\/a><\/p>\n<p>&nbsp;<\/p>\n<p>Les\u00a0<strong>beques<\/strong>\u00a0s\u00f3n ajudes per a la realitzaci\u00f3 d&#8217;<strong>estudis o recerques cient\u00edfiques<\/strong>, i estan adre\u00e7ades a estudiants de totes les etapes educatives.<br \/>\nEn el cas de les\u00a0<strong>beques d&#8217;estudi<\/strong>, serveixen per a cursar estudis obligatoris o postobligatoris, i sempre s&#8217;atorguen quan l&#8217;estudiant compleix amb els requisits establerts en la convocat\u00f2ria.<\/p>\n<p>Existeixen diferents beques per estudiar.\u00a0 Et recomanem que coneguis totes les<strong>\u00a0beques i ajudes\u00a0<\/strong>a les quals pots optar. En aquest <strong><a href=\"https:\/\/www.educaweb.cat\/continguts\/educatius\/beques-ajudes-premis\/beques-ministeri-educacio-formacio-professional\/beques-ajudes-estudiants\/\">enlla\u00e7<\/a><\/strong>, et presentem un resum d&#8217;aquelles que et permetran seguir amb la teva formaci\u00f3 o la dels teus.<\/p>\n<p>Els\u00a0<strong>passos <\/strong>i les<strong> indicacions generals<\/strong>\u00a0estan al web del Ministeri d&#8217;Educaci\u00f3 i Formaci\u00f3 Professional. Comprova les dates amb antelaci\u00f3, ja que estan subjectes a canvis anuals.<\/p>\n<p>Tingues en compte que des de la\u00a0<strong>Generalitat de Catalunya<\/strong> tamb\u00e9 es promouen les ajudes econ\u00f2miques en aquesta etapa i les convocat\u00f2ries es publiquen al web oficial de cada departament. Informa&#8217;t si s\u00f3n acumulatives amb les del Ministeri o si, al contrari, nom\u00e9s es pot sol\u00b7licitar una de les prestacions.<\/p>\n<div><\/div>\n<p>&nbsp;<\/p>\n<div><\/div>\n<div style=\"text-align: right;\"><strong>Actualitzat: 07\/04\/2026<\/strong><\/div>\n","protected":false},"excerpt":{"rendered":"<p>&nbsp;<br \/>\nDel 7 d&#8217;abril a les 8:00 fins al 18 de maig de 2026 a les 15:00<br \/>\n&nbsp;<\/p>\n<p>Sol\u00b7licita-la dins del termini, encara que no s\u00e0pigues el que estudiar\u00e0s, o fins i tot encara que no s\u00e0pigues si estudiar\u00e0s o no.<br \/>\n<a style=\"font-family: inherit; font-size: 1em;\" href=\"https:\/\/web.gencat.cat\/ca\/ciutadania\/serveis\/educacio-formacio\/beques-estudis-no-universitaris#accordion-beb7d9af2d-item-94f622dcdf\" target=\"_blank\" rel=\"noopener\">Beques&hellip;  <a href=\"https:\/\/agora.xtec.cat\/ehtg\/beques\/\" title=\"Read Beques\">Llegeix m\u00e9s\u00bb<\/a><\/p>\n","protected":false},"author":1,"featured_media":0,"parent":0,"menu_order":0,"comment_status":"closed","ping_status":"closed","template":"","meta":{"_bbp_topic_count":0,"_bbp_reply_count":0,"_bbp_total_topic_count":0,"_bbp_total_reply_count":0,"_bbp_voice_count":0,"_bbp_anonymous_reply_count":0,"_bbp_topic_count_hidden":0,"_bbp_reply_count_hidden":0,"_bbp_forum_subforum_count":0,"footnotes":""},"class_list":["post-562","page","type-page","status-publish","hentry"],"post_mailing_queue_ids":[],"_links":{"self":[{"href":"https:\/\/agora.xtec.cat\/ehtg\/wp-json\/wp\/v2\/pages\/562","targetHints":{"allow":["GET"]}}],"collection":[{"href":"https:\/\/agora.xtec.cat\/ehtg\/wp-json\/wp\/v2\/pages"}],"about":[{"href":"https:\/\/agora.xtec.cat\/ehtg\/wp-json\/wp\/v2\/types\/page"}],"author":[{"embeddable":true,"href":"https:\/\/agora.xtec.cat\/ehtg\/wp-json\/wp\/v2\/users\/1"}],"replies":[{"embeddable":true,"href":"https:\/\/agora.xtec.cat\/ehtg\/wp-json\/wp\/v2\/comments?post=562"}],"version-history":[{"count":6,"href":"https:\/\/agora.xtec.cat\/ehtg\/wp-json\/wp\/v2\/pages\/562\/revisions"}],"predecessor-version":[{"id":13590,"href":"https:\/\/agora.xtec.cat\/ehtg\/wp-json\/wp\/v2\/pages\/562\/revisions\/13590"}],"wp:attachment":[{"href":"https:\/\/agora.xtec.cat\/ehtg\/wp-json\/wp\/v2\/media?parent=562"}],"curies":[{"name":"wp","href":"https:\/\/api.w.org\/{rel}","templated":true}]}}