{"id":554,"date":"2021-09-28T17:02:20","date_gmt":"2021-09-28T15:02:20","guid":{"rendered":"https:\/\/agora.xtec.cat\/ehtg\/?page_id=554"},"modified":"2025-04-01T15:34:10","modified_gmt":"2025-04-01T13:34:10","slug":"mesures-flexibilitzadores","status":"publish","type":"page","link":"https:\/\/agora.xtec.cat\/ehtg\/mesures-flexibilitzadores\/","title":{"rendered":"Mesures flexibilitzadores"},"content":{"rendered":"<p>La matr\u00edcula semipresencial t\u00e9 com a finalitat\u00a0<strong>facilitar l&#8217;acc\u00e9s<\/strong>\u00a0als ensenyaments de formaci\u00f3 professional de les persones que\u00a0<strong>no poden assistir presencialment a totes les hores lectives<\/strong>\u00a0(per feina, per tenir cura d&#8217;altres persones o per qualsevol altra circumst\u00e0ncia excepcional). La incompatibilitat amb l&#8217;horari lectiu s&#8217;ha d&#8217;acreditar documentalment.<\/p>\n<p>Aquesta\u00a0<strong>mesura flexibilitzadora<\/strong>\u00a0combina les activitats presencials amb aquelles que no impliquen la pres\u00e8ncia dels alumnes en el centre.<\/p>\n<p><strong>Caracter\u00edstiques:\u00a0<\/strong><\/p>\n<ul>\n<li>Pot aplicar-se a tots els m\u00f2duls, cr\u00e8dits o unitats formatives que es cursin o nom\u00e9s a una part.<\/li>\n<li>Cal assistir presencialment almenys a la meitat de les hores previstes per al cr\u00e8dit o unitat formativa.<\/li>\n<li>Cal fer totes les activitats d&#8217;aprenentatge programades per al cr\u00e8dit o unitat formativa.<\/li>\n<li>Les activitats que els alumnes cursin de modalitat semipresencial han de comportar la mateixa c\u00e0rrega hor\u00e0ria que les presencials.<\/li>\n<li>Els professors tutoritzen les activitats dels alumnes de manera telem\u00e0tica o amb els mitjans que s&#8217;acordin conjuntament amb l&#8217;alumne.<\/li>\n<li>Els continguts cursats de manera semipresencial s&#8217;avaluen de manera presencial.<\/li>\n<\/ul>\n<p>\u00c9s una mesura de car\u00e0cter individual i es pot sol\u00b7licitar en centres educatius de titularitat p\u00fablica i privada.<\/p>\n<p>L&#8217;aplicaci\u00f3 de la matr\u00edcula semipresencial \u00e9s de lliure opci\u00f3 per part dels centres.<\/p>\n<p>&nbsp;<\/p>\n<p><strong>NORMATIVA<\/strong><\/p>\n<p><a href=\"https:\/\/dogc.gencat.cat\/ca\/document-del-dogc\/?documentId=656556\">Decret 28\/2014, de 4 de mar\u00e7<span class=\"sr-only\">. Obre en una nova finestra.<\/span><\/a><\/p>\n<p>D&#8217;ordenaci\u00f3 general dels ensenyaments professionals d&#8217;arts pl\u00e0stiques i disseny, i de modificaci\u00f3 del Decret 284\/2011, d&#8217;1 de mar\u00e7, d&#8217;ordenaci\u00f3 general de la formaci\u00f3 professional inicial (DOGC n\u00fam. 6576, de 06.03.2014)<\/p>\n<p>&nbsp;<\/p>\n<p style=\"text-align: right;\"><strong>Actualitzat: 01\/04\/2025<\/strong><\/p>\n","protected":false},"excerpt":{"rendered":"<p>La matr\u00edcula semipresencial t\u00e9 com a finalitat\u00a0facilitar l&#8217;acc\u00e9s\u00a0als ensenyaments de formaci\u00f3 professional de les persones que\u00a0no poden assistir presencialment a totes les hores lectives\u00a0(per feina, per tenir cura d&#8217;altres persones o per qualsevol altra circumst\u00e0ncia excepcional). La incompatibilitat amb l&#8217;horari lectiu s&#8217;ha d&#8217;acreditar documentalment.<br \/>\nAquesta\u00a0mesura flexibilitzadora\u00a0combina&hellip;  <a href=\"https:\/\/agora.xtec.cat\/ehtg\/mesures-flexibilitzadores\/\" title=\"Read Mesures flexibilitzadores\">Llegeix m\u00e9s\u00bb<\/a><\/p>\n","protected":false},"author":1,"featured_media":0,"parent":0,"menu_order":0,"comment_status":"closed","ping_status":"closed","template":"","meta":{"_bbp_topic_count":0,"_bbp_reply_count":0,"_bbp_total_topic_count":0,"_bbp_total_reply_count":0,"_bbp_voice_count":0,"_bbp_anonymous_reply_count":0,"_bbp_topic_count_hidden":0,"_bbp_reply_count_hidden":0,"_bbp_forum_subforum_count":0,"footnotes":""},"class_list":["post-554","page","type-page","status-publish","hentry"],"post_mailing_queue_ids":[],"_links":{"self":[{"href":"https:\/\/agora.xtec.cat\/ehtg\/wp-json\/wp\/v2\/pages\/554","targetHints":{"allow":["GET"]}}],"collection":[{"href":"https:\/\/agora.xtec.cat\/ehtg\/wp-json\/wp\/v2\/pages"}],"about":[{"href":"https:\/\/agora.xtec.cat\/ehtg\/wp-json\/wp\/v2\/types\/page"}],"author":[{"embeddable":true,"href":"https:\/\/agora.xtec.cat\/ehtg\/wp-json\/wp\/v2\/users\/1"}],"replies":[{"embeddable":true,"href":"https:\/\/agora.xtec.cat\/ehtg\/wp-json\/wp\/v2\/comments?post=554"}],"version-history":[{"count":6,"href":"https:\/\/agora.xtec.cat\/ehtg\/wp-json\/wp\/v2\/pages\/554\/revisions"}],"predecessor-version":[{"id":13182,"href":"https:\/\/agora.xtec.cat\/ehtg\/wp-json\/wp\/v2\/pages\/554\/revisions\/13182"}],"wp:attachment":[{"href":"https:\/\/agora.xtec.cat\/ehtg\/wp-json\/wp\/v2\/media?parent=554"}],"curies":[{"name":"wp","href":"https:\/\/api.w.org\/{rel}","templated":true}]}}