{"id":504,"date":"2021-09-13T17:19:57","date_gmt":"2021-09-13T15:19:57","guid":{"rendered":"https:\/\/agora.xtec.cat\/ehtg\/?page_id=504"},"modified":"2025-12-18T14:16:42","modified_gmt":"2025-12-18T13:16:42","slug":"cfgm","status":"publish","type":"page","link":"https:\/\/agora.xtec.cat\/ehtg\/cfgm\/","title":{"rendered":"Cicles formatius de grau mitj\u00e0"},"content":{"rendered":"<h5 style=\"text-align: left;\"><\/h5>\n<table style=\"height: 128px; width: 100%; border-collapse: collapse; background-color: #90d3f0; border-color: #030000; border-style: solid;\">\n<tbody>\n<tr style=\"height: 32px;\">\n<td style=\"width: 33.3333%; height: 32px; text-align: center;\"><strong>CICLE<\/strong><\/td>\n<td style=\"width: 33.3333%; height: 32px; text-align: center;\"><strong>FAM\u00cdLIA<\/strong><\/td>\n<td style=\"width: 33.3333%; height: 32px; text-align: center;\"><strong>CODI<\/strong><\/td>\n<\/tr>\n<tr style=\"height: 32px;\">\n<td style=\"width: 33.3333%; height: 32px; text-align: center;\"><a href=\"https:\/\/agora.xtec.cat\/ehtg\/cfgm-cuina-i-gastronomia\/\" target=\"_blank\" rel=\"noopener\">Cuina i gastronomia<\/a><\/td>\n<td style=\"width: 33.3333%; height: 32px; text-align: center;\">Hostaleria i turisme<\/td>\n<td style=\"width: 33.3333%; height: 32px; text-align: center;\">HT10<\/td>\n<\/tr>\n<tr style=\"height: 32px;\">\n<td style=\"width: 33.3333%; height: 32px; text-align: center;\"><a href=\"https:\/\/agora.xtec.cat\/ehtg\/serveis-en-restauracio-2\/\" target=\"_blank\" rel=\"noopener\">Serveis en restauraci\u00f3<\/a><\/td>\n<td style=\"width: 33.3333%; height: 32px; text-align: center;\">Hostaleria i turisme<\/td>\n<td style=\"width: 33.3333%; height: 32px; text-align: center;\">HT30<\/td>\n<\/tr>\n<tr style=\"height: 32px;\">\n<td style=\"width: 33.3333%; height: 32px; text-align: center;\"><a href=\"https:\/\/agora.xtec.cat\/ehtg\/forneria-pastisseria-i-confiteria\/\" target=\"_blank\" rel=\"noopener\">Forneria, pastisseria i confiteria<\/a><\/td>\n<td style=\"width: 33.3333%; height: 32px; text-align: center;\">Ind\u00fastries aliment\u00e0ries<\/td>\n<td style=\"width: 33.3333%; height: 32px; text-align: center;\">IA60<\/td>\n<\/tr>\n<\/tbody>\n<\/table>\n<p style=\"text-align: center;\"><a class=\"button small\" style=\"width: 250px; padding: 0.5em; font-weight: absolute; margin: 0.1em; color: #0a0a0a; background-color: #33bbff; border: 3px solid #0a0a0a;\" href=\"https:\/\/agora.xtec.cat\/ehtg\/beques\/\" target=\"_blank\" rel=\"noopener noreferrer\">BEQUES<\/a>\u00a0 \u00a0<a class=\"button small\" style=\"width: 250px; padding: 0.5em; font-weight: absolute; margin: 0.1em; color: #0a0a0a; background-color: #33bbff; border: 3px solid #0a0a0a;\" href=\"https:\/\/agora.xtec.cat\/ehtg\/tramits\/\" target=\"_blank\" rel=\"noopener noreferrer\">TR\u00c0MITS<\/a><\/p>\n<p style=\"text-align: center;\"><a class=\"button small\" style=\"width: 250px; padding: 0.5em; font-weight: absolute; margin: 0.1em; color: #0a0a0a; background-color: #33bbff; border: 3px solid #0a0a0a;\" href=\"https:\/\/docs.google.com\/spreadsheets\/d\/1qA_HnU_OzfFuwcG5rjByVo6sEqTDqq6jpGCnf3SJGEU\/edit?usp=sharing\" target=\"_blank\" rel=\"noopener noreferrer\">CALENDARI CURS<\/a>\u00a0 \u00a0<a class=\"button small\" style=\"width: 250px; padding: 0.5em; font-weight: absolute; margin: 0.1em; color: #0a0a0a; background-color: #33bbff; border: 3px solid #0a0a0a;\" href=\"https:\/\/agora.xtec.cat\/ehtg\/convalidacions\/\" target=\"_blank\" rel=\"noopener noreferrer\">CONVALIDACIONS<\/a><\/p>\n<p style=\"text-align: center;\"><a class=\"button small\" style=\"width: 250px; padding: 0.5em; font-weight: absolute; margin: 0.1em; color: #0a0a0a; background-color: #33bbff; border: 3px solid #0a0a0a;\" href=\"https:\/\/agora.xtec.cat\/ehtg\/preinscripcio-i-matricula\/\" target=\"_blank\" rel=\"noopener noreferrer\">MATRICULA<\/a>\u00a0 \u00a0<a class=\"button small\" style=\"width: 250px; padding: 0.5em; font-weight: absolute; margin: 0.1em; color: #0a0a0a; background-color: #33bbff; border: 3px solid #0a0a0a;\" href=\"https:\/\/agora.xtec.cat\/ehtg\/preinscripcio-24-25-cfgm\/\" target=\"_blank\" rel=\"noopener noreferrer\">PREINSCRIPCI\u00d3<\/a><\/p>\n<p>Els cicles formatius de grau mitj\u00e0 (CFGM) s\u00f3n ensenyaments professionalitzadors que proporcionen la formaci\u00f3 necess\u00e0ria per adquirir la compet\u00e8ncia professional i el coneixement propis de cada sector.<\/p>\n<p>S&#8217;agrupen en fam\u00edlies professionals i tenen una durada de 2.000 hores (en dos cursos acad\u00e8mics).<\/p>\n<p>La titulaci\u00f3 que s&#8217;obt\u00e9 en finalitzar un cicle formatiu de grau mitj\u00e0 \u00e9s la de <strong>t\u00e8cnic o t\u00e8cnica del perfil professional corresponent<\/strong>, que permet l&#8217;acc\u00e9s al m\u00f3n laboral, a altres cicles de grau mitj\u00e0 o als cicles de grau superior.<\/p>\n<p><strong>Tenen acc\u00e9s directe als cicles de grau mitj\u00e0<\/strong> les persones que compleixen algun dels requisits seg\u00fcents:<\/p>\n<ul>\n<li>Tenir el t\u00edtol de graduat en educaci\u00f3 secund\u00e0ria obligat\u00f2ria<\/li>\n<li>Tenir el t\u00edtol de t\u00e8cnic o de t\u00e8cnic auxiliar<\/li>\n<li>Haver superat el curs espec\u00edfic per a l&#8217;acc\u00e9s als cicles formatius de grau mitj\u00e0 (CAM)<\/li>\n<li>Haver superat el segon curs del batxillerat unificat i polivalent (BUP)<\/li>\n<li>Tenir altres estudis equivalents a efectes acad\u00e8mics<\/li>\n<li>Haver superat els m\u00f2duls obligatoris d&#8217;un programa de qualificaci\u00f3 professional inicial (PQPI)<\/li>\n<li>Haver superat la prova d&#8217;acc\u00e9s a la universitat per a majors de 25 anys, o de 45 anys, o haver accedit a la universitat per haver acreditat experi\u00e8ncia laboral o professional tenint complerts 40 anys d&#8217;edat<\/li>\n<li>Tenir un t\u00edtol per accedir a un cicle formatiu de grau superior<\/li>\n<\/ul>\n<p>Les persones que no compleixen cap dels requisits esmentats han de superar una prova d&#8217;acc\u00e9s. Per presentar-s&#8217;hi han de tenir, com a m\u00ednim, 17 anys l&#8217;any en qu\u00e8 es fa la prova.<\/p>\n<p><strong>Preinscripci\u00f3 i matr\u00edcula<\/strong><\/p>\n<p>Per cursar un cicle de grau mitj\u00e0 cal formalitzar la preinscripci\u00f3 i presentar-la al centre en qu\u00e8 es cursa l&#8217;ensenyament demanat en primer lloc.<\/p>\n<p>Per a l&#8217;assignaci\u00f3 de les places s&#8217;ordenen les sol\u00b7licituds segons la qualificaci\u00f3 mitjana de l&#8217;ESO o dels estudis equivalents; les sol\u00b7licituds que tenen la mateixa puntuaci\u00f3 s&#8217;ordenen a partir d&#8217;un n\u00famero de desempat que s&#8217;obt\u00e9 per sorteig.<\/p>\n<p>Hi ha un 20% de places reservades per als alumnes que accedeixen a un cicle mitjan\u00e7ant la prova d&#8217;acc\u00e9s o el curs espec\u00edfic d&#8217;acc\u00e9s; les sol\u00b7licituds d&#8217;aquests alumnes s&#8217;ordenen segons la qualificaci\u00f3 obtinguda a la prova o al curs.<\/p>\n<p>Aquests estudis s\u00f3n gratu\u00efts en els centres dependents del Departament d&#8217;Educaci\u00f3.<br \/>\nTrobareu m\u00e9s informaci\u00f3 al web preinscripcio.gencat.cat.<\/p>\n<p>Les persones que superen el cicle formatiu de grau mitj\u00e0 obtenen un t\u00edtol de t\u00e8cnic, que els permet accedir:<\/p>\n<ul>\n<li><strong>Al batxillerat<\/strong><\/li>\n<li><strong>A un cicle de grau superior de formaci\u00f3 professional<\/strong><\/li>\n<li><strong>Al m\u00f3n laboral<\/strong><\/li>\n<\/ul>\n<p>En aquest enlla\u00e7 trobareu la <span style=\"color: #ff6600;\"><strong><a style=\"color: #ff6600;\" href=\"https:\/\/preinscripcio.gencat.cat\/ca\/estudis\/fp-grau-mitja\/informat\/consulta-notes-tall\/\">nota de tall de refer\u00e8ncia del curs 2024-2025<\/a><\/strong><\/span><\/p>\n<p style=\"text-align: justify;\"><strong>Normativa<\/strong><\/p>\n<p style=\"text-align: justify;\">Llei org\u00e0nica 5\/2002, de 19 de juny, de les qualificacions ide la formaci\u00f3 professional (BOE n\u00fam. 147, de 20.6.2002)<\/p>\n<p style=\"text-align: justify;\">Decret 284\/2011, d&#8217;1 de mar\u00e7, d&#8217;ordenaci\u00f3 general de la formaci\u00f3 professional inicial (DOGC n\u00fam. 5830, de 3.3.2011)<\/p>\n<p>&nbsp;<\/p>\n<p style=\"text-align: right;\"><strong>Actualitzat: 24\/03\/2025<\/strong><\/p>\n","protected":false},"excerpt":{"rendered":"<p>CICLE<br \/>\nFAM\u00cdLIA<br \/>\nCODI<\/p>\n<p><a href=\"https:\/\/agora.xtec.cat\/ehtg\/cfgm-cuina-i-gastronomia\/\" target=\"_blank\" rel=\"noopener\">Cuina i gastronomia<\/a><br \/>\nHostaleria i turisme<br \/>\nHT10<\/p>\n<p><a href=\"https:\/\/agora.xtec.cat\/ehtg\/serveis-en-restauracio-2\/\" target=\"_blank\" rel=\"noopener\">Serveis en restauraci\u00f3<\/a><br \/>\nHostaleria i turisme<br \/>\nHT30<\/p>\n<p><a href=\"https:\/\/agora.xtec.cat\/ehtg\/forneria-pastisseria-i-confiteria\/\" target=\"_blank\" rel=\"noopener\">Forneria, pastisseria i confiteria<\/a><br \/>\nInd\u00fastries aliment\u00e0ries<br \/>\nIA60<\/p>\n<p><a class=\"button small\" style=\"width: 250px; padding: 0.5em; font-weight: absolute; margin: 0.1em; color: #0a0a0a; background-color: #33bbff; border: 3px solid #0a0a0a;\" href=\"https:\/\/agora.xtec.cat\/ehtg\/beques\/\" target=\"_blank\" rel=\"noopener noreferrer\">BEQUES<\/a>\u00a0 \u00a0<a&hellip;  <a href=\"https:\/\/agora.xtec.cat\/ehtg\/cfgm\/\" title=\"Read Cicles formatius de grau mitj\u00e0\">Llegeix m\u00e9s\u00bb<\/a><\/p>\n","protected":false},"author":1,"featured_media":0,"parent":0,"menu_order":0,"comment_status":"closed","ping_status":"closed","template":"","meta":{"_bbp_topic_count":0,"_bbp_reply_count":0,"_bbp_total_topic_count":0,"_bbp_total_reply_count":0,"_bbp_voice_count":0,"_bbp_anonymous_reply_count":0,"_bbp_topic_count_hidden":0,"_bbp_reply_count_hidden":0,"_bbp_forum_subforum_count":0,"footnotes":""},"class_list":["post-504","page","type-page","status-publish","hentry"],"post_mailing_queue_ids":[],"_links":{"self":[{"href":"https:\/\/agora.xtec.cat\/ehtg\/wp-json\/wp\/v2\/pages\/504","targetHints":{"allow":["GET"]}}],"collection":[{"href":"https:\/\/agora.xtec.cat\/ehtg\/wp-json\/wp\/v2\/pages"}],"about":[{"href":"https:\/\/agora.xtec.cat\/ehtg\/wp-json\/wp\/v2\/types\/page"}],"author":[{"embeddable":true,"href":"https:\/\/agora.xtec.cat\/ehtg\/wp-json\/wp\/v2\/users\/1"}],"replies":[{"embeddable":true,"href":"https:\/\/agora.xtec.cat\/ehtg\/wp-json\/wp\/v2\/comments?post=504"}],"version-history":[{"count":7,"href":"https:\/\/agora.xtec.cat\/ehtg\/wp-json\/wp\/v2\/pages\/504\/revisions"}],"predecessor-version":[{"id":13540,"href":"https:\/\/agora.xtec.cat\/ehtg\/wp-json\/wp\/v2\/pages\/504\/revisions\/13540"}],"wp:attachment":[{"href":"https:\/\/agora.xtec.cat\/ehtg\/wp-json\/wp\/v2\/media?parent=504"}],"curies":[{"name":"wp","href":"https:\/\/api.w.org\/{rel}","templated":true}]}}