{"id":3478,"date":"2023-01-20T10:58:01","date_gmt":"2023-01-20T09:58:01","guid":{"rendered":"https:\/\/agora.xtec.cat\/ehtg\/?page_id=3478"},"modified":"2023-01-20T10:58:01","modified_gmt":"2023-01-20T09:58:01","slug":"plan-piloto-de-impulso-a-las-lenguas-extranjeras","status":"publish","type":"page","link":"https:\/\/agora.xtec.cat\/ehtg\/plan-piloto-de-impulso-a-las-lenguas-extranjeras\/","title":{"rendered":"Plan piloto de impulso a las lenguas extranjeras"},"content":{"rendered":"<h1 style=\"text-align: center;\"><b>Informacio\u0301n del programa<\/b><\/h1>\n<p><b>Fomento de las lenguas extranjeras<\/b><\/p>\n<p><span style=\"text-decoration: underline;\"><span style=\"font-weight: 400; color: #ff9900; text-decoration: underline;\">\u00bfQu\u00e9 es el programa de Fomento de las lenguas extranjera<\/span><\/span><span style=\"text-decoration: underline;\"><span style=\"font-weight: 400; color: #ff9900; text-decoration: underline;\">s?<\/span><\/span><\/p>\n<p><span style=\"font-weight: 400;\">Es la modalidad de formacio\u0301n profesional en la cual el estudiante amplia sus conocimientos en lenguas extranjeras. En el Instituto Escuela de Hosteler\u00eda y Turismo de Girona hemos apostado por fomentar <\/span>el<b> ingl\u00e9s <\/b><span style=\"font-weight: 400;\">y el<\/span><b> franc\u00e9<\/b><b>s <\/b><span style=\"font-weight: 400;\">como lenguas extranjeras por su crucial importancia en el mundo de la hosteler\u00eda y el turismo.<\/span><\/p>\n<p><span style=\"font-weight: 400;\">Este programa es una experiencia piloto impulsada por el Departamento de Educaci\u00f3n gracias a los fondos econ\u00f3micos europeos \u201cNext generation\u201d.<\/span><\/p>\n<p><span style=\"text-decoration: underline; color: #ff9900;\"><span style=\"font-weight: 400;\">\u00bfCu\u00e1les son sus objetivos?<\/span><\/span><\/p>\n<ul>\n<li><span style=\"font-weight: 400;\"> Ampliar la competencia lingu\u0308i\u0301stica en lenguas extranjeras del alumnado de los ciclos formativos de grado medio y superior.<\/span><\/li>\n<li><span style=\"font-family: inherit; font-size: 1em;\">Adquirir las competencias comunicativas, tanto en lo que respecta a la expresi\u00f3n oral como a la escrita en lengua extranjera.<\/span><\/li>\n<li><span style=\"font-family: inherit; font-size: 1em;\">Incorporar y normalizar el uso de una lengua extranjera en situaciones profesionales habituales y en la toma de decisiones en el \u00e1mbito laboral.<\/span><\/li>\n<\/ul>\n<p><span style=\"font-weight: 400;\">El centro recibe recursos econ\u00f3micos y personales extra que nos permiten:<\/span><\/p>\n<ul>\n<li><span style=\"font-weight: 400;\">Incrementar las <\/span><b>horas de ingl\u00e9s<\/b><span style=\"font-weight: 400;\"> con un m\u00f3dulo extra en el 1\u00ba curso del CFGM Pasteler\u00eda y un m\u00f3dulo t\u00e9cnico en metodolog\u00eda AICLE.<\/span><\/li>\n<li><span style=\"font-weight: 400;\">Incrementar las <\/span><b>horas de franc\u00e9s<\/b><span style=\"font-weight: 400;\"> con un m\u00f3dulo extra en el 1\u00ba curso de los CFGS de Turismo y un m\u00f3dulo t\u00e9cnico en metodolog\u00eda AICLE, el MP Estructura del mercado tur\u00edstico.<\/span><\/li>\n<li><span style=\"font-weight: 400;\">Incrementar las <\/span><b>horas de ingl\u00e9s<\/b><span style=\"font-weight: 400;\"> con un m\u00f3dulo extra en el 2\u00ba curso de los CFGS de Turismo y un m\u00f3dulo t\u00e9cnico en metodolog\u00eda AICLE.<\/span><\/li>\n<li><span style=\"font-weight: 400;\">Contratar <\/span><b>auxiliar de conversaci\u00f3n <\/b><span style=\"font-weight: 400;\">para ayudar al alumnado en su expressio\u0301n oral.<\/span><\/li>\n<li><span style=\"font-weight: 400;\">Hacer una <\/span><b>estancia en el extranjero <\/b><span style=\"font-weight: 400;\">para todo el alumnado que participe en el proyecto.<\/span><\/li>\n<li><span style=\"font-weight: 400;\">Tener <\/span><b>acceso a la obtenci\u00f3n de certificados oficiales <\/b><span style=\"font-weight: 400;\">de idiomas.<\/span><span style=\"font-weight: 400;\"><br \/>\n<\/span><\/li>\n<\/ul>\n<p><span style=\"text-decoration: underline; color: #ff9900;\"><span style=\"font-weight: 400;\">\u00bfQu\u00e9 alumnos pueden participar de esta experiencia?<\/span><\/span><span style=\"font-weight: 400;\"><br \/>\n<\/span> <span style=\"font-weight: 400;\"><br \/>\n<\/span><strong>Pueden participar en esta experiencia todo el alumnado de nueva matr\u00edcula de primero de los ciclos que se cursan en esta modalidad:<\/strong><\/p>\n<ul>\n<li>CFGM Panader\u00eda, pasteler\u00eda y confiter\u00eda<\/li>\n<li>CFGS Agencias de viajes y gesti\u00f3n de acontecimientos<\/li>\n<li>CFGS Gesti\u00f3n de alojamientos tur\u00edsticos<\/li>\n<li>CFGS Gu\u00eda, informaci\u00f3n y asistencia tur\u00edsticas (perfil enoturismo)<\/li>\n<\/ul>\n<p>&nbsp;<\/p>\n<p style=\"text-align: center;\"><strong><span style=\"color: #000000;\"><i>Acci\u00f3n financiada por el Ministerio de Educaci\u00f3n y Formaci\u00f3n Profesional y por la Uni\u00f3n Europea <\/i><i>\u2010<\/i><i> Next Generation EU.<\/i><\/span><\/strong><\/p>\n<p style=\"text-align: center;\"><a href=\"https:\/\/agora.xtec.cat\/ehtg\/wp-content\/uploads\/usu2642\/2022\/11\/logo-pla-impuls.png\"><img loading=\"lazy\" decoding=\"async\" class=\"alignnone wp-image-3449\" src=\"https:\/\/agora.xtec.cat\/ehtg\/wp-content\/uploads\/usu2642\/2022\/11\/logo-pla-impuls.png\" alt=\"\" width=\"833\" height=\"45\" srcset=\"https:\/\/agora.xtec.cat\/ehtg\/wp-content\/uploads\/usu2642\/2022\/11\/logo-pla-impuls.png 592w, https:\/\/agora.xtec.cat\/ehtg\/wp-content\/uploads\/usu2642\/2022\/11\/logo-pla-impuls-300x16.png 300w\" sizes=\"auto, (max-width: 833px) 100vw, 833px\" \/><\/a><\/p>\n<p style=\"text-align: center;\"><strong><span style=\"color: #000000;\"><i>La medida C20.I03 Innovaci\u00f3n e internacionali<\/i><\/span><\/strong><strong><span style=\"color: #000000;\"><i>zaci\u00f3n de la Formaci\u00f3n Profesional tiene un peso asignado de 0% de coeficiente de clima y de 0% de coeficiente digital, de conformidad con el anexo 6 Taula de seguimien<\/i><\/span><\/strong><strong><span style=\"color: #000000;\"><i>to para la acci\u00f3n por el clima y el etiquetaje digital de la Propuesta de Decisi\u00f3n de Ejecuci\u00f3n del Consejo relativa a la aprobaci\u00f3n de la evaluaci\u00f3n del PRTR de Espa\u00f1a COM (2021) 322 final, en fecha 16 de junio de 2021.<\/i><\/span><\/strong><\/p>\n","protected":false},"excerpt":{"rendered":"<p>Informacio\u0301n del programa<br \/>\nFomento de las lenguas extranjeras<br \/>\n\u00bfQu\u00e9 es el programa de Fomento de las lenguas extranjeras?<br \/>\nEs la modalidad de formacio\u0301n profesional en la cual el estudiante amplia sus conocimientos en lenguas extranjeras. En el Instituto Escuela de Hosteler\u00eda y Turismo de Girona hemos apostado por&hellip;  <a href=\"https:\/\/agora.xtec.cat\/ehtg\/plan-piloto-de-impulso-a-las-lenguas-extranjeras\/\" title=\"Read Plan piloto de impulso a las lenguas extranjeras\">Llegeix m\u00e9s\u00bb<\/a><\/p>\n","protected":false},"author":1,"featured_media":0,"parent":0,"menu_order":0,"comment_status":"closed","ping_status":"closed","template":"","meta":{"_bbp_topic_count":0,"_bbp_reply_count":0,"_bbp_total_topic_count":0,"_bbp_total_reply_count":0,"_bbp_voice_count":0,"_bbp_anonymous_reply_count":0,"_bbp_topic_count_hidden":0,"_bbp_reply_count_hidden":0,"_bbp_forum_subforum_count":0,"footnotes":""},"class_list":["post-3478","page","type-page","status-publish","hentry"],"post_mailing_queue_ids":[],"_links":{"self":[{"href":"https:\/\/agora.xtec.cat\/ehtg\/wp-json\/wp\/v2\/pages\/3478","targetHints":{"allow":["GET"]}}],"collection":[{"href":"https:\/\/agora.xtec.cat\/ehtg\/wp-json\/wp\/v2\/pages"}],"about":[{"href":"https:\/\/agora.xtec.cat\/ehtg\/wp-json\/wp\/v2\/types\/page"}],"author":[{"embeddable":true,"href":"https:\/\/agora.xtec.cat\/ehtg\/wp-json\/wp\/v2\/users\/1"}],"replies":[{"embeddable":true,"href":"https:\/\/agora.xtec.cat\/ehtg\/wp-json\/wp\/v2\/comments?post=3478"}],"version-history":[{"count":1,"href":"https:\/\/agora.xtec.cat\/ehtg\/wp-json\/wp\/v2\/pages\/3478\/revisions"}],"predecessor-version":[{"id":3479,"href":"https:\/\/agora.xtec.cat\/ehtg\/wp-json\/wp\/v2\/pages\/3478\/revisions\/3479"}],"wp:attachment":[{"href":"https:\/\/agora.xtec.cat\/ehtg\/wp-json\/wp\/v2\/media?parent=3478"}],"curies":[{"name":"wp","href":"https:\/\/api.w.org\/{rel}","templated":true}]}}