{"id":2069,"date":"2021-11-25T15:55:39","date_gmt":"2021-11-25T14:55:39","guid":{"rendered":"https:\/\/agora.xtec.cat\/ehtg\/?page_id=2069"},"modified":"2023-02-28T10:42:56","modified_gmt":"2023-02-28T09:42:56","slug":"giat-perfil-profesional-de-animacion-turistica","status":"publish","type":"page","link":"https:\/\/agora.xtec.cat\/ehtg\/giat-perfil-profesional-de-animacion-turistica\/","title":{"rendered":"GIAT (perfil profesional de Animaci\u00f3n Tur\u00edstica)"},"content":{"rendered":"<h2 class=\"subtitle\">Gu\u00eda, Informaci\u00f3n y Asistencias Tur\u00edsticas, orientaci\u00f3n d&#8217;enoturismo<\/h2>\n<p><a href=\"https:\/\/triaeducativa.gencat.cat\/ca\/fp\/gs\/families-professionals\/hoteleria-turisme\/?p_id=2091&amp;estudi\" target=\"_blank\" rel=\"noopener\">Enlace Educaci\u00f3n Gencat<\/a><\/p>\n<p>Ficha de descripci\u00f3n e informaci\u00f3n del ciclo: <a href=\"https:\/\/agora.xtec.cat\/ehtg\/wp-content\/uploads\/usu2642\/2021\/11\/CFPS____HTF1_CA.pdf\" target=\"_blank\" rel=\"noopener\">CFPS____HTF1_CA<\/a><\/p>\n<p><iframe loading=\"lazy\" src=\"\/\/www.youtube.com\/embed\/-EoOe_2pz68\" width=\"560\" height=\"314\" allowfullscreen=\"allowfullscreen\" data-mce-fragment=\"1\"><\/iframe><\/p>\n","protected":false},"excerpt":{"rendered":"<p>Gu\u00eda, Informaci\u00f3n y Asistencias Tur\u00edsticas, orientaci\u00f3n d&#8217;enoturismo<br \/>\n<a href=\"https:\/\/triaeducativa.gencat.cat\/ca\/fp\/gs\/families-professionals\/hoteleria-turisme\/?p_id=2091&amp;estudi\" target=\"_blank\" rel=\"noopener\">Enlace Educaci\u00f3n Gencat<\/a><br \/>\nFicha de descripci\u00f3n e informaci\u00f3n del ciclo: <a href=\"https:\/\/agora.xtec.cat\/ehtg\/wp-content\/uploads\/usu2642\/2021\/11\/CFPS____HTF1_CA.pdf\" target=\"_blank\" rel=\"noopener\">CFPS____HTF1_CA<\/a><\/p>\n","protected":false},"author":1,"featured_media":0,"parent":0,"menu_order":0,"comment_status":"closed","ping_status":"closed","template":"","meta":{"_bbp_topic_count":0,"_bbp_reply_count":0,"_bbp_total_topic_count":0,"_bbp_total_reply_count":0,"_bbp_voice_count":0,"_bbp_anonymous_reply_count":0,"_bbp_topic_count_hidden":0,"_bbp_reply_count_hidden":0,"_bbp_forum_subforum_count":0,"footnotes":""},"class_list":["post-2069","page","type-page","status-publish","hentry"],"post_mailing_queue_ids":[],"_links":{"self":[{"href":"https:\/\/agora.xtec.cat\/ehtg\/wp-json\/wp\/v2\/pages\/2069","targetHints":{"allow":["GET"]}}],"collection":[{"href":"https:\/\/agora.xtec.cat\/ehtg\/wp-json\/wp\/v2\/pages"}],"about":[{"href":"https:\/\/agora.xtec.cat\/ehtg\/wp-json\/wp\/v2\/types\/page"}],"author":[{"embeddable":true,"href":"https:\/\/agora.xtec.cat\/ehtg\/wp-json\/wp\/v2\/users\/1"}],"replies":[{"embeddable":true,"href":"https:\/\/agora.xtec.cat\/ehtg\/wp-json\/wp\/v2\/comments?post=2069"}],"version-history":[{"count":2,"href":"https:\/\/agora.xtec.cat\/ehtg\/wp-json\/wp\/v2\/pages\/2069\/revisions"}],"predecessor-version":[{"id":3648,"href":"https:\/\/agora.xtec.cat\/ehtg\/wp-json\/wp\/v2\/pages\/2069\/revisions\/3648"}],"wp:attachment":[{"href":"https:\/\/agora.xtec.cat\/ehtg\/wp-json\/wp\/v2\/media?parent=2069"}],"curies":[{"name":"wp","href":"https:\/\/api.w.org\/{rel}","templated":true}]}}