{"id":2037,"date":"2021-11-25T13:11:23","date_gmt":"2021-11-25T12:11:23","guid":{"rendered":"https:\/\/agora.xtec.cat\/ehtg\/?page_id=2037"},"modified":"2023-10-07T13:27:50","modified_gmt":"2023-10-07T11:27:50","slug":"restaurantes","status":"publish","type":"page","link":"https:\/\/agora.xtec.cat\/ehtg\/restaurantes\/","title":{"rendered":"Restaurantes"},"content":{"rendered":"<h3 style=\"text-align: center;\"><span style=\"color: #ff9900;\"><strong>Para reservas llamen al 972 22 01 22<\/strong><\/span><\/h3>\n<p>&nbsp;<\/p>\n<p style=\"text-align: justify;\"><strong>Nuestros espacios de restaurante son aulas de aplicaci\u00f3n, en las que nuestro alumnado lleva a cabo pr\u00e1cticas reales. Esta es una oportunidad \u00fanica, pero tambi\u00e9n nos limita a un marco horario. Por este motivo, rogamos m\u00e1xima puntualidad, y\/o paciencia en el caso de no poder acceder a nuestra oferta en caso de retraso. Del mismo modo, rogamos que se finalice la estancia antes de las 16 h.<\/strong><\/p>\n<p style=\"text-align: justify;\">Horario de entrada: de 13 h a 14 h.<\/p>\n<p style=\"text-align: justify;\">De lunes a viernes, en d\u00edas lectivos. Cerrado en per\u00edodo de vacaciones escolares o d\u00edas festivos.<\/p>\n<p style=\"text-align: justify;\">Gracias por su comprensi\u00f3n.<\/p>\n<p>&nbsp;<\/p>\n<h5>Qu\u00e9 ofrecemos<\/h5>\n<div class=\"text mb15\">\n<p style=\"text-align: justify;\">Un <strong>men\u00fa degustaci\u00f3n<\/strong>, integrado por platos de una serie de cartas tem\u00e1ticas que se cambian a lo largo del curso.<\/p>\n<p style=\"text-align: justify;\">Este men\u00fa confeccionado por el alumnado y profesorado de la Escuela est\u00e1 formado por: aperitivo, entrante fr\u00edo, entrante caliente, pescado, carne, prepostres, postres, caf\u00e9 o infusi\u00f3n y <em>petits fours<\/em>.<\/p>\n<table style=\"width: 100%; border-collapse: collapse; border-color: #000000; border-style: solid; background-color: #90d3f0;\">\n<tbody>\n<tr>\n<td style=\"width: 50%; text-align: center;\">Precio<\/td>\n<td style=\"width: 50%; text-align: center;\">Formato<\/td>\n<\/tr>\n<tr>\n<td style=\"width: 50%; text-align: center;\">35\u20ac (IVA incluido)<\/td>\n<td style=\"width: 50%; text-align: center;\">Men\u00fa con maridaje de vinos<\/td>\n<\/tr>\n<tr>\n<td style=\"width: 50%; text-align: center;\">30\u20ac (IVA incluido)<\/td>\n<td style=\"width: 50%; text-align: center;\">Men\u00fa sin vinos<\/td>\n<\/tr>\n<\/tbody>\n<\/table>\n<p>Un <strong>men\u00fa del d\u00eda<\/strong>, integrado por platos de cocina catalana, que cambia semanalmente.<\/p>\n<p>Este men\u00fa confeccionado por el alumnado y profesorado de la Escuela est\u00e1 formado por: aperitivo, primero a escoger, segundo a escoger y postres, pan, agua, copa de vino o cerveza y caf\u00e9.<\/p>\n<table style=\"width: 100%; border-collapse: collapse; border-color: #000000; border-style: solid; background-color: #90d3f0;\">\n<tbody>\n<tr>\n<td style=\"width: 50%; text-align: center;\">Precio<\/td>\n<td style=\"width: 50%; text-align: center;\">Formato<\/td>\n<\/tr>\n<tr>\n<td style=\"width: 50%; text-align: center;\">15\u20ac (IVA incluido)<\/td>\n<td style=\"width: 50%; text-align: center;\">Men\u00fa con agua, caf\u00e9 y copa de vino o cerveza<\/td>\n<\/tr>\n<\/tbody>\n<\/table>\n<\/div>\n<p>&nbsp;<\/p>\n<p style=\"text-align: justify;\">La Escuela cumple con la normativa en materia de seguridad alimentaria que se muestra a continuaci\u00f3n.<\/p>\n<p style=\"text-align: justify;\">1. Reglamento (CE) N\u00fam. 852\/2004 del Parlamento Europeo y del Consejo sobre la higiene de los productos alimenticios.<\/p>\n<p style=\"text-align: justify;\">2. Reglamento (CE) N\u00fam. 1169\/2011 sobre la informaci\u00f3n alimentaria facilitada al consumidor.<\/p>\n<p style=\"text-align: justify;\">3. Reglamento (CE) N\u00fam. 853\/2004 del Parlamento Europeo y del Consejo y el Real Decreto N\u00fam. 1420\/2006 sobre la prevenci\u00f3n de parasitosis por anisakis en productos de pesca subministrados por los establecimientos al consumidor final.<\/p>\n<p style=\"text-align: justify;\">4. Real decreto 140\/2003, de 7 de febrero, por el cual se establecen los criterios sanitarios de la calidad del agua de consumo.<\/p>\n<p style=\"text-align: justify;\">5. Ley 3\/2020, del 11 de marzo, de prevenci\u00f3n de las p\u00e9rdidas y el despilfarro alimentarios.<\/p>\n<p>&nbsp;<\/p>\n","protected":false},"excerpt":{"rendered":"<p>Para reservas llamen al 972 22 01 22<br \/>\n&nbsp;<br \/>\nNuestros espacios de restaurante son aulas de aplicaci\u00f3n, en las que nuestro alumnado lleva a cabo pr\u00e1cticas reales. Esta es una oportunidad \u00fanica, pero tambi\u00e9n nos limita a un marco horario. Por este motivo, rogamos m\u00e1xima puntualidad, y\/o&hellip;  <a href=\"https:\/\/agora.xtec.cat\/ehtg\/restaurantes\/\" title=\"Read Restaurantes\">Llegeix m\u00e9s\u00bb<\/a><\/p>\n","protected":false},"author":1,"featured_media":0,"parent":0,"menu_order":0,"comment_status":"closed","ping_status":"closed","template":"","meta":{"_bbp_topic_count":0,"_bbp_reply_count":0,"_bbp_total_topic_count":0,"_bbp_total_reply_count":0,"_bbp_voice_count":0,"_bbp_anonymous_reply_count":0,"_bbp_topic_count_hidden":0,"_bbp_reply_count_hidden":0,"_bbp_forum_subforum_count":0,"footnotes":""},"class_list":["post-2037","page","type-page","status-publish","hentry"],"post_mailing_queue_ids":[],"_links":{"self":[{"href":"https:\/\/agora.xtec.cat\/ehtg\/wp-json\/wp\/v2\/pages\/2037","targetHints":{"allow":["GET"]}}],"collection":[{"href":"https:\/\/agora.xtec.cat\/ehtg\/wp-json\/wp\/v2\/pages"}],"about":[{"href":"https:\/\/agora.xtec.cat\/ehtg\/wp-json\/wp\/v2\/types\/page"}],"author":[{"embeddable":true,"href":"https:\/\/agora.xtec.cat\/ehtg\/wp-json\/wp\/v2\/users\/1"}],"replies":[{"embeddable":true,"href":"https:\/\/agora.xtec.cat\/ehtg\/wp-json\/wp\/v2\/comments?post=2037"}],"version-history":[{"count":4,"href":"https:\/\/agora.xtec.cat\/ehtg\/wp-json\/wp\/v2\/pages\/2037\/revisions"}],"predecessor-version":[{"id":4015,"href":"https:\/\/agora.xtec.cat\/ehtg\/wp-json\/wp\/v2\/pages\/2037\/revisions\/4015"}],"wp:attachment":[{"href":"https:\/\/agora.xtec.cat\/ehtg\/wp-json\/wp\/v2\/media?parent=2037"}],"curies":[{"name":"wp","href":"https:\/\/api.w.org\/{rel}","templated":true}]}}