{"id":1532,"date":"2021-11-11T16:35:37","date_gmt":"2021-11-11T15:35:37","guid":{"rendered":"https:\/\/agora.xtec.cat\/ehtg\/?page_id=1532"},"modified":"2021-11-11T17:05:23","modified_gmt":"2021-11-11T16:05:23","slug":"servicio-de-asesoramiento-y-reconocimiento","status":"publish","type":"page","link":"https:\/\/agora.xtec.cat\/ehtg\/servicio-de-asesoramiento-y-reconocimiento\/","title":{"rendered":"Servicio de asesoramiento y reconocimiento"},"content":{"rendered":"<h1 style=\"text-align: center;\"><\/h1>\n<p><a href=\"https:\/\/agora.xtec.cat\/ehtg\/wp-content\/uploads\/usu2642\/2021\/11\/logo-assessorament-ok.jpg\">\u00a0 \u00a0 \u00a0 \u00a0 \u00a0 \u00a0 \u00a0 \u00a0 \u00a0 \u00a0 \u00a0 \u00a0 \u00a0 \u00a0 \u00a0 \u00a0 \u00a0 \u00a0 \u00a0 \u00a0 \u00a0 \u00a0 \u00a0 \u00a0 \u00a0 \u00a0 \u00a0 \u00a0 \u00a0 \u00a0 \u00a0 \u00a0 \u00a0 \u00a0 \u00a0 \u00a0 \u00a0 \u00a0 <img loading=\"lazy\" decoding=\"async\" class=\"alignnone size-full wp-image-1134\" src=\"https:\/\/agora.xtec.cat\/ehtg\/wp-content\/uploads\/usu2642\/2021\/11\/logo-assessorament-ok.jpg\" alt=\"\" width=\"84\" height=\"84\" \/><\/a><a href=\"https:\/\/agora.xtec.cat\/ehtg\/wp-content\/uploads\/usu2642\/2021\/11\/logo-reconeixement.jpg\"><img loading=\"lazy\" decoding=\"async\" class=\"alignnone size-full wp-image-1132\" src=\"https:\/\/agora.xtec.cat\/ehtg\/wp-content\/uploads\/usu2642\/2021\/11\/logo-reconeixement.jpg\" alt=\"\" width=\"84\" height=\"84\" \/><\/a><\/p>\n<p><strong>Si tienes experiencia profesional en un sector y quieres obtener un reconocimiento acad\u00e9mico estos son tus servicios:<\/strong><\/p>\n<p><strong>\u00bfQu\u00e9 es el servicio de asesoramiento y reconocimiento?<\/strong><\/p>\n<p>Servicio que tiene el objetivo de definir y orientar a la persona interesada en la su formaci\u00f3n acad\u00e9mica y profesional para conseguir mejorar la cualificaci\u00f3n para obtener finalmente un reconocimiento acad\u00e9mico de los aprendizajes adquiridos con la experiencia laboral o en actividades sociales.<\/p>\n<p><strong>\u00bfD\u00f3nde lo puedes hacer?<\/strong><\/p>\n<p>En cualquier centro educativo en el que ofrezcan el servicio. En este <a href=\"https:\/\/aplicacions.gestioeducativa.gencat.cat\/pls\/apex\/f?p=2013003:1:0:::::\" data-saferedirecturl=\"https:\/\/www.google.com\/url?q=https:\/\/aplicacions.gestioeducativa.gencat.cat\/pls\/apex\/f?p%3D2013003:1:0:::::&amp;source=gmail&amp;ust=1605773130381000&amp;usg=AFQjCNEUjUryEfxREk2pqjmn0byih_4UwQ\">enlace<\/a> puedes encontrar m\u00e1s informaci\u00f3n sobre los centros en los que lo hacen.<\/p>\n<p><strong>\u00bfQu\u00e9 salidas tienes despu\u00e9s del servicio de asesoramiento y reconocimiento?<\/strong><\/p>\n<ol>\n<li>Continuar cursando el ciclo correspondiente que se ha hecho el asesoramiento y reconocimiento y convalidar las unidades formativas que se han obtenido a trav\u00e9s del reconocimiento de la experiencia laboral.<\/li>\n<li>En el caso de cumplir con los requisitos, pedir un certificado de profesionalidad para obtener una cualificaci\u00f3n profesional.<\/li>\n<\/ol>\n<p><a href=\"https:\/\/agora.xtec.cat\/ehtg\/wp-content\/uploads\/usu2642\/2021\/11\/Esquema-de-lassessorament-per-lavaluacio-dUC.gif\"><img loading=\"lazy\" decoding=\"async\" class=\"size-full wp-image-1136 aligncenter\" src=\"https:\/\/agora.xtec.cat\/ehtg\/wp-content\/uploads\/usu2642\/2021\/11\/Esquema-de-lassessorament-per-lavaluacio-dUC.gif\" alt=\"\" width=\"667\" height=\"540\" \/><\/a><\/p>\n<p><strong>Informaci\u00f3n sobre el proceso<\/strong><\/p>\n<p style=\"text-align: left;\"><a href=\"https:\/\/docs.gestionaweb.cat\/1598\/informacio-sobre-mesures-flexibilitzadores-2.pdf\" target=\"_blank\" rel=\"noreferrer noopener\">Informaci\u00f3n sobre medidas flexibilizadoras<\/a><\/p>\n<p style=\"text-align: left;\"><a href=\"https:\/\/docs.gestionaweb.cat\/1598\/sollicitud-servei-assessorament.pdf\" target=\"_blank\" rel=\"noreferrer noopener\">Solicitud al servicio de asesoramiento<\/a><\/p>\n<p style=\"text-align: left;\" align=\"center\"><a href=\"https:\/\/docs.gestionaweb.cat\/1598\/carta-de-compromis-de-qualitat-en-la-prestacio-del-servei-1125175.pdf\" target=\"_blank\" rel=\"noreferrer noopener\">Carta de compromiso de calidad en la prestaci\u00f3n del servicio<\/a><\/p>\n<p style=\"text-align: left;\" align=\"center\"><a href=\"https:\/\/docs.gestionaweb.cat\/1598\/certificat-dempresa.doc\" target=\"_blank\" rel=\"noreferrer noopener\">Certificado de empresa<\/a><\/p>\n<h2 align=\"center\"><u>Informaci\u00f3n y contacto<\/u><\/h2>\n<p align=\"center\"><strong>mesuresflexibilitzadores@ehtg.cat<\/strong><\/p>\n<p align=\"center\"><a href=\"https:\/\/agora.xtec.cat\/ehtg\/wp-content\/uploads\/usu2642\/2021\/11\/logo-mesures.png\"><img loading=\"lazy\" decoding=\"async\" class=\"size-full wp-image-1137 alignright\" src=\"https:\/\/agora.xtec.cat\/ehtg\/wp-content\/uploads\/usu2642\/2021\/11\/logo-mesures.png\" alt=\"\" width=\"98\" height=\"101\" \/><\/a><\/p>\n","protected":false},"excerpt":{"rendered":"<p><a href=\"https:\/\/agora.xtec.cat\/ehtg\/wp-content\/uploads\/usu2642\/2021\/11\/logo-assessorament-ok.jpg\">\u00a0 \u00a0 \u00a0 \u00a0 \u00a0 \u00a0 \u00a0 \u00a0 \u00a0 \u00a0 \u00a0 \u00a0 \u00a0 \u00a0 \u00a0 \u00a0 \u00a0 \u00a0 \u00a0 \u00a0 \u00a0 \u00a0 \u00a0 \u00a0 \u00a0 \u00a0 \u00a0 \u00a0 \u00a0 \u00a0 \u00a0 \u00a0 \u00a0 \u00a0 \u00a0 \u00a0 \u00a0 \u00a0 <\/a><a href=\"https:\/\/agora.xtec.cat\/ehtg\/wp-content\/uploads\/usu2642\/2021\/11\/logo-reconeixement.jpg\"><\/a><br \/>\nSi tienes experiencia profesional en&hellip;  <a href=\"https:\/\/agora.xtec.cat\/ehtg\/servicio-de-asesoramiento-y-reconocimiento\/\" title=\"Read Servicio de asesoramiento y reconocimiento\">Llegeix m\u00e9s\u00bb<\/a><\/p>\n","protected":false},"author":1,"featured_media":0,"parent":0,"menu_order":0,"comment_status":"closed","ping_status":"closed","template":"","meta":{"_bbp_topic_count":0,"_bbp_reply_count":0,"_bbp_total_topic_count":0,"_bbp_total_reply_count":0,"_bbp_voice_count":0,"_bbp_anonymous_reply_count":0,"_bbp_topic_count_hidden":0,"_bbp_reply_count_hidden":0,"_bbp_forum_subforum_count":0,"footnotes":""},"class_list":["post-1532","page","type-page","status-publish","hentry"],"post_mailing_queue_ids":[],"_links":{"self":[{"href":"https:\/\/agora.xtec.cat\/ehtg\/wp-json\/wp\/v2\/pages\/1532","targetHints":{"allow":["GET"]}}],"collection":[{"href":"https:\/\/agora.xtec.cat\/ehtg\/wp-json\/wp\/v2\/pages"}],"about":[{"href":"https:\/\/agora.xtec.cat\/ehtg\/wp-json\/wp\/v2\/types\/page"}],"author":[{"embeddable":true,"href":"https:\/\/agora.xtec.cat\/ehtg\/wp-json\/wp\/v2\/users\/1"}],"replies":[{"embeddable":true,"href":"https:\/\/agora.xtec.cat\/ehtg\/wp-json\/wp\/v2\/comments?post=1532"}],"version-history":[{"count":3,"href":"https:\/\/agora.xtec.cat\/ehtg\/wp-json\/wp\/v2\/pages\/1532\/revisions"}],"predecessor-version":[{"id":1555,"href":"https:\/\/agora.xtec.cat\/ehtg\/wp-json\/wp\/v2\/pages\/1532\/revisions\/1555"}],"wp:attachment":[{"href":"https:\/\/agora.xtec.cat\/ehtg\/wp-json\/wp\/v2\/media?parent=1532"}],"curies":[{"name":"wp","href":"https:\/\/api.w.org\/{rel}","templated":true}]}}