{"id":1476,"date":"2021-11-11T15:17:07","date_gmt":"2021-11-11T14:17:07","guid":{"rendered":"https:\/\/agora.xtec.cat\/ehtg\/?page_id=1476"},"modified":"2021-11-11T15:49:22","modified_gmt":"2021-11-11T14:49:22","slug":"cfgm-2","status":"publish","type":"page","link":"https:\/\/agora.xtec.cat\/ehtg\/cfgm-2\/","title":{"rendered":"CFGM"},"content":{"rendered":"<p style=\"background: white; margin: 0cm 0cm 15.0pt 0cm;\"><span style=\"color: #444444;\">Los ciclos formativos de grado medio (CFGM) son ense\u00f1anzas profesionalizadoras que proporcionan la formaci\u00f3n necesaria para adquirir la competencia profesional y el conocimiento propios de cada sector.<\/span><\/p>\n<p style=\"background: white; margin: 0cm 0cm 15.0pt 0cm;\"><span style=\"color: #444444;\">Se agrupan en familias profesionales y tienen una duraci\u00f3n de 2.000 horas (en dos cursos acad\u00e9micos).<\/span><\/p>\n<p style=\"background: white; margin: 0cm 0cm 15.0pt 0cm;\"><span style=\"color: #444444;\">La titulaci\u00f3n que se obtiene al finalizar un ciclo formativo de grado medio es la de\u00a0<strong>t\u00e9cnico o t\u00e9cnica del perfil profesional correspondiente<\/strong>, que permite el acceso al mundo laboral, a otros ciclos de grado medio o a los ciclos de grado superior.<\/span><\/p>\n<p style=\"background: white; margin: 0cm 0cm 15.0pt 0cm;\"><strong><span style=\"color: #444444;\">Tienen acceso directo a los ciclos de grado medio<\/span><\/strong><span style=\"color: #444444;\">\u00a0las persones que cumplen alguno de los siguientes requisitos:<\/span><\/p>\n<ul>\n<li>Tener el t\u00edtulo de graduado en educaci\u00f3n secundaria obligatoria<\/li>\n<li>Tener el t\u00edtulo de t\u00e9cnico o de t\u00e9cnica auxiliar<\/li>\n<li>Haber superado el curso espec\u00edfico para el acceso a los ciclos formativos de grado medio (CAM)<\/li>\n<li>Haber superado el segundo curso del bachillerato unificado polivalente (BUP)<\/li>\n<li>Tener otros estudios equivalentes a efectos acad\u00e9micos<\/li>\n<li>Haber superado los m\u00f3dulos obligatorios de un programa de cualificaci\u00f3n profesional inicial (PCPI)<\/li>\n<li>Haber superado la prueba de acceso a la universidad para mayores de 25 a\u00f1os, o de 45 a\u00f1os, o haber accedido a la universidad por haber acreditado experiencia laboral o profesional teniendo cumplidos los 40 a\u00f1os de edad.<\/li>\n<li>Tener un t\u00edtulo para acceder a un ciclo formativo de grado superior<\/li>\n<\/ul>\n<p>Las personas que no cumplan ninguno de los requisitos anteriores han de superar una prueba de acceso. Para presentarse deben tener, como m\u00ednimo, 17 a\u00f1os el a\u00f1o en el que se hace la prueba.<\/p>\n<p><strong>Preinscripci\u00f3n y matr\u00edcula<\/strong><\/p>\n<p>Para cursar un ciclo de grado medio se debe formalizar la preinscripci\u00f3n y presentarla en el centro en el que se cursa la ense\u00f1anza solicitada en primer lugar.<\/p>\n<p>Para la asignaci\u00f3n de les plazas se ordenan las solicitudes seg\u00fan la calificaci\u00f3n media de la ESO o de los estudios equivalentes; les solicitudes que tienen la misma puntuaci\u00f3n se ordenan a partir de un n\u00famero de desempate que se obtiene por sorteo.<\/p>\n<p>Hay un 20% de plazas reservadas para los alumnos que acceden a un ciclo mediante la prueba de acceso o el curso espec\u00edfico de acceso; las solicitudes de estos alumnos se ordenan seg\u00fan la calificaci\u00f3n obtenida en la prueba o curso.<\/p>\n<p>Estos estudios son gratuitos en los centros dependientes del Departamento de Educaci\u00f3n.<\/p>\n<p>Encontrar\u00e9is m\u00e1s informaci\u00f3n en la web preinscripcio.gencat.cat.<\/p>\n<p>Las personas que superen el ciclo formativo de grado medio obtienen un t\u00edtulo de t\u00e9cnico, que les permite acceder:<\/p>\n<ul>\n<li><strong>Al bachillerato<\/strong><\/li>\n<li><strong>A un ciclo de grado superior de formaci\u00f3n profesional<\/strong><\/li>\n<li><strong>Al mundo laboral<\/strong><\/li>\n<\/ul>\n<p style=\"text-align: justify;\"><strong>Normativa<\/strong><\/p>\n<p style=\"text-align: justify; background: white; margin: 0cm 0cm 15.0pt 0cm;\"><span style=\"color: #444444;\">Ley org\u00e1nica 5\/2002, de 19 de junio, de les cualificaciones y de la formaci\u00f3n profesional (BOE n\u00fam. 147, de 20.6.2002)<\/span><\/p>\n<p style=\"text-align: justify; background: white; margin: 0cm 0cm 15.0pt 0cm;\"><span style=\"color: #444444;\">Decreto 284\/2011, d\u20191 de marzo, de ordenaci\u00f3n general de la formaci\u00f3n profesional inicial (DOGC n\u00fam. 5830, de 3.3.2011)<\/span><\/p>\n<table style=\"height: 128px; width: 100%; border-collapse: collapse; background-color: #90d3f0; border-color: #030000; border-style: solid;\">\n<tbody>\n<tr style=\"height: 32px;\">\n<td style=\"width: 33.3333%; height: 32px; text-align: center;\"><strong>CICLO<\/strong><\/td>\n<td style=\"width: 33.3333%; height: 32px; text-align: center;\"><strong>FAMILIA<\/strong><\/td>\n<td style=\"width: 33.3333%; height: 32px; text-align: center;\"><strong>C\u00d3DIGO<\/strong><\/td>\n<\/tr>\n<tr style=\"height: 32px;\">\n<td style=\"width: 33.3333%; height: 32px; text-align: center;\">Cocina y gastronom\u00eda<\/td>\n<td style=\"width: 33.3333%; height: 32px; text-align: center;\">Hosteler\u00eda y turismo<\/td>\n<td style=\"width: 33.3333%; height: 32px; text-align: center;\">HT10<\/td>\n<\/tr>\n<tr style=\"height: 32px;\">\n<td style=\"width: 33.3333%; height: 32px; text-align: center;\">Servicios en restauraci\u00f3n<\/td>\n<td style=\"width: 33.3333%; height: 32px; text-align: center;\">Hosteler\u00eda y turismo<\/td>\n<td style=\"width: 33.3333%; height: 32px; text-align: center;\">HT30<\/td>\n<\/tr>\n<tr style=\"height: 32px;\">\n<td style=\"width: 33.3333%; height: 32px; text-align: center;\">Panader\u00eda, pasteler\u00eda y confiter\u00eda<\/td>\n<td style=\"width: 33.3333%; height: 32px; text-align: center;\">Industrias alimentarias<\/td>\n<td style=\"width: 33.3333%; height: 32px; text-align: center;\">IA60<\/td>\n<\/tr>\n<\/tbody>\n<\/table>\n<p>&nbsp;<\/p>\n<p>&nbsp;<\/p>\n","protected":false},"excerpt":{"rendered":"<p>Los ciclos formativos de grado medio (CFGM) son ense\u00f1anzas profesionalizadoras que proporcionan la formaci\u00f3n necesaria para adquirir la competencia profesional y el conocimiento propios de cada sector.<br \/>\nSe agrupan en familias profesionales y tienen una duraci\u00f3n de 2.000 horas (en dos cursos acad\u00e9micos).<br \/>\nLa titulaci\u00f3n que se&hellip;  <a href=\"https:\/\/agora.xtec.cat\/ehtg\/cfgm-2\/\" title=\"Read CFGM\">Llegeix m\u00e9s\u00bb<\/a><\/p>\n","protected":false},"author":1,"featured_media":0,"parent":0,"menu_order":0,"comment_status":"closed","ping_status":"closed","template":"","meta":{"_bbp_topic_count":0,"_bbp_reply_count":0,"_bbp_total_topic_count":0,"_bbp_total_reply_count":0,"_bbp_voice_count":0,"_bbp_anonymous_reply_count":0,"_bbp_topic_count_hidden":0,"_bbp_reply_count_hidden":0,"_bbp_forum_subforum_count":0,"footnotes":""},"class_list":["post-1476","page","type-page","status-publish","hentry"],"post_mailing_queue_ids":[],"_links":{"self":[{"href":"https:\/\/agora.xtec.cat\/ehtg\/wp-json\/wp\/v2\/pages\/1476","targetHints":{"allow":["GET"]}}],"collection":[{"href":"https:\/\/agora.xtec.cat\/ehtg\/wp-json\/wp\/v2\/pages"}],"about":[{"href":"https:\/\/agora.xtec.cat\/ehtg\/wp-json\/wp\/v2\/types\/page"}],"author":[{"embeddable":true,"href":"https:\/\/agora.xtec.cat\/ehtg\/wp-json\/wp\/v2\/users\/1"}],"replies":[{"embeddable":true,"href":"https:\/\/agora.xtec.cat\/ehtg\/wp-json\/wp\/v2\/comments?post=1476"}],"version-history":[{"count":3,"href":"https:\/\/agora.xtec.cat\/ehtg\/wp-json\/wp\/v2\/pages\/1476\/revisions"}],"predecessor-version":[{"id":1511,"href":"https:\/\/agora.xtec.cat\/ehtg\/wp-json\/wp\/v2\/pages\/1476\/revisions\/1511"}],"wp:attachment":[{"href":"https:\/\/agora.xtec.cat\/ehtg\/wp-json\/wp\/v2\/media?parent=1476"}],"curies":[{"name":"wp","href":"https:\/\/api.w.org\/{rel}","templated":true}]}}