{"id":1465,"date":"2021-11-11T14:16:06","date_gmt":"2021-11-11T13:16:06","guid":{"rendered":"https:\/\/agora.xtec.cat\/ehtg\/?page_id=1465"},"modified":"2021-11-11T14:20:33","modified_gmt":"2021-11-11T13:20:33","slug":"matricula-semipresencial-2","status":"publish","type":"page","link":"https:\/\/agora.xtec.cat\/ehtg\/matricula-semipresencial-2\/","title":{"rendered":"Matr\u00edcula semipresencial"},"content":{"rendered":"<p>La modalidad semipresencial est\u00e1 dirigida a personas que no pueden seguir el horario lectivo por razones laborales, porque deben cuidar de alguna persona o por cualquier otra circunstancia excepcional que les impida o dificulte la asistencia a la totalidad de las horas lectivas.<\/p>\n<p>Los alumnos que opten por esta modalidad habr\u00e1n de asistir presencialmente al menos a la mitad de las horas previstas del m\u00f3dulo\/cr\u00e9dito y tendr\u00e1n que hacer todas las actividades programadas para dicho m\u00f3dulo\/cr\u00e9dito.<\/p>\n<p>En lo que respecta a la metodolog\u00eda, los centros deber\u00e1n tener una pauta metodol\u00f3gica que comprenda el profesorado que interviene, la propuesta de r\u00e9gimen de atenci\u00f3n personal al alumnado, la relaci\u00f3n de materiales o recursos curriculares que se posen a disposici\u00f3n del alumnado para el seguimiento de les actividades semipresencials y la distribuci\u00f3n prevista del horario presencial.<\/p>\n<p>El profesorado de los m\u00f3dulos\/cr\u00e9ditos del alumnado en r\u00e9gimen semipresencial tutorizar\u00e1 las actividades de su alumnado de forma telem\u00e1tica o por otras v\u00edas que se convengan. La evaluaci\u00f3n de los contenidos cursados de forma semipresencial se har\u00e1 de forma presencial.<\/p>\n<p><a href=\"http:\/\/xtec.gencat.cat\/web\/.content\/alfresco\/d\/a\/workspace\/SpacesStore\/11209\/38ff2d93-e9f2-43a7-8f1a-cadf426d8e09\/Resolucio_2520semipresencial.pdf\">Resoluci\u00f3n matr\u00edcula semipresencial<\/a><\/p>\n","protected":false},"excerpt":{"rendered":"<p>La modalidad semipresencial est\u00e1 dirigida a personas que no pueden seguir el horario lectivo por razones laborales, porque deben cuidar de alguna persona o por cualquier otra circunstancia excepcional que les impida o dificulte la asistencia a la totalidad de las horas lectivas.<br \/>\nLos alumnos que&hellip;  <a href=\"https:\/\/agora.xtec.cat\/ehtg\/matricula-semipresencial-2\/\" title=\"Read Matr\u00edcula semipresencial\">Llegeix m\u00e9s\u00bb<\/a><\/p>\n","protected":false},"author":1,"featured_media":0,"parent":0,"menu_order":0,"comment_status":"closed","ping_status":"closed","template":"","meta":{"_bbp_topic_count":0,"_bbp_reply_count":0,"_bbp_total_topic_count":0,"_bbp_total_reply_count":0,"_bbp_voice_count":0,"_bbp_anonymous_reply_count":0,"_bbp_topic_count_hidden":0,"_bbp_reply_count_hidden":0,"_bbp_forum_subforum_count":0,"footnotes":""},"class_list":["post-1465","page","type-page","status-publish","hentry"],"post_mailing_queue_ids":[],"_links":{"self":[{"href":"https:\/\/agora.xtec.cat\/ehtg\/wp-json\/wp\/v2\/pages\/1465","targetHints":{"allow":["GET"]}}],"collection":[{"href":"https:\/\/agora.xtec.cat\/ehtg\/wp-json\/wp\/v2\/pages"}],"about":[{"href":"https:\/\/agora.xtec.cat\/ehtg\/wp-json\/wp\/v2\/types\/page"}],"author":[{"embeddable":true,"href":"https:\/\/agora.xtec.cat\/ehtg\/wp-json\/wp\/v2\/users\/1"}],"replies":[{"embeddable":true,"href":"https:\/\/agora.xtec.cat\/ehtg\/wp-json\/wp\/v2\/comments?post=1465"}],"version-history":[{"count":3,"href":"https:\/\/agora.xtec.cat\/ehtg\/wp-json\/wp\/v2\/pages\/1465\/revisions"}],"predecessor-version":[{"id":1471,"href":"https:\/\/agora.xtec.cat\/ehtg\/wp-json\/wp\/v2\/pages\/1465\/revisions\/1471"}],"wp:attachment":[{"href":"https:\/\/agora.xtec.cat\/ehtg\/wp-json\/wp\/v2\/media?parent=1465"}],"curies":[{"name":"wp","href":"https:\/\/api.w.org\/{rel}","templated":true}]}}