{"id":1406,"date":"2021-11-10T18:46:44","date_gmt":"2021-11-10T17:46:44","guid":{"rendered":"https:\/\/agora.xtec.cat\/ehtg\/?page_id=1406"},"modified":"2021-11-10T18:48:14","modified_gmt":"2021-11-10T17:48:14","slug":"plan-tac","status":"publish","type":"page","link":"https:\/\/agora.xtec.cat\/ehtg\/plan-tac\/","title":{"rendered":"Plan TAC"},"content":{"rendered":"<p><a href=\"https:\/\/sites.google.com\/xtec.cat\/ehtggestiotac\/inici\">Plan TAC<\/a><\/p>\n<div class=\"oKdM2c\">\n<div id=\"h.p_-kfiJXFdGclP\" class=\"hJDwNd-AhqUyc-wNfPc pSzOP-AhqUyc-wNfPc jXK9ad D2fZ2 GNzUNc\">\n<div class=\"jXK9ad-SmKAyb\">\n<div class=\"tyJCtd mGzaTb baZpAe\">\n<p id=\"h.p_QjcwrPA3GclR\" class=\"CDt4Ke zfr3Q\">EL PAPEL DE LAS TECNOLOG\u00cdAS EN LA ESCUELA<\/p>\n<\/div>\n<\/div>\n<\/div>\n<\/div>\n<div class=\"oKdM2c\">\n<div id=\"h.p_X8HWmALlGclT\" class=\"hJDwNd-AhqUyc-wNfPc pSzOP-AhqUyc-wNfPc jXK9ad D2fZ2 GNzUNc\">\n<div class=\"jXK9ad-SmKAyb\">\n<div class=\"tyJCtd mGzaTb baZpAe\">\n<p id=\"h.p_bXzppeX3GclV\" class=\"CDt4Ke zfr3Q\">La gobernanza de las tecnolog\u00edas en el centro le corresponde a toda la comunidad educativa, ya que este puede convertirse en un poderoso mecanismo de innovaci\u00f3n.<\/p>\n<p id=\"h.p_k9ANfVbGfv-2\" class=\"CDt4Ke zfr3Q\">Nos estar\u00edamos equivocando si crey\u00e9semos que por el solo hecho de incorporar tecnolog\u00edas en la escuela se produce innovaci\u00f3n y cambio metodol\u00f3gico. Sin embargo, este proceso de implementaci\u00f3n s\u00ed puede propiciar el replanteamiento compartido de muchas rutinas escolares y la reflexi\u00f3n colectiva sobre qu\u00e9 estrategias adoptar para favorecer el aprendizaje del alumnado.<\/p>\n<\/div>\n<\/div>\n<\/div>\n<\/div>\n","protected":false},"excerpt":{"rendered":"<p><a href=\"https:\/\/sites.google.com\/xtec.cat\/ehtggestiotac\/inici\">Plan TAC<\/a><\/p>\n<p>EL PAPEL DE LAS TECNOLOG\u00cdAS EN LA ESCUELA<\/p>\n<p>La gobernanza de las tecnolog\u00edas en el centro le corresponde a toda la comunidad educativa, ya que este puede convertirse en un poderoso mecanismo de innovaci\u00f3n.<br \/>\nNos estar\u00edamos equivocando si crey\u00e9semos que por el solo hecho de&hellip;  <a href=\"https:\/\/agora.xtec.cat\/ehtg\/plan-tac\/\" title=\"Read Plan TAC\">Llegeix m\u00e9s\u00bb<\/a><\/p>\n","protected":false},"author":1,"featured_media":0,"parent":0,"menu_order":0,"comment_status":"closed","ping_status":"closed","template":"","meta":{"_bbp_topic_count":0,"_bbp_reply_count":0,"_bbp_total_topic_count":0,"_bbp_total_reply_count":0,"_bbp_voice_count":0,"_bbp_anonymous_reply_count":0,"_bbp_topic_count_hidden":0,"_bbp_reply_count_hidden":0,"_bbp_forum_subforum_count":0,"footnotes":""},"class_list":["post-1406","page","type-page","status-publish","hentry"],"post_mailing_queue_ids":[],"_links":{"self":[{"href":"https:\/\/agora.xtec.cat\/ehtg\/wp-json\/wp\/v2\/pages\/1406","targetHints":{"allow":["GET"]}}],"collection":[{"href":"https:\/\/agora.xtec.cat\/ehtg\/wp-json\/wp\/v2\/pages"}],"about":[{"href":"https:\/\/agora.xtec.cat\/ehtg\/wp-json\/wp\/v2\/types\/page"}],"author":[{"embeddable":true,"href":"https:\/\/agora.xtec.cat\/ehtg\/wp-json\/wp\/v2\/users\/1"}],"replies":[{"embeddable":true,"href":"https:\/\/agora.xtec.cat\/ehtg\/wp-json\/wp\/v2\/comments?post=1406"}],"version-history":[{"count":2,"href":"https:\/\/agora.xtec.cat\/ehtg\/wp-json\/wp\/v2\/pages\/1406\/revisions"}],"predecessor-version":[{"id":1410,"href":"https:\/\/agora.xtec.cat\/ehtg\/wp-json\/wp\/v2\/pages\/1406\/revisions\/1410"}],"wp:attachment":[{"href":"https:\/\/agora.xtec.cat\/ehtg\/wp-json\/wp\/v2\/media?parent=1406"}],"curies":[{"name":"wp","href":"https:\/\/api.w.org\/{rel}","templated":true}]}}