{"id":1377,"date":"2021-11-10T17:50:56","date_gmt":"2021-11-10T16:50:56","guid":{"rendered":"https:\/\/agora.xtec.cat\/ehtg\/?page_id=1377"},"modified":"2023-10-07T13:20:45","modified_gmt":"2023-10-07T11:20:45","slug":"restaurante-de-aplicacion","status":"publish","type":"page","link":"https:\/\/agora.xtec.cat\/ehtg\/restaurante-de-aplicacion\/","title":{"rendered":"Restaurante pedag\u00f3gico"},"content":{"rendered":"<h1>Qu\u00e9 ofrecemos<\/h1>\n<p>Un men\u00fa en el que se ofrecen una tapa de aperitivo, un primer y segundo plato y el postre de la casa. En este men\u00fa est\u00e1n incluidos el agua, una copa de vino o de cerveza y los caf\u00e9s.<\/p>\n<p>Precio: <strong>15 \u20ac<\/strong> todo el men\u00fa.<\/p>\n<h1>Horario<\/h1>\n<p>Horario de entrada: de 13 h a 13:30 h. <strong>Solo mediod\u00edas los martes, mi\u00e9rcoles y jueves.<\/strong><\/p>\n<p><strong>Se ruega puntualidad. Para poder acabar la clase correctamente los clientes han de finalizar su estancia en el comedor no m\u00e1s tarde de las 15:00 h.<\/strong><\/p>\n<p>Gracias por su comprensi\u00f3n.<\/p>\n<p><strong>Reserva obligatoria. Para reservas llamen al 972 22 01 22.<\/strong><\/p>\n","protected":false},"excerpt":{"rendered":"<p>Qu\u00e9 ofrecemos<br \/>\nUn men\u00fa en el que se ofrecen una tapa de aperitivo, un primer y segundo plato y el postre de la casa. En este men\u00fa est\u00e1n incluidos el agua, una copa de vino o de cerveza y los caf\u00e9s.<br \/>\nPrecio: 15 \u20ac todo el men\u00fa.<br \/>\nHorario<br \/>\nHorario&hellip;  <a href=\"https:\/\/agora.xtec.cat\/ehtg\/restaurante-de-aplicacion\/\" title=\"Read Restaurante pedag\u00f3gico\">Llegeix m\u00e9s\u00bb<\/a><\/p>\n","protected":false},"author":1,"featured_media":0,"parent":0,"menu_order":0,"comment_status":"closed","ping_status":"closed","template":"","meta":{"_bbp_topic_count":0,"_bbp_reply_count":0,"_bbp_total_topic_count":0,"_bbp_total_reply_count":0,"_bbp_voice_count":0,"_bbp_anonymous_reply_count":0,"_bbp_topic_count_hidden":0,"_bbp_reply_count_hidden":0,"_bbp_forum_subforum_count":0,"footnotes":""},"class_list":["post-1377","page","type-page","status-publish","hentry"],"post_mailing_queue_ids":[],"_links":{"self":[{"href":"https:\/\/agora.xtec.cat\/ehtg\/wp-json\/wp\/v2\/pages\/1377","targetHints":{"allow":["GET"]}}],"collection":[{"href":"https:\/\/agora.xtec.cat\/ehtg\/wp-json\/wp\/v2\/pages"}],"about":[{"href":"https:\/\/agora.xtec.cat\/ehtg\/wp-json\/wp\/v2\/types\/page"}],"author":[{"embeddable":true,"href":"https:\/\/agora.xtec.cat\/ehtg\/wp-json\/wp\/v2\/users\/1"}],"replies":[{"embeddable":true,"href":"https:\/\/agora.xtec.cat\/ehtg\/wp-json\/wp\/v2\/comments?post=1377"}],"version-history":[{"count":4,"href":"https:\/\/agora.xtec.cat\/ehtg\/wp-json\/wp\/v2\/pages\/1377\/revisions"}],"predecessor-version":[{"id":4008,"href":"https:\/\/agora.xtec.cat\/ehtg\/wp-json\/wp\/v2\/pages\/1377\/revisions\/4008"}],"wp:attachment":[{"href":"https:\/\/agora.xtec.cat\/ehtg\/wp-json\/wp\/v2\/media?parent=1377"}],"curies":[{"name":"wp","href":"https:\/\/api.w.org\/{rel}","templated":true}]}}