{"id":13555,"date":"2026-02-23T14:12:48","date_gmt":"2026-02-23T13:12:48","guid":{"rendered":"https:\/\/agora.xtec.cat\/ehtg\/?page_id=13555"},"modified":"2026-02-26T16:30:24","modified_gmt":"2026-02-26T15:30:24","slug":"portes-obertes","status":"publish","type":"page","link":"https:\/\/agora.xtec.cat\/ehtg\/portes-obertes\/","title":{"rendered":"Portes Obertes"},"content":{"rendered":"<p style=\"text-align: center;\"><strong>L\u2019Escola d&#8217;Hostaleria i Turisme de Girona obre les portes als futurs estudiants<\/strong><\/p>\n<p>Els dies:<\/p>\n<table style=\"border-collapse: collapse; width: 37.4086%; height: 30px;\">\n<tbody>\n<tr style=\"height: 10px;\">\n<td style=\"width: 100%; height: 10px; text-align: left;\">Dies 25 (grau mitj\u00e0) i 26 (grau superior) de mar\u00e7 del 2026<\/td>\n<\/tr>\n<tr style=\"height: 10px;\">\n<td style=\"width: 100%; height: 10px; text-align: left;\">Dies 8 (grau superior) i 9 (grau mitj\u00e0) d\u2019abril del 2026<\/td>\n<\/tr>\n<tr style=\"height: 10px;\">\n<td style=\"width: 100%; height: 10px; text-align: left;\">Pels cursos:<\/p>\n<p>IFE (dia 25 de mar\u00e7)<\/p>\n<p>PFI (dia 26 de mar\u00e7)<\/td>\n<\/tr>\n<\/tbody>\n<\/table>\n<p>Com:<\/p>\n<p>Presencial al centre.<\/p>\n<p>Farem dos torns de mat\u00ed (10 h i 12 h) i dos de tarda (16 h i 18 h).<\/p>\n<p><strong>Per assistir a les Jornades de Portes Obertes cal fer una\u00a0<a href=\"https:\/\/forms.gle\/BauZAREieSWYiKpLA\">inscripci\u00f3 individual pr\u00e8via<\/a>. Aix\u00ed podem dimensionar els aforaments de cada xerrada i mantenir-te al dia de totes les novetats o incid\u00e8ncies que puguin sorgir.<\/strong><\/p>\n<p>Oferim una xerrada informativa que finalitzar\u00e0 amb una visita a les instal\u00b7lacions de l\u2019Escola. Podr\u00e0s escoltar de primera m\u00e0 l\u2019oferta formativa que tenim a la EHTG i parlar amb professorat de la formaci\u00f3 impartida al centre.<\/p>\n<p>Tamb\u00e9 hi haur\u00e0 alumnat que participar\u00e0 en les xerrades per explicar la seva experi\u00e8ncia EHTG.<\/p>\n<p>Si ets professor\/a de secund\u00e0ria, tamb\u00e9 pots inscriure\u2019t a la xerrada i visita, i si ho veus convenient podem assistir al vostre centre per tal de donar a con\u00e8ixer la nostra oferta formativa.<\/p>\n<p>Finalment, si voleu viure una mica m\u00e9s l\u2019EHTG, i veure com ens organitzem, tenim obert, amb reserva pr\u00e8via, el restaurant d\u2019aplicaci\u00f3 i la botiga, on el nostre alumnat fa pr\u00e0ctiques de forma vivencial amb els clients que ens volen visitar.<\/p>\n<p>Tens dubtes? Escriu-nos a\u00a0<a href=\"mailto:secretariaehtg@ehtg.cat\">secretariaehtg<span class=\"\">@ehtg.cat<\/span><\/a><\/p>\n<p style=\"text-align: right;\"><strong>Actualitzat: 23\/02\/26<\/strong><\/p>\n","protected":false},"excerpt":{"rendered":"<p>L\u2019Escola d&#8217;Hostaleria i Turisme de Girona obre les portes als futurs estudiants<br \/>\nEls dies:<\/p>\n<p>Dies 25 (grau mitj\u00e0) i 26 (grau superior) de mar\u00e7 del 2026<\/p>\n<p>Dies 8 (grau superior) i 9 (grau mitj\u00e0) d\u2019abril del 2026<\/p>\n<p>Pels cursos:<br \/>\nIFE (dia 25 de mar\u00e7)<br \/>\nPFI (dia 26 de mar\u00e7)<\/p>\n<p>Com:<br \/>\nPresencial al centre.<br \/>\nFarem&hellip;  <a href=\"https:\/\/agora.xtec.cat\/ehtg\/portes-obertes\/\" title=\"Read Portes Obertes\">Llegeix m\u00e9s\u00bb<\/a><\/p>\n","protected":false},"author":1,"featured_media":0,"parent":0,"menu_order":0,"comment_status":"closed","ping_status":"closed","template":"","meta":{"_bbp_topic_count":0,"_bbp_reply_count":0,"_bbp_total_topic_count":0,"_bbp_total_reply_count":0,"_bbp_voice_count":0,"_bbp_anonymous_reply_count":0,"_bbp_topic_count_hidden":0,"_bbp_reply_count_hidden":0,"_bbp_forum_subforum_count":0,"footnotes":""},"class_list":["post-13555","page","type-page","status-publish","hentry"],"post_mailing_queue_ids":[],"_links":{"self":[{"href":"https:\/\/agora.xtec.cat\/ehtg\/wp-json\/wp\/v2\/pages\/13555","targetHints":{"allow":["GET"]}}],"collection":[{"href":"https:\/\/agora.xtec.cat\/ehtg\/wp-json\/wp\/v2\/pages"}],"about":[{"href":"https:\/\/agora.xtec.cat\/ehtg\/wp-json\/wp\/v2\/types\/page"}],"author":[{"embeddable":true,"href":"https:\/\/agora.xtec.cat\/ehtg\/wp-json\/wp\/v2\/users\/1"}],"replies":[{"embeddable":true,"href":"https:\/\/agora.xtec.cat\/ehtg\/wp-json\/wp\/v2\/comments?post=13555"}],"version-history":[{"count":3,"href":"https:\/\/agora.xtec.cat\/ehtg\/wp-json\/wp\/v2\/pages\/13555\/revisions"}],"predecessor-version":[{"id":13559,"href":"https:\/\/agora.xtec.cat\/ehtg\/wp-json\/wp\/v2\/pages\/13555\/revisions\/13559"}],"wp:attachment":[{"href":"https:\/\/agora.xtec.cat\/ehtg\/wp-json\/wp\/v2\/media?parent=13555"}],"curies":[{"name":"wp","href":"https:\/\/api.w.org\/{rel}","templated":true}]}}