{"id":614,"date":"2022-05-04T11:02:42","date_gmt":"2022-05-04T09:02:42","guid":{"rendered":"https:\/\/agora.xtec.cat\/eeilespurnajesus\/?page_id=614"},"modified":"2024-09-10T13:45:32","modified_gmt":"2024-09-10T11:45:32","slug":"la-persona-educadora","status":"publish","type":"page","link":"https:\/\/agora.xtec.cat\/eeilespurnajesus\/valors-pedagogics\/la-persona-educadora\/","title":{"rendered":"La persona educadora"},"content":{"rendered":"<p style=\"text-align: justify;\">La\u00a0 persona educadora \u00e9s la <span style=\"color: #800080;\"><strong><u>persona qui acompanya i guia l\u2019infant en el seu creixement i desenvolupament<\/u><\/strong>,<\/span> per tant el seu comportament es constitueix com a model educatiu en el context del centre, t\u00e9 una <span style=\"color: #800080;\"><strong>responsabilitat educativa<\/strong> <\/span>envers l&#8217;infant vetllant pel respecte dels seus drets.<\/p>\n<p style=\"text-align: justify;\">Observa, acompanya, esta present, facilita, acull, confia, respecta i dona temps perqu\u00e8 l\u2019infant pugui descobrir, explorar, con\u00e8ixer i gaudir dels moments que es viuen a l\u2019escola.<\/p>\n<p style=\"text-align: justify;\">L&#8217;educadora ha de tenir <span style=\"color: #800080;\"><strong>capacitat d\u2019escolta i observaci\u00f3 <\/strong><\/span>per poder oferir contextos rics d\u2019aprenentatge, per captar les inquietuds, interessos, mancances i curiositats dels infants.\u00a0\u00c9s qui creu en un infant capa\u00e7 i sociable amb el que establir\u00e0 un vincle afectiu de confian\u00e7a i seguretat.<\/p>\n<p style=\"text-align: justify;\"><span style=\"font-weight: 400;\">Acompanyar\u00e0 i guiar\u00e0 l\u2019infant durant la seva estada a l\u2019escola i ser\u00e0 qui respecti el seus ritmes i temps d\u2019aprenentatge, donant suport a la capacitat aut\u00f2noma de l&#8217;infant.\u00a0<\/span><\/p>\n<p style=\"text-align: justify;\">L\u2019educadora \u00e9s el referent respecte a les fam\u00edlies i als infants i ha de donar confian\u00e7a per crear una relaci\u00f3 afectiva<span style=\"font-weight: 400;\">. Es qui durant el temps que l&#8217;infant romangui a l&#8217;escola bressol acompanyar\u00e0 les fam\u00edlies en tot moment.<\/span><\/p>\n<p>&nbsp;<\/p>\n<p><a href=\"https:\/\/agora.xtec.cat\/eeilespurnajesus\/wp-content\/uploads\/usu2537\/2024\/09\/c54cb721-62b7-449f-8214-765da3e78a34.jpg\"><img loading=\"lazy\" decoding=\"async\" class=\"aligncenter size-medium wp-image-1134\" src=\"https:\/\/agora.xtec.cat\/eeilespurnajesus\/wp-content\/uploads\/usu2537\/2024\/09\/c54cb721-62b7-449f-8214-765da3e78a34-225x300.jpg\" alt=\"\" width=\"225\" height=\"300\" srcset=\"https:\/\/agora.xtec.cat\/eeilespurnajesus\/wp-content\/uploads\/usu2537\/2024\/09\/c54cb721-62b7-449f-8214-765da3e78a34-225x300.jpg 225w, https:\/\/agora.xtec.cat\/eeilespurnajesus\/wp-content\/uploads\/usu2537\/2024\/09\/c54cb721-62b7-449f-8214-765da3e78a34-768x1024.jpg 768w, https:\/\/agora.xtec.cat\/eeilespurnajesus\/wp-content\/uploads\/usu2537\/2024\/09\/c54cb721-62b7-449f-8214-765da3e78a34-1152x1536.jpg 1152w, https:\/\/agora.xtec.cat\/eeilespurnajesus\/wp-content\/uploads\/usu2537\/2024\/09\/c54cb721-62b7-449f-8214-765da3e78a34.jpg 1536w\" sizes=\"auto, (max-width: 225px) 100vw, 225px\" \/><\/a><\/p>\n<p>&nbsp;<\/p>\n","protected":false},"excerpt":{"rendered":"<p>La\u00a0 persona educadora \u00e9s la persona qui acompanya i guia l\u2019infant en el seu creixement i desenvolupament, per tant el seu comportament es constitueix com a model educatiu en el context del centre, t\u00e9 una responsabilitat educativa envers l&#8217;infant vetllant pel respecte dels seus drets.<br \/>\nObserva,&hellip;  <a href=\"https:\/\/agora.xtec.cat\/eeilespurnajesus\/valors-pedagogics\/la-persona-educadora\/\" title=\"Read La persona educadora\">Llegeix m\u00e9s\u00bb<\/a><\/p>\n","protected":false},"author":1,"featured_media":0,"parent":1079,"menu_order":0,"comment_status":"closed","ping_status":"closed","template":"page-templates\/side-menu.php","meta":{"_bbp_topic_count":0,"_bbp_reply_count":0,"_bbp_total_topic_count":0,"_bbp_total_reply_count":0,"_bbp_voice_count":0,"_bbp_anonymous_reply_count":0,"_bbp_topic_count_hidden":0,"_bbp_reply_count_hidden":0,"_bbp_forum_subforum_count":0,"footnotes":""},"class_list":["post-614","page","type-page","status-publish","hentry"],"post_mailing_queue_ids":[],"_links":{"self":[{"href":"https:\/\/agora.xtec.cat\/eeilespurnajesus\/wp-json\/wp\/v2\/pages\/614","targetHints":{"allow":["GET"]}}],"collection":[{"href":"https:\/\/agora.xtec.cat\/eeilespurnajesus\/wp-json\/wp\/v2\/pages"}],"about":[{"href":"https:\/\/agora.xtec.cat\/eeilespurnajesus\/wp-json\/wp\/v2\/types\/page"}],"author":[{"embeddable":true,"href":"https:\/\/agora.xtec.cat\/eeilespurnajesus\/wp-json\/wp\/v2\/users\/1"}],"replies":[{"embeddable":true,"href":"https:\/\/agora.xtec.cat\/eeilespurnajesus\/wp-json\/wp\/v2\/comments?post=614"}],"version-history":[{"count":6,"href":"https:\/\/agora.xtec.cat\/eeilespurnajesus\/wp-json\/wp\/v2\/pages\/614\/revisions"}],"predecessor-version":[{"id":1135,"href":"https:\/\/agora.xtec.cat\/eeilespurnajesus\/wp-json\/wp\/v2\/pages\/614\/revisions\/1135"}],"up":[{"embeddable":true,"href":"https:\/\/agora.xtec.cat\/eeilespurnajesus\/wp-json\/wp\/v2\/pages\/1079"}],"wp:attachment":[{"href":"https:\/\/agora.xtec.cat\/eeilespurnajesus\/wp-json\/wp\/v2\/media?parent=614"}],"curies":[{"name":"wp","href":"https:\/\/api.w.org\/{rel}","templated":true}]}}

<p style="text-align: justify;">La  persona educadora és la <span style="color: #800080;"><strong><u>persona qui acompanya i guia l’infant en el seu creixement i desenvolupament</u></strong>,</span> per tant el seu comportament es constitueix com a model educatiu en el context del centre, té una <span style="color: #800080;"><strong>responsabilitat educativa</strong> </span>envers l&#8217;infant vetllant pel respecte dels seus drets.</p>
<p style="text-align: justify;">Observa, acompanya, esta present, facilita, acull, confia, respecta i dona temps perquè l’infant pugui descobrir, explorar, conèixer i gaudir dels moments que es viuen a l’escola.</p>
<p style="text-align: justify;">L&#8217;educadora ha de tenir <span style="color: #800080;"><strong>capacitat d’escolta i observació </strong></span>per poder oferir contextos rics d’aprenentatge, per captar les inquietuds, interessos, mancances i curiositats dels infants. És qui creu en un infant capaç i sociable amb el que establirà un vincle afectiu de confiança i seguretat.</p>
<p style="text-align: justify;"><span style="font-weight: 400;">Acompanyarà i guiarà l’infant durant la seva estada a l’escola i serà qui respecti el seus ritmes i temps d’aprenentatge, donant suport a la capacitat autònoma de l&#8217;infant. </span></p>
<p style="text-align: justify;">L’educadora és el referent respecte a les famílies i als infants i ha de donar confiança per crear una relació afectiva<span style="font-weight: 400;">. Es qui durant el temps que l&#8217;infant romangui a l&#8217;escola bressol acompanyarà les famílies en tot moment.</span></p>
<p>&nbsp;</p>
<p><a href="https://agora.xtec.cat/eeilespurnajesus/wp-content/uploads/usu2537/2024/09/c54cb721-62b7-449f-8214-765da3e78a34.jpg"><img loading="lazy" decoding="async" class="aligncenter size-medium wp-image-1134" src="https://agora.xtec.cat/eeilespurnajesus/wp-content/uploads/usu2537/2024/09/c54cb721-62b7-449f-8214-765da3e78a34-225x300.jpg" alt="" width="225" height="300" srcset="https://agora.xtec.cat/eeilespurnajesus/wp-content/uploads/usu2537/2024/09/c54cb721-62b7-449f-8214-765da3e78a34-225x300.jpg 225w, https://agora.xtec.cat/eeilespurnajesus/wp-content/uploads/usu2537/2024/09/c54cb721-62b7-449f-8214-765da3e78a34-768x1024.jpg 768w, https://agora.xtec.cat/eeilespurnajesus/wp-content/uploads/usu2537/2024/09/c54cb721-62b7-449f-8214-765da3e78a34-1152x1536.jpg 1152w, https://agora.xtec.cat/eeilespurnajesus/wp-content/uploads/usu2537/2024/09/c54cb721-62b7-449f-8214-765da3e78a34.jpg 1536w" sizes="auto, (max-width: 225px) 100vw, 225px" /></a></p>
<p>&nbsp;</p>

<p>La  persona educadora és la persona qui acompanya i guia l’infant en el seu creixement i desenvolupament, per tant el seu comportament es constitueix com a model educatiu en el context del centre, té una responsabilitat educativa envers l&#8217;infant vetllant pel respecte dels seus drets.<br />
Observa,&hellip;  <a href="https://agora.xtec.cat/eeilespurnajesus/valors-pedagogics/la-persona-educadora/" title="Read La persona educadora">Llegeix més»</a></p>
