{"id":613,"date":"2022-05-04T11:02:42","date_gmt":"2022-05-04T09:02:42","guid":{"rendered":"https:\/\/agora.xtec.cat\/eeilespurnajesus\/?page_id=613"},"modified":"2024-09-06T14:31:54","modified_gmt":"2024-09-06T12:31:54","slug":"relacio-amb-les-families","status":"publish","type":"page","link":"https:\/\/agora.xtec.cat\/eeilespurnajesus\/relacio-amb-les-families\/","title":{"rendered":"Relaci\u00f3 amb les fam\u00edlies"},"content":{"rendered":"<div id=\"comp-kaa6r8mk1\" class=\"_1Q9if _3bcaz\" data-testid=\"richTextElement\">\n<p style=\"text-align: center;\"><span style=\"color: #000000;\"><span style=\"color: #800080;\">Des de l&#8217;Escola Bressol l&#8217;Espurna es d\u00f3na import\u00e0ncia a una constant i bona comunicaci\u00f3 entre les fam\u00edlies i les educadores, a fi de vetllar per un bon desenvolupament de l&#8217;infant. <\/span><span style=\"font-family: inherit; font-size: 1em;\">La nostra tasca \u00e9s la d&#8217;<span style=\"color: #993366;\"><strong>acompanyar a les fam\u00edlies en l&#8217;educaci\u00f3 dels seus fill\/es<\/strong>.\u00a0<\/span><\/span><\/span><\/p>\n<p style=\"text-align: center;\">Un dels principals objectius com a centre \u00e9s potenciar la relaci\u00f3 amb les fam\u00edlies, que aquestes trobin en l&#8217;Espurna un lloc de suport, acompanyament i recolzament en la responsabilitat d&#8217;educar als seus fills.<\/p>\n<\/div>\n<div id=\"comp-kaa6r8ml2\" class=\"_1Q9if _3bcaz\" style=\"text-align: center;\" data-testid=\"richTextElement\">\n<p class=\"font_8\" style=\"text-align: justify;\">La <span style=\"color: #800080;\"><strong>comunicaci\u00f3<\/strong><\/span>, el <span style=\"color: #800080;\"><strong>respecte<\/strong><\/span> i la<strong><span style=\"color: #800080;\"> confian\u00e7a<\/span> <\/strong>amb les fam\u00edlies s\u00f3n els nostre pilars fonamentals.\u00a0<span style=\"font-family: inherit; font-size: 1em;\">\u00c9s important afavorir el di\u00e0leg entre l\u2019escola i les fam\u00edlies, i crear diferents canals de comunicaci\u00f3 i espais de trobada a l\u2019escola bressol. Aquests canals de comunicaci\u00f3 es concreten a trav\u00e9s de diverses trobades, reunions i entrevistes distribu\u00efdes al llarg de tot el curs.<\/span><\/p>\n<p class=\"font_8\" style=\"text-align: justify;\"><strong><span style=\"color: #800080; font-family: inherit; font-size: 1em;\">Els contactes diaris quotidians en les entrades i sortides<\/span><\/strong><\/p>\n<\/div>\n<div id=\"comp-kaa6r8mx2\" class=\"_1Q9if _3bcaz\" style=\"text-align: center;\" data-testid=\"richTextElement\">\n<p class=\"font_8\" style=\"text-align: justify;\"><span style=\"color: #000000;\">En aquestes entrades i sortides establim una comunicaci\u00f3 i un clima d&#8217;afecte i confian\u00e7a amb les fam\u00edlies. Acompanyem els moments de separaci\u00f3 i de retrobades a trav\u00e9s de l&#8217;afecte i la seguretat. <\/span><span style=\"color: #000000;\">Acollim i ens acomiadem de manera indivualitzada a cada infant i les seves fam\u00edlies.\u00a0<\/span><\/p>\n<p class=\"font_8\"><strong><span style=\"color: #800080;\">La comunicaci\u00f3 escrita<\/span><\/strong><\/p>\n<\/div>\n<div id=\"comp-kaa6r8n43\" class=\"_1Q9if _3bcaz\" style=\"text-align: center;\" data-testid=\"richTextElement\">\n<p class=\"font_8\" style=\"text-align: justify;\"><span class=\"color_15\">Durant el curs escolar utilitzem diferents tipus de comunicacions escrites per a poder informar les fam\u00edlies sobre aspectes organitzatius i sobre l&#8217;evoluci\u00f3 dels seus fill\/es.<\/span><\/p>\n<\/div>\n<div id=\"comp-kaa6r9y4\" class=\"\" style=\"text-align: center;\">\n<div class=\"_3bLYT _2OIRR _3hiPA\" data-testid=\"svgRoot-comp-kaa6r9y4\"><\/div>\n<\/div>\n<div id=\"comp-kaa6r8n1\" class=\"_1Q9if _3bcaz\" style=\"text-align: center;\" data-testid=\"richTextElement\">\n<p class=\"font_8\"><strong><span style=\"color: #800080;\">La comunicaci\u00f3n visual<\/span><\/strong><\/p>\n<p class=\"font_8\" style=\"text-align: justify;\"><span class=\"wixGuard\">Aquesta documentaci\u00f3 ens permet fer visible el nostre projecte d&#8217;escola i es realitza a trav\u00e9s d&#8217;imatges a la web o als diferents canals de difusi\u00f3.<\/span><\/p>\n<p><strong style=\"color: #800080;\">Comunicaci\u00f3 oral a trav\u00e9s d&#8217;entrevistes i reunions<\/strong><\/p>\n<p style=\"text-align: justify;\"><span style=\"font-family: inherit; font-size: 1em;\">Durant el curs escolar realitzem diferents entrevistes, una a principi de curs i l&#8217;altra al tercer trimestre, amb la finalitat d&#8217;intercanviar informaci\u00f3 amb les fam\u00edlies sobre l&#8217;evoluci\u00f3 dels seus fill\/es.<\/span><\/p>\n<\/div>\n<p style=\"text-align: center;\">La primera entrevista \u00e9s fonamental per con\u00e8ixer dades de l&#8217;infant, el seu desenvolupament, la seva personalitat, h\u00e0bits, costums, entorn familiar, &#8230; i aix\u00ed poder ajudar-lo en el seu proc\u00e9s de familiaritzaci\u00f3 i en el seu proc\u00e9s educatiu. Les fam\u00edlies tamb\u00e9 poden sol.licitar entrevistes amb els seus tutors quan ho necessitin i ho creguin necessari.<\/p>\n<p style=\"text-align: center;\">Les reunions grupals ens permeten tamb\u00e9 d\u00f3nar a con\u00e8ixer el nostre projecte educatiu a les fam\u00edlies i el nostre dia a dia amb els infants.<\/p>\n<div style=\"text-align: center;\" data-testid=\"svgRoot-comp-kabpkz7v\"><\/div>\n<div id=\"comp-kaa6r9xs\" class=\"_1Q9if _3bcaz\" style=\"text-align: center;\" data-testid=\"richTextElement\">\n<p class=\"font_8\"><span style=\"color: #800080;\"><strong><span class=\"color_15\">Espais de trobada<\/span><\/strong><\/span><\/p>\n<p class=\"font_8\" style=\"text-align: justify;\"><span class=\"color_15\"><span class=\"wixGuard\">A trav\u00e9s de la celebraci\u00f3 de diferents festivitats creem espais de trobada amb les fam\u00edlies. Espais acollidors que propicien la relaci\u00f3 i coneixen\u00e7a entre les fam\u00edlies i la confian\u00e7a amb l&#8217;escola bressol. \u200b<\/span><\/span><\/p>\n<\/div>\n<p style=\"text-align: center;\"><strong><span style=\"color: #800080;\">\u00d2rgans de govern i coodinaci\u00f3 docent<\/span><\/strong><\/p>\n<div id=\"comp-kaa6r9y6\" class=\"_1Q9if _3bcaz\" style=\"text-align: center;\" data-testid=\"richTextElement\">\n<p class=\"font_8\" style=\"text-align: justify;\">A trav\u00e9s del Consell Escolar les fam\u00edlies tamb\u00e9 poden participar en la gesti\u00f3 de l&#8217;escola i fer arribar les seves sugger\u00e8ncies, propostes o queixes, la seva veu \u00e9s escoltada.<\/p>\n<\/div>\n<p style=\"text-align: center;\"><span style=\"font-weight: 400;\">L\u2019escola es converteix en un espai de confian\u00e7a, intercanvi i creixement de totes les persones que fomen part.<\/span><\/p>\n","protected":false},"excerpt":{"rendered":"<p>Des de l&#8217;Escola Bressol l&#8217;Espurna es d\u00f3na import\u00e0ncia a una constant i bona comunicaci\u00f3 entre les fam\u00edlies i les educadores, a fi de vetllar per un bon desenvolupament de l&#8217;infant. La nostra tasca \u00e9s la d&#8217;acompanyar a les fam\u00edlies en l&#8217;educaci\u00f3 dels seus fill\/es.\u00a0<br \/>\nUn dels&hellip;  <a href=\"https:\/\/agora.xtec.cat\/eeilespurnajesus\/relacio-amb-les-families\/\" title=\"Read Relaci\u00f3 amb les fam\u00edlies\">Llegeix m\u00e9s\u00bb<\/a><\/p>\n","protected":false},"author":1,"featured_media":0,"parent":0,"menu_order":0,"comment_status":"closed","ping_status":"closed","template":"","meta":{"_bbp_topic_count":0,"_bbp_reply_count":0,"_bbp_total_topic_count":0,"_bbp_total_reply_count":0,"_bbp_voice_count":0,"_bbp_anonymous_reply_count":0,"_bbp_topic_count_hidden":0,"_bbp_reply_count_hidden":0,"_bbp_forum_subforum_count":0,"footnotes":""},"class_list":["post-613","page","type-page","status-publish","hentry"],"post_mailing_queue_ids":[],"_links":{"self":[{"href":"https:\/\/agora.xtec.cat\/eeilespurnajesus\/wp-json\/wp\/v2\/pages\/613","targetHints":{"allow":["GET"]}}],"collection":[{"href":"https:\/\/agora.xtec.cat\/eeilespurnajesus\/wp-json\/wp\/v2\/pages"}],"about":[{"href":"https:\/\/agora.xtec.cat\/eeilespurnajesus\/wp-json\/wp\/v2\/types\/page"}],"author":[{"embeddable":true,"href":"https:\/\/agora.xtec.cat\/eeilespurnajesus\/wp-json\/wp\/v2\/users\/1"}],"replies":[{"embeddable":true,"href":"https:\/\/agora.xtec.cat\/eeilespurnajesus\/wp-json\/wp\/v2\/comments?post=613"}],"version-history":[{"count":5,"href":"https:\/\/agora.xtec.cat\/eeilespurnajesus\/wp-json\/wp\/v2\/pages\/613\/revisions"}],"predecessor-version":[{"id":1105,"href":"https:\/\/agora.xtec.cat\/eeilespurnajesus\/wp-json\/wp\/v2\/pages\/613\/revisions\/1105"}],"wp:attachment":[{"href":"https:\/\/agora.xtec.cat\/eeilespurnajesus\/wp-json\/wp\/v2\/media?parent=613"}],"curies":[{"name":"wp","href":"https:\/\/api.w.org\/{rel}","templated":true}]}}