{"id":26,"date":"2022-03-31T16:07:32","date_gmt":"2022-03-31T14:07:32","guid":{"rendered":"http:\/\/agora.xtec.cat\/eeilespurnajesus\/?page_id=26"},"modified":"2024-09-10T13:49:50","modified_gmt":"2024-09-10T11:49:50","slug":"historia","status":"publish","type":"page","link":"https:\/\/agora.xtec.cat\/eeilespurnajesus\/lescola\/historia\/","title":{"rendered":"D&#8217;on venim?"},"content":{"rendered":"<p style=\"text-align: left;\"><a href=\"https:\/\/agora.xtec.cat\/eeilespurnajesus\/wp-content\/uploads\/usu2537\/2024\/09\/1200-1629532793foto-3828913-2.jpeg\"><img loading=\"lazy\" decoding=\"async\" class=\"aligncenter size-medium wp-image-1138\" src=\"https:\/\/agora.xtec.cat\/eeilespurnajesus\/wp-content\/uploads\/usu2537\/2024\/09\/1200-1629532793foto-3828913-2-300x184.jpeg\" alt=\"\" width=\"300\" height=\"184\" srcset=\"https:\/\/agora.xtec.cat\/eeilespurnajesus\/wp-content\/uploads\/usu2537\/2024\/09\/1200-1629532793foto-3828913-2-300x184.jpeg 300w, https:\/\/agora.xtec.cat\/eeilespurnajesus\/wp-content\/uploads\/usu2537\/2024\/09\/1200-1629532793foto-3828913-2-1024x627.jpeg 1024w, https:\/\/agora.xtec.cat\/eeilespurnajesus\/wp-content\/uploads\/usu2537\/2024\/09\/1200-1629532793foto-3828913-2-768x470.jpeg 768w, https:\/\/agora.xtec.cat\/eeilespurnajesus\/wp-content\/uploads\/usu2537\/2024\/09\/1200-1629532793foto-3828913-2.jpeg 1200w\" sizes=\"auto, (max-width: 300px) 100vw, 300px\" \/><\/a><\/p>\n<p style=\"text-align: left;\">Des de l&#8217;any 1997, l&#8217;Emd de Jes\u00fas, va apostar per oferir un servei municipal educatiu adre\u00e7at a la petita inf\u00e0ncia, al 0-3.\u00a0Inicialment, el centre d&#8217;Educaci\u00f3 Infantil 0-3 es va ubicar en una de les aules que durant molts anys formaven part de l&#8217;antic col.legi Teresi\u00e0 de Jes\u00fas. L&#8217;escola infantil constava d&#8217;una \u00fanica aula on hi assistien xiquets i xiquetes dels 12 mesos fins als 3 anys. L&#8217;entorn era preci\u00f3s, amb els jardins del convent de les teresianes molt a prop, per\u00f2 les instal\u00b7lacions eren molt antigues.<\/p>\n<p style=\"text-align: justify;\">L&#8217;any 2005, l&#8217;equip de govern de l&#8217;Emd de Jes\u00fas va fer un pas m\u00e9s pel servei adre\u00e7at a la petita inf\u00e0ncia i a les seves fam\u00edlies i es va construir un nou edifici, una nova Llar d&#8217;Infants, d&#8217;acord amb les disposicions i exig\u00e8ncies reglament\u00e0ries, on es van poder acollir xiquets i xiquetes dels 4 mesos fins als 3 anys, passant de tenir nom\u00e9s una aula a tenir-ne tres, i amb nous serveis i espais.<\/p>\n<p style=\"text-align: justify;\">Una nova <strong>Llar d&#8217;Infants municipal<\/strong>, a la que se li va donar el nom de <span style=\"text-decoration: underline;\"><strong>l<span style=\"color: #333333; text-decoration: underline;\">&#8216;Espurna<\/span><\/strong><\/span>.<\/p>\n<p style=\"text-align: justify;\">Les instal\u00b7lacions de <strong>l&#8217;Espurna<\/strong> es van ubicar al costat mateix de l&#8217;Institut Escola Daniel Mangran\u00e9, fet que suposa una gran comoditat per a les fam\u00edlies que tenen m\u00e9s d&#8217;un fill\/a, i una continu\u00eftat en el sistema educatiu, des dels 4 mesos fins als 16 anys, a la mateixa poblaci\u00f3. Actualment el centre, des del curs 2022\/23, aprovat pel consell escolar, t\u00e9 la denominaci\u00f3 d<span style=\"text-decoration: underline;\"><strong>&#8216;Escola Bressol l&#8217;Espurna.<\/strong><\/span><\/p>\n<p style=\"text-align: justify;\">L&#8217;Escola Bressol l&#8217;Espurna ha estat sempre i \u00e9s un centre molt vinculat al seu entorn social i cultural, obert a la comunitat, participant en les tradicions del poble, un <span style=\"text-decoration: underline;\">espai de vida<\/span> obert a les fam\u00edlies i als infants.<\/p>\n<p style=\"text-align: justify;\">\n","protected":false},"excerpt":{"rendered":"<p><a href=\"https:\/\/agora.xtec.cat\/eeilespurnajesus\/wp-content\/uploads\/usu2537\/2024\/09\/1200-1629532793foto-3828913-2.jpeg\"><\/a><br \/>\nDes de l&#8217;any 1997, l&#8217;Emd de Jes\u00fas, va apostar per oferir un servei municipal educatiu adre\u00e7at a la petita inf\u00e0ncia, al 0-3.\u00a0Inicialment, el centre d&#8217;Educaci\u00f3 Infantil 0-3 es va ubicar en una de les aules que durant molts anys formaven part de l&#8217;antic col.legi&hellip;  <a href=\"https:\/\/agora.xtec.cat\/eeilespurnajesus\/lescola\/historia\/\" title=\"Read D&#8217;on venim?\">Llegeix m\u00e9s\u00bb<\/a><\/p>\n","protected":false},"author":1,"featured_media":0,"parent":22,"menu_order":20,"comment_status":"closed","ping_status":"closed","template":"page-templates\/side-menu.php","meta":{"_bbp_topic_count":0,"_bbp_reply_count":0,"_bbp_total_topic_count":0,"_bbp_total_reply_count":0,"_bbp_voice_count":0,"_bbp_anonymous_reply_count":0,"_bbp_topic_count_hidden":0,"_bbp_reply_count_hidden":0,"_bbp_forum_subforum_count":0,"footnotes":""},"class_list":["post-26","page","type-page","status-publish","hentry"],"post_mailing_queue_ids":[],"_links":{"self":[{"href":"https:\/\/agora.xtec.cat\/eeilespurnajesus\/wp-json\/wp\/v2\/pages\/26","targetHints":{"allow":["GET"]}}],"collection":[{"href":"https:\/\/agora.xtec.cat\/eeilespurnajesus\/wp-json\/wp\/v2\/pages"}],"about":[{"href":"https:\/\/agora.xtec.cat\/eeilespurnajesus\/wp-json\/wp\/v2\/types\/page"}],"author":[{"embeddable":true,"href":"https:\/\/agora.xtec.cat\/eeilespurnajesus\/wp-json\/wp\/v2\/users\/1"}],"replies":[{"embeddable":true,"href":"https:\/\/agora.xtec.cat\/eeilespurnajesus\/wp-json\/wp\/v2\/comments?post=26"}],"version-history":[{"count":6,"href":"https:\/\/agora.xtec.cat\/eeilespurnajesus\/wp-json\/wp\/v2\/pages\/26\/revisions"}],"predecessor-version":[{"id":1139,"href":"https:\/\/agora.xtec.cat\/eeilespurnajesus\/wp-json\/wp\/v2\/pages\/26\/revisions\/1139"}],"up":[{"embeddable":true,"href":"https:\/\/agora.xtec.cat\/eeilespurnajesus\/wp-json\/wp\/v2\/pages\/22"}],"wp:attachment":[{"href":"https:\/\/agora.xtec.cat\/eeilespurnajesus\/wp-json\/wp\/v2\/media?parent=26"}],"curies":[{"name":"wp","href":"https:\/\/api.w.org\/{rel}","templated":true}]}}