{"id":1118,"date":"2022-03-30T08:48:34","date_gmt":"2022-03-30T06:48:34","guid":{"rendered":"https:\/\/agora.xtec.cat\/eeilabaldufa\/?page_id=1118"},"modified":"2022-03-30T08:48:34","modified_gmt":"2022-03-30T06:48:34","slug":"la-magia-dins-del-mon-magic-dels-infants","status":"publish","type":"page","link":"https:\/\/agora.xtec.cat\/eeilabaldufa\/la-magia-dins-del-mon-magic-dels-infants\/","title":{"rendered":"&#8220;La m\u00e0gia dins del m\u00f3n m\u00e0gic dels infants&#8221;"},"content":{"rendered":"<p style=\"text-align: justify;\" align=\"center\"><span style=\"font-family: Verdana, serif;\"><span style=\"font-size: medium;\">Qu\u00e8 t\u00e9 la m\u00e0gia que ens agrada a tothom? Que \u00e9s all\u00f2 que sembla impossible que ens enganxa i atrau tant a grans i a petits\/es?<\/span><\/span><\/p>\n<p align=\"justify\"><img loading=\"lazy\" decoding=\"async\" class=\"aligncenter size-full wp-image-77\" src=\"http:\/\/blocs.xtec.cat\/llarsinfantsacasallarlabaldufa\/files\/2020\/06\/28-04-2020-10-45-02.jpg\" alt=\"\" width=\"819\" height=\"526\" \/><\/p>\n<p align=\"justify\"><span style=\"font-family: Verdana, serif;\"><span style=\"font-size: medium;\">Les persones adultes sabem que all\u00f2 que estem veient no pot ser real per\u00f2, encara aix\u00ed, ens meravella igual. Hi ha vegades en les quals simplement ens ho creiem mentre que d\u2019altres mirem molt atentament per intentar trobar on \u00e9s el truc o l\u2019engany. Tanmateix, als infants no nom\u00e9s els hi encanta sin\u00f3 que, a m\u00e9s a m\u00e9s, creuen amb fermesa all\u00f2 que veuen perqu\u00e8 encara no tenen adquirida la diferenciaci\u00f3 entre la realitat i la ficci\u00f3. Els m\u00e9s petits no busquen explicacions m\u00e9s enll\u00e0, simplement es deixen portar i gaudeixen de la m\u00e0gia al 100%. I, a la vegada, fan que les persones adultes gaudim de la seva innoc\u00e8ncia i el plaer de somiar, caracter\u00edstiques innates en les primeres edats de la nostra vida les quals, a mesura que creixem, anem perdent.<\/span><\/span><\/p>\n<p align=\"justify\"><span style=\"font-family: Verdana, serif;\"><span style=\"font-size: medium;\">No \u00e9s casualitat que triomfin series i\/o pel\u00b7l\u00edcules relacionades amb aquest tema. Cada generaci\u00f3 ha tingut la seva dosi de m\u00e0gia sigui amb Sabrina, Mary Poppins o Harry Potter, entre d\u2019altres.<\/span><\/span><\/p>\n<p align=\"justify\"><span style=\"font-family: Verdana, serif;\"><span style=\"font-size: medium;\">Per\u00f2, a part de meravella\u2019ns, serveix per quelcom m\u00e9s la m\u00e0gia? La resposta \u00e9s s\u00ed! Especialment quan s\u00f3n els mateixos infants els que es transformen en mags i magues.<\/span><\/span><\/p>\n<p align=\"justify\"><span style=\"font-family: Verdana, serif;\"><span style=\"font-size: medium;\">\u00c9s possible que quan un nen o una nena faci m\u00e0gia, la seva intenci\u00f3 sigui fer-la per passar-s\u2019ho b\u00e9 i per veure la cara que se li queda al \u201cseu p\u00fablic\u201d en veure com l\u2019ha realitzat. Per\u00f2, en realitat, darrere de la m\u00e0gia, hi ha molt m\u00e9s. <\/span><\/span><\/p>\n<p align=\"justify\"><span style=\"font-family: Verdana, serif;\"><span style=\"font-size: medium;\">Quan fem m\u00e0gia, entre altres coses, s\u2019estimula:<\/span><\/span><\/p>\n<p align=\"justify\"><span style=\"font-family: Verdana, serif;\"><span style=\"font-size: medium;\">&#8211; La creativitat: per fer el truc, per dur-lo a la pr\u00e0ctica, per imaginar situacions, escenaris i, fins i tot, per inventar-se nous trucs.<\/span><\/span><\/p>\n<p align=\"justify\"><span style=\"font-family: Verdana, serif;\"><span style=\"font-size: medium;\">&#8211; L\u2019enginy: Els mags i les magues no deixen mai de pensar en noves il\u00b7lusions i maneres de fer. Mentre que alguns trucs s\u00f3n ben senzill, d\u2019altres s\u00f3n molt elaborats i necessiten molts recursos i el fet de pensar i repensar estimula l\u2019enginy i la rapidesa mental.<\/span><\/span><\/p>\n<p align=\"justify\"><a href=\"http:\/\/blocs.xtec.cat\/llarsinfantsacasallarlabaldufa\/files\/2020\/06\/28-04-2020-10-49-08.jpg\"><img loading=\"lazy\" decoding=\"async\" class=\"aligncenter size-full wp-image-79\" src=\"http:\/\/blocs.xtec.cat\/llarsinfantsacasallarlabaldufa\/files\/2020\/06\/28-04-2020-10-49-08.jpg\" alt=\"\" width=\"799\" height=\"553\" \/><\/a><\/p>\n<p align=\"justify\"><span style=\"font-family: Verdana, serif;\"><span style=\"font-size: medium;\">&#8211; La millora l\u2019autoestima: la m\u00e0gia t\u00e9 la capacitat de deixar bocabadats a aquelles persones que la miren, i posa a qui la fa al centre. Un nen o una nena que faci m\u00e0gia, segur que genera admiraci\u00f3 perqu\u00e8 mentre dura \u201cl\u2019espectacle\u201d, \u00e9s ell o ella qui lidera la situaci\u00f3 i aix\u00f2 genera una autoestima molt positiva en els petits i petites.<\/span><\/span><\/p>\n<p align=\"justify\"><span style=\"font-family: Verdana, serif;\"><span style=\"font-size: medium;\">-La millora la comunicaci\u00f3: desenvolupar i explicar un truc mentre s\u2019acapara l\u2019atenci\u00f3 no \u00e9s f\u00e0cil. S\u2019ha d\u2019estar segur\/a que la gent ent\u00e9n el que es diu i segueixen les teves explicacions. \u00c9s per aix\u00f2 que aquestes han de ser clares i s\u2019ha de posar en pr\u00e0ctica i desenvolupar els mecanismes de comunicaci\u00f3 i expressi\u00f3 (llenguatge, llenguatge corporal, capacitat de comprensi\u00f3, de reflexi\u00f3, de comunicaci\u00f3&#8230;). Com m\u00e9s es practiqui, millor.<\/span><\/span><\/p>\n<p align=\"justify\"><span style=\"font-family: Verdana, serif;\"><span style=\"font-size: medium;\">&#8211; El desenvolupament de l\u2019autocr\u00edtica i la gesti\u00f3 de la frustraci\u00f3: rarament els trucs surtin b\u00e9 a la primera. Fins i tot, els millors mags i les millors magues fan errades! Quan un truc no surt com es vol, el millor que es pot fer \u00e9s fixar-se en l\u2019error, reflexionar com millorar i seguir practicant sense perdre les ganes a la vegada que es lluita contra els sentiments negatius com la frustraci\u00f3 dels quals no es genera res positiu. La pr\u00e0ctica de l\u2019autocr\u00edtica ajudar\u00e0 a millorar i a guanyar en la capacitat de superaci\u00f3 d\u2019obstacles.<\/span><\/span><\/p>\n<p lang=\"en-US\" align=\"justify\"><span style=\"font-family: Times New Roman, serif;\"><span style=\"font-size: medium;\"><span style=\"color: #000000;\"><span style=\"font-family: Verdana, serif;\"><span lang=\"ca-ES\">&#8211; La sociabilitat: encara que els trucs s\u2019acostumen a assajar en solitari, l\u2019objectiu d\u2019aquests \u00e9s mostrar-los als altres, ja siguin amics i amigues, a la fam\u00edlia, etc. \u00c9s per aquesta ra\u00f3 que la m\u00e0gia tamb\u00e9 afavoreix la sociabilitat.<\/span><\/span><\/span><\/span><\/span><\/p>\n<p align=\"justify\"><span style=\"font-family: Verdana, serif;\"><span style=\"font-size: medium;\">&#8211; La millora de la motricitat: hi ha molts trucs, amb cartes, monedes, etc que<\/span><\/span><\/p>\n<p align=\"justify\"><span style=\"font-family: Verdana, serif;\"><span style=\"font-size: medium;\">requereixen molta habilitat motriu per fer-los i perqu\u00e8 semblin senzills, s\u2019han de practicar molt. La pr\u00e0ctica una vegada i una altra d\u2019aquest, ajudar\u00e0 a millorar la motricitat fina especialment de les mans i dits.<\/span><\/span><\/p>\n<p align=\"justify\"><a href=\"http:\/\/blocs.xtec.cat\/llarsinfantsacasallarlabaldufa\/files\/2020\/06\/28-04-2020-10-48-30.jpg\"><img loading=\"lazy\" decoding=\"async\" class=\"aligncenter size-full wp-image-78\" src=\"http:\/\/blocs.xtec.cat\/llarsinfantsacasallarlabaldufa\/files\/2020\/06\/28-04-2020-10-48-30.jpg\" alt=\"\" width=\"813\" height=\"499\" \/><\/a><\/p>\n<p align=\"justify\"><span style=\"font-family: Verdana, serif;\"><span style=\"font-size: medium;\">&#8211; I, per \u00faltim i no menys important, la potencialitat de diferents valors com: la const\u00e0ncia, l\u2019esfor\u00e7, l\u2019empatia i la paci\u00e8ncia entre molts d\u2019altres els quals no nom\u00e9s aporten coneixements per la vida sin\u00f3 que ajuden i contribueixen en la construcci\u00f3 de la personalitat dels infants.<\/span><\/span><\/p>\n<p align=\"justify\"><span style=\"font-family: Verdana, serif;\"><span style=\"font-size: medium;\">A continuaci\u00f3 us hem preparat uns trucs que segur que us engrescaran:<\/span><\/span><\/p>\n<p lang=\"en-US\" align=\"justify\"><a href=\"https:\/\/youtu.be\/VMfbdzFtNio\"> Fem una mica de m\u00e0gia<br \/>\n<\/a><\/p>\n<p align=\"justify\"><span style=\"font-family: Verdana, serif;\"><span style=\"font-size: medium;\"><strong>Qu\u00e8 ens dieu? Us apunteu a fer una mica de m\u00e0gia amb nosaltres?<\/strong><\/span><\/span><\/p>\n<p lang=\"en-US\"><span style=\"font-family: Times New Roman, serif;\"><span style=\"font-size: medium;\"><span style=\"color: #0000ff;\"><span style=\"color: #3465a4;\"><span style=\"font-family: Verdana, serif;\"><span lang=\"ca-ES\"><strong>Animeu-vos i comenteu-nos que us ha semblat aquest article! <\/strong><\/span><\/span><\/span><\/span><\/span><\/span><\/p>\n<p lang=\"en-US\" style=\"text-align: right;\"><strong>Equip Llar d&#8217;infants P\u00fablica municipal la Baldufa<\/strong><\/p>\n","protected":false},"excerpt":{"rendered":"<p>Qu\u00e8 t\u00e9 la m\u00e0gia que ens agrada a tothom? Que \u00e9s all\u00f2 que sembla impossible que ens enganxa i atrau tant a grans i a petits\/es? Les persones adultes sabem que all\u00f2 que estem veient no pot ser real per\u00f2, encara aix\u00ed, ens meravella igual. Hi ha vegades en les quals simplement ens ho creiem [&hellip;]<\/p>\n","protected":false},"author":1,"featured_media":0,"parent":0,"menu_order":0,"comment_status":"closed","ping_status":"closed","template":"","meta":{"_bbp_topic_count":0,"_bbp_reply_count":0,"_bbp_total_topic_count":0,"_bbp_total_reply_count":0,"_bbp_voice_count":0,"_bbp_anonymous_reply_count":0,"_bbp_topic_count_hidden":0,"_bbp_reply_count_hidden":0,"_bbp_forum_subforum_count":0,"site-sidebar-layout":"default","site-content-layout":"","ast-site-content-layout":"","site-content-style":"default","site-sidebar-style":"default","ast-global-header-display":"","ast-banner-title-visibility":"","ast-main-header-display":"","ast-hfb-above-header-display":"","ast-hfb-below-header-display":"","ast-hfb-mobile-header-display":"","site-post-title":"","ast-breadcrumbs-content":"","ast-featured-img":"","footer-sml-layout":"","theme-transparent-header-meta":"","adv-header-id-meta":"","stick-header-meta":"","header-above-stick-meta":"","header-main-stick-meta":"","header-below-stick-meta":"","astra-migrate-meta-layouts":"default","ast-page-background-enabled":"default","ast-page-background-meta":{"desktop":{"background-color":"var(--ast-global-color-4)","background-image":"","background-repeat":"repeat","background-position":"center center","background-size":"auto","background-attachment":"scroll","background-type":"","background-media":"","overlay-type":"","overlay-color":"","overlay-opacity":"","overlay-gradient":""},"tablet":{"background-color":"","background-image":"","background-repeat":"repeat","background-position":"center center","background-size":"auto","background-attachment":"scroll","background-type":"","background-media":"","overlay-type":"","overlay-color":"","overlay-opacity":"","overlay-gradient":""},"mobile":{"background-color":"","background-image":"","background-repeat":"repeat","background-position":"center center","background-size":"auto","background-attachment":"scroll","background-type":"","background-media":"","overlay-type":"","overlay-color":"","overlay-opacity":"","overlay-gradient":""}},"ast-content-background-meta":{"desktop":{"background-color":"var(--ast-global-color-5)","background-image":"","background-repeat":"repeat","background-position":"center center","background-size":"auto","background-attachment":"scroll","background-type":"","background-media":"","overlay-type":"","overlay-color":"","overlay-opacity":"","overlay-gradient":""},"tablet":{"background-color":"var(--ast-global-color-5)","background-image":"","background-repeat":"repeat","background-position":"center center","background-size":"auto","background-attachment":"scroll","background-type":"","background-media":"","overlay-type":"","overlay-color":"","overlay-opacity":"","overlay-gradient":""},"mobile":{"background-color":"var(--ast-global-color-5)","background-image":"","background-repeat":"repeat","background-position":"center center","background-size":"auto","background-attachment":"scroll","background-type":"","background-media":"","overlay-type":"","overlay-color":"","overlay-opacity":"","overlay-gradient":""}},"footnotes":""},"class_list":["post-1118","page","type-page","status-publish","hentry"],"post_mailing_queue_ids":[],"_links":{"self":[{"href":"https:\/\/agora.xtec.cat\/eeilabaldufa\/wp-json\/wp\/v2\/pages\/1118","targetHints":{"allow":["GET"]}}],"collection":[{"href":"https:\/\/agora.xtec.cat\/eeilabaldufa\/wp-json\/wp\/v2\/pages"}],"about":[{"href":"https:\/\/agora.xtec.cat\/eeilabaldufa\/wp-json\/wp\/v2\/types\/page"}],"author":[{"embeddable":true,"href":"https:\/\/agora.xtec.cat\/eeilabaldufa\/wp-json\/wp\/v2\/users\/1"}],"replies":[{"embeddable":true,"href":"https:\/\/agora.xtec.cat\/eeilabaldufa\/wp-json\/wp\/v2\/comments?post=1118"}],"version-history":[{"count":1,"href":"https:\/\/agora.xtec.cat\/eeilabaldufa\/wp-json\/wp\/v2\/pages\/1118\/revisions"}],"predecessor-version":[{"id":1121,"href":"https:\/\/agora.xtec.cat\/eeilabaldufa\/wp-json\/wp\/v2\/pages\/1118\/revisions\/1121"}],"wp:attachment":[{"href":"https:\/\/agora.xtec.cat\/eeilabaldufa\/wp-json\/wp\/v2\/media?parent=1118"}],"curies":[{"name":"wp","href":"https:\/\/api.w.org\/{rel}","templated":true}]}}