{"id":73,"date":"2014-09-18T14:01:51","date_gmt":"2014-09-18T13:01:51","guid":{"rendered":"http:\/\/agora.xtec.cat\/eeielrodo\/?page_id=73"},"modified":"2026-02-11T12:47:35","modified_gmt":"2026-02-11T11:47:35","slug":"menjador-escolar","status":"publish","type":"page","link":"https:\/\/agora.xtec.cat\/eeielrodo\/serveis\/menjador-escolar\/","title":{"rendered":"Menjador escolar i descans"},"content":{"rendered":"<p>Quan l\u2019 infant menja, no nom\u00e9s est\u00e0 assaborint els aliments, sin\u00f3 tot all\u00f2 que suposa l\u2019estona del menjar i les relacions que s\u2019hi estableixen. Per tant, en el moment de l\u2019\u00e0pat procurem que sigui un moment de plaer per l\u2019 infant\u00a0 i de relaci\u00f3 entre aquest i l\u2019adult de refer\u00e8ncia que l&#8217;acompanya.<\/p>\n<p><a href=\"https:\/\/agora.xtec.cat\/eeielrodo\/wp-content\/uploads\/usu2175\/2022\/04\/2021-02-17-12.04.47-5-rotated.jpg\"><img loading=\"lazy\" decoding=\"async\" class=\"wp-image-1291  alignleft\" src=\"https:\/\/agora.xtec.cat\/eeielrodo\/wp-content\/uploads\/usu2175\/2022\/04\/2021-02-17-12.04.47-5-rotated-e1650531478464-300x200.jpg\" alt=\"\" width=\"338\" height=\"225\" srcset=\"https:\/\/agora.xtec.cat\/eeielrodo\/wp-content\/uploads\/usu2175\/2022\/04\/2021-02-17-12.04.47-5-rotated-e1650531478464-300x200.jpg 300w, https:\/\/agora.xtec.cat\/eeielrodo\/wp-content\/uploads\/usu2175\/2022\/04\/2021-02-17-12.04.47-5-rotated-e1650531478464.jpg 448w\" sizes=\"auto, (max-width: 338px) 100vw, 338px\" \/><\/a><\/p>\n<p>Tractem l\u2019alimentaci\u00f3 des d\u2019un doble vessant: el diet\u00e8tic i l\u2019educatiu. Els men\u00fas s\u2019elaboren a la nostra cuina pr\u00f2pia i s\u2019adapten a les necessitats de cada infant i als costums de crian\u00e7a de cada fam\u00edlia. Durant els \u00e0pats, a m\u00e9s a m\u00e9s de l\u2019equip educatiu, disposem de monitoratge de suport, perqu\u00e8 els infants que dinen a la seva estan\u00e7a, se sentin atesos i tranquils per anar descobrint nous sabors i textures. Respectant la quantitat que cadasc\u00fa necessita en tot moment. El servei est\u00e0 gestionat per l\u2019AFA.<\/p>\n<p>EL DESCANS<br \/>\nPerqu\u00e8 els infants puguin afrontar la tarda amb m\u00e9s tranquil\u00b7litat, \u00e9s important que descansin. Per tant, respectem els seus horaris i els deixem dormir l\u2019estona que ho necessitin, aix\u00ed es desperten m\u00e9s relaxats i amb energia.<br \/>\nEls alumnes que per horari o per necessitat, necessiten descansar al Rod\u00f3 poden adquirir un llen\u00e7ol de sota adaptat als nostres llitets o b\u00e9, demanar les mides a les educadores i confeccionar-lo a casa. D\u2019aquesta manera, podeu personalitzar el llen\u00e7ol i posar el nom del vostre fill\/a en gran, amb algun dibuix, etc&#8230; aix\u00ed ells i elles s\u00f3n capa\u00e7os d\u2019identificar-lo. Tamb\u00e9 cal portar un llen\u00e7olet de sobre, per tapar-los (marcat amb el nom). Cada divendres els donarem per rentar.<\/p>\n","protected":false},"excerpt":{"rendered":"<p>Quan l\u2019 infant menja, no nom\u00e9s est\u00e0 assaborint els aliments, sin\u00f3 tot all\u00f2 que suposa l\u2019estona del menjar i les relacions que s\u2019hi estableixen. Per tant, en el moment de l\u2019\u00e0pat procurem que sigui un moment de plaer per l\u2019 infant\u00a0 i de relaci\u00f3 entre&hellip;  <a href=\"https:\/\/agora.xtec.cat\/eeielrodo\/serveis\/menjador-escolar\/\" title=\"Read Menjador escolar i descans\">Llegeix m\u00e9s\u00bb<\/a><\/p>\n","protected":false},"author":1,"featured_media":0,"parent":66,"menu_order":30,"comment_status":"closed","ping_status":"closed","template":"page-templates\/side-menu.php","meta":{"_bbp_topic_count":0,"_bbp_reply_count":0,"_bbp_total_topic_count":0,"_bbp_total_reply_count":0,"_bbp_voice_count":0,"_bbp_anonymous_reply_count":0,"_bbp_topic_count_hidden":0,"_bbp_reply_count_hidden":0,"_bbp_forum_subforum_count":0,"footnotes":""},"class_list":["post-73","page","type-page","status-publish","hentry"],"post_mailing_queue_ids":[],"_links":{"self":[{"href":"https:\/\/agora.xtec.cat\/eeielrodo\/wp-json\/wp\/v2\/pages\/73","targetHints":{"allow":["GET"]}}],"collection":[{"href":"https:\/\/agora.xtec.cat\/eeielrodo\/wp-json\/wp\/v2\/pages"}],"about":[{"href":"https:\/\/agora.xtec.cat\/eeielrodo\/wp-json\/wp\/v2\/types\/page"}],"author":[{"embeddable":true,"href":"https:\/\/agora.xtec.cat\/eeielrodo\/wp-json\/wp\/v2\/users\/1"}],"replies":[{"embeddable":true,"href":"https:\/\/agora.xtec.cat\/eeielrodo\/wp-json\/wp\/v2\/comments?post=73"}],"version-history":[{"count":6,"href":"https:\/\/agora.xtec.cat\/eeielrodo\/wp-json\/wp\/v2\/pages\/73\/revisions"}],"predecessor-version":[{"id":2426,"href":"https:\/\/agora.xtec.cat\/eeielrodo\/wp-json\/wp\/v2\/pages\/73\/revisions\/2426"}],"up":[{"embeddable":true,"href":"https:\/\/agora.xtec.cat\/eeielrodo\/wp-json\/wp\/v2\/pages\/66"}],"wp:attachment":[{"href":"https:\/\/agora.xtec.cat\/eeielrodo\/wp-json\/wp\/v2\/media?parent=73"}],"curies":[{"name":"wp","href":"https:\/\/api.w.org\/{rel}","templated":true}]}}

<p>Quan l’ infant menja, no només està assaborint els aliments, sinó tot allò que suposa l’estona del menjar i les relacions que s’hi estableixen. Per tant, en el moment de l’àpat procurem que sigui un moment de plaer per l’ infant  i de relació entre aquest i l’adult de referència que l&#8217;acompanya.</p>
<p><a href="https://agora.xtec.cat/eeielrodo/wp-content/uploads/usu2175/2022/04/2021-02-17-12.04.47-5-rotated.jpg"><img loading="lazy" decoding="async" class="wp-image-1291  alignleft" src="https://agora.xtec.cat/eeielrodo/wp-content/uploads/usu2175/2022/04/2021-02-17-12.04.47-5-rotated-e1650531478464-300x200.jpg" alt="" width="338" height="225" srcset="https://agora.xtec.cat/eeielrodo/wp-content/uploads/usu2175/2022/04/2021-02-17-12.04.47-5-rotated-e1650531478464-300x200.jpg 300w, https://agora.xtec.cat/eeielrodo/wp-content/uploads/usu2175/2022/04/2021-02-17-12.04.47-5-rotated-e1650531478464.jpg 448w" sizes="auto, (max-width: 338px) 100vw, 338px" /></a></p>
<p>Tractem l’alimentació des d’un doble vessant: el dietètic i l’educatiu. Els menús s’elaboren a la nostra cuina pròpia i s’adapten a les necessitats de cada infant i als costums de criança de cada família. Durant els àpats, a més a més de l’equip educatiu, disposem de monitoratge de suport, perquè els infants que dinen a la seva estança, se sentin atesos i tranquils per anar descobrint nous sabors i textures. Respectant la quantitat que cadascú necessita en tot moment. El servei està gestionat per l’AFA.</p>
<p>EL DESCANS<br />
Perquè els infants puguin afrontar la tarda amb més tranquil·litat, és important que descansin. Per tant, respectem els seus horaris i els deixem dormir l’estona que ho necessitin, així es desperten més relaxats i amb energia.<br />
Els alumnes que per horari o per necessitat, necessiten descansar al Rodó poden adquirir un llençol de sota adaptat als nostres llitets o bé, demanar les mides a les educadores i confeccionar-lo a casa. D’aquesta manera, podeu personalitzar el llençol i posar el nom del vostre fill/a en gran, amb algun dibuix, etc&#8230; així ells i elles són capaços d’identificar-lo. També cal portar un llençolet de sobre, per tapar-los (marcat amb el nom). Cada divendres els donarem per rentar.</p>

<p>Quan l’ infant menja, no només està assaborint els aliments, sinó tot allò que suposa l’estona del menjar i les relacions que s’hi estableixen. Per tant, en el moment de l’àpat procurem que sigui un moment de plaer per l’ infant  i de relació entre&hellip;  <a href="https://agora.xtec.cat/eeielrodo/serveis/menjador-escolar/" title="Read Menjador escolar i descans">Llegeix més»</a></p>
