{"id":7,"date":"2014-09-17T15:07:41","date_gmt":"2014-09-17T14:07:41","guid":{"rendered":"http:\/\/agora.xtec.cat\/eeielrodo\/?page_id=7"},"modified":"2026-03-05T12:21:14","modified_gmt":"2026-03-05T11:21:14","slug":"pagines-dinici","status":"publish","type":"page","link":"https:\/\/agora.xtec.cat\/eeielrodo\/","title":{"rendered":"Seguim Sumant&#8230;"},"content":{"rendered":"<p data-start=\"0\" data-end=\"33\">Benvingudes i benvinguts al Rod\u00f3,<\/p>\n<p data-start=\"35\" data-end=\"326\">L\u2019Escola Bressol Municipal El Rod\u00f3 \u00e9s molt m\u00e9s que una escola: \u00e9s un espai de vida, de descobertes i de primers grans aprenentatges. Des de 1970 formem part del barri de Bonavista i de la hist\u00f2ria educativa de Molins de Rei, acompanyant generacions d\u2019infants en els seus primers anys.<\/p>\n<p data-start=\"35\" data-end=\"326\">El Rod\u00f3 \u00e9s, tamb\u00e9, una de les escoles bressol m\u00e9s antigues de Catalunya que continua avui dia en ple funcionament. Al llarg de m\u00e9s de cinc d\u00e8cades, l\u2019escola ha anat creixent i transformant-se, mantenint sempre viu el seu comprom\u00eds amb la petita inf\u00e0ncia i amb el territori que l\u2019envolta.<\/p>\n<p data-start=\"571\" data-end=\"744\">Us convidem a con\u00e8ixer el nostre projecte, a passejar pels nostres espais i a descobrir la hist\u00f2ria i l\u2019ess\u00e8ncia d\u2019una escola amb arrels al municipi i mirada cap al futur.<\/p>\n<p data-start=\"746\" data-end=\"780\" data-is-last-node=\"\" data-is-only-node=\"\">Les portes del Rod\u00f3 estan obertes \ud83d\ude42<\/p>\n<p style=\"text-align: right;\" data-start=\"746\" data-end=\"780\" data-is-last-node=\"\" data-is-only-node=\"\"><em>Revisat Mar\u00e7 2026<\/em><\/p>\n","protected":false},"excerpt":{"rendered":"<p>Benvingudes i benvinguts al Rod\u00f3,<br \/>\nL\u2019Escola Bressol Municipal El Rod\u00f3 \u00e9s molt m\u00e9s que una escola: \u00e9s un espai de vida, de descobertes i de primers grans aprenentatges. Des de 1970 formem part del barri de Bonavista i de la hist\u00f2ria educativa de Molins de Rei,&hellip;  <a href=\"https:\/\/agora.xtec.cat\/eeielrodo\/\" title=\"Read Seguim Sumant&#8230;\">Llegeix m\u00e9s\u00bb<\/a><\/p>\n","protected":false},"author":1,"featured_media":0,"parent":0,"menu_order":0,"comment_status":"closed","ping_status":"closed","template":"page-templates\/front-page.php","meta":{"_bbp_topic_count":0,"_bbp_reply_count":0,"_bbp_total_topic_count":0,"_bbp_total_reply_count":0,"_bbp_voice_count":0,"_bbp_anonymous_reply_count":0,"_bbp_topic_count_hidden":0,"_bbp_reply_count_hidden":0,"_bbp_forum_subforum_count":0,"footnotes":""},"class_list":["post-7","page","type-page","status-publish","hentry"],"post_mailing_queue_ids":[],"_links":{"self":[{"href":"https:\/\/agora.xtec.cat\/eeielrodo\/wp-json\/wp\/v2\/pages\/7","targetHints":{"allow":["GET"]}}],"collection":[{"href":"https:\/\/agora.xtec.cat\/eeielrodo\/wp-json\/wp\/v2\/pages"}],"about":[{"href":"https:\/\/agora.xtec.cat\/eeielrodo\/wp-json\/wp\/v2\/types\/page"}],"author":[{"embeddable":true,"href":"https:\/\/agora.xtec.cat\/eeielrodo\/wp-json\/wp\/v2\/users\/1"}],"replies":[{"embeddable":true,"href":"https:\/\/agora.xtec.cat\/eeielrodo\/wp-json\/wp\/v2\/comments?post=7"}],"version-history":[{"count":5,"href":"https:\/\/agora.xtec.cat\/eeielrodo\/wp-json\/wp\/v2\/pages\/7\/revisions"}],"predecessor-version":[{"id":2498,"href":"https:\/\/agora.xtec.cat\/eeielrodo\/wp-json\/wp\/v2\/pages\/7\/revisions\/2498"}],"wp:attachment":[{"href":"https:\/\/agora.xtec.cat\/eeielrodo\/wp-json\/wp\/v2\/media?parent=7"}],"curies":[{"name":"wp","href":"https:\/\/api.w.org\/{rel}","templated":true}]}}

<p data-start="0" data-end="33">Benvingudes i benvinguts al Rodó,</p>
<p data-start="35" data-end="326">L’Escola Bressol Municipal El Rodó és molt més que una escola: és un espai de vida, de descobertes i de primers grans aprenentatges. Des de 1970 formem part del barri de Bonavista i de la història educativa de Molins de Rei, acompanyant generacions d’infants en els seus primers anys.</p>
<p data-start="35" data-end="326">El Rodó és, també, una de les escoles bressol més antigues de Catalunya que continua avui dia en ple funcionament. Al llarg de més de cinc dècades, l’escola ha anat creixent i transformant-se, mantenint sempre viu el seu compromís amb la petita infància i amb el territori que l’envolta.</p>
<p data-start="571" data-end="744">Us convidem a conèixer el nostre projecte, a passejar pels nostres espais i a descobrir la història i l’essència d’una escola amb arrels al municipi i mirada cap al futur.</p>
<p data-start="746" data-end="780" data-is-last-node="" data-is-only-node="">Les portes del Rodó estan obertes 🙂</p>
<p style="text-align: right;" data-start="746" data-end="780" data-is-last-node="" data-is-only-node=""><em>Revisat Març 2026</em></p>

<p>Benvingudes i benvinguts al Rodó,<br />
L’Escola Bressol Municipal El Rodó és molt més que una escola: és un espai de vida, de descobertes i de primers grans aprenentatges. Des de 1970 formem part del barri de Bonavista i de la història educativa de Molins de Rei,&hellip;  <a href="https://agora.xtec.cat/eeielrodo/" title="Read Seguim Sumant&#8230;">Llegeix més»</a></p>
