{"id":617,"date":"2020-05-07T18:01:04","date_gmt":"2020-05-07T16:01:04","guid":{"rendered":"https:\/\/agora.xtec.cat\/eeielrodo\/?page_id=617"},"modified":"2022-04-21T10:26:39","modified_gmt":"2022-04-21T08:26:39","slug":"festes-populars","status":"publish","type":"page","link":"https:\/\/agora.xtec.cat\/eeielrodo\/la-vida-a-lescola\/festes-populars\/","title":{"rendered":"Festes populars i sortides"},"content":{"rendered":"<p><em>\u201cPerqu\u00e8 hi hagi una bona integraci\u00f3, tu com\u00a0 a persona has de tenir una bona base i has d\u2019estar orgull\u00f3s i con\u00e8ixer les teves arrels. De la mateixa manera que has d\u2019estar orgull\u00f3s de la cultura i la societat de la qual formes part\u201d. (Arnaiz, V.)<\/em><\/p>\n<p>Utilitzem la cultura com a coix\u00ed afectiu i emocional. Mitjan\u00e7ant la m\u00fasica, les can\u00e7ons i els contes populars, celebrem les festes tradicionals a l\u2019escola adaptades als interessos i necessitats dels infants. Les festes populars ens ofereixen l\u2019oportunitat de celebrar-ho conjuntament amb les fam\u00edlies, fent-los part\u00edcips una vegada m\u00e9s alhora que ens permet gaudir de la nostra cultura.<\/p>\n<p>Al llarg del curs es realitzen sortides (amb els grups dels m\u00e9s grans), a l\u2019entorn proper. S\u00f3n sortides que fem caminant i relacionades amb les Festes i activitats del poble, on les fam\u00edlies ens poden acompanyar i gaudir-ne conjuntament amb nosaltres.<\/p>\n<p>Quant les circumstancies ho permeten, fomentem l\u2019intercanvi d\u2019experi\u00e8ncies amb altres escoles del poble, col\u00b7laborant aix\u00ed grans i petits, amb una \u00fanica finalitat: aprendre uns dels altres.<\/p>\n\r\n\t<div class=\"slideshow_container slideshow_container_style-light\" style=\"height: 300px; \" data-slideshow-id=\"730\" data-style-name=\"style-light\" data-style-version=\"2.3.1\" >\r\n\r\n\t\t\t\t\t<div class=\"slideshow_loading_icon\"><\/div>\r\n\t\t\r\n\t\t<div class=\"slideshow_content\" style=\"display: none;\">\r\n\r\n\t\t\t<div class=\"slideshow_view\">\r\n\t\t\t\t<div class=\"slideshow_slide slideshow_slide_image\">\r\n\t\t\t\t\t\t\t\t\t\t\t<img src=\"https:\/\/agora.xtec.cat\/eeielrodo\/wp-content\/uploads\/usu2175\/2022\/04\/2022.-Camell-10.jpg\" alt=\"2022. Camell (10)\" width=\"448\" height=\"336\" \/>\r\n\t\t\t\t\t\t\t\t\t\t<div class=\"slideshow_description_box slideshow_transparent\">\r\n\t\t\t\t\t\t<div class=\"slideshow_title\">2022. Camell (10)<\/div>\t\t\t\t\t\t\t\t\t\t\t<\/div>\r\n\t\t\t\t<\/div>\r\n\r\n\t\t\t\t\t\t<div style=\"clear: both;\"><\/div><\/div><div class=\"slideshow_view\">\r\n\t\t\t\t<div class=\"slideshow_slide slideshow_slide_image\">\r\n\t\t\t\t\t\t\t\t\t\t\t<img src=\"https:\/\/agora.xtec.cat\/eeielrodo\/wp-content\/uploads\/usu2175\/2021\/12\/IMG_20211223_144035.jpg\" alt=\"IMG_20211223_144035\" width=\"336\" height=\"336\" \/>\r\n\t\t\t\t\t\t\t\t\t\t<div class=\"slideshow_description_box slideshow_transparent\">\r\n\t\t\t\t\t\t<div class=\"slideshow_title\">IMG_20211223_144035<\/div>\t\t\t\t\t\t\t\t\t\t\t<\/div>\r\n\t\t\t\t<\/div>\r\n\r\n\t\t\t\t\t\t<div style=\"clear: both;\"><\/div><\/div><div class=\"slideshow_view\">\r\n\t\t\t\t<div class=\"slideshow_slide slideshow_slide_image\">\r\n\t\t\t\t\t\t\t\t\t\t\t<img src=\"https:\/\/agora.xtec.cat\/eeielrodo\/wp-content\/uploads\/usu2175\/2020\/05\/WhatsApp-Image-2020-05-11-at-15.58.36-4.jpeg\" alt=\"WhatsApp Image 2020-05-11 at 15.58.36 (4)\" width=\"541\" height=\"406\" \/>\r\n\t\t\t\t\t\t\t\t\t\t<div class=\"slideshow_description_box slideshow_transparent\">\r\n\t\t\t\t\t\t<div class=\"slideshow_title\">WhatsApp Image 2020-05-11 at 15.58.36 (4)<\/div>\t\t\t\t\t\t\t\t\t\t\t<\/div>\r\n\t\t\t\t<\/div>\r\n\r\n\t\t\t\t\t\t<div style=\"clear: both;\"><\/div><\/div><div class=\"slideshow_view\">\r\n\t\t\t\t<div class=\"slideshow_slide slideshow_slide_image\">\r\n\t\t\t\t\t\t\t\t\t\t\t<img src=\"https:\/\/agora.xtec.cat\/eeielrodo\/wp-content\/uploads\/usu2175\/2020\/05\/WhatsApp-Image-2020-05-11-at-15.58.36-3.jpeg\" alt=\"WhatsApp Image 2020-05-11 at 15.58.36 (3)\" width=\"1600\" height=\"1200\" \/>\r\n\t\t\t\t\t\t\t\t\t\t<div class=\"slideshow_description_box slideshow_transparent\">\r\n\t\t\t\t\t\t<div class=\"slideshow_title\">WhatsApp Image 2020-05-11 at 15.58.36 (3)<\/div>\t\t\t\t\t\t\t\t\t\t\t<\/div>\r\n\t\t\t\t<\/div>\r\n\r\n\t\t\t\t\t\t<div style=\"clear: both;\"><\/div><\/div>\r\n\t\t<\/div>\r\n\r\n\t\t<div class=\"slideshow_controlPanel slideshow_transparent\" style=\"display: none;\"><ul><li class=\"slideshow_togglePlay\" data-play-text=\"Visualitza\" data-pause-text=\"Pausa\"><\/li><\/ul><\/div>\r\n\r\n\t\t<div class=\"slideshow_button slideshow_previous slideshow_transparent\" role=\"button\" data-previous-text=\"Anterior\" style=\"display: none;\"><\/div>\r\n\t\t<div class=\"slideshow_button slideshow_next slideshow_transparent\" role=\"button\" data-next-text=\"Seg\u00fcent\" style=\"display: none;\"><\/div>\r\n\r\n\t\t<div class=\"slideshow_pagination\" style=\"display: none;\" data-go-to-text=\"V\u00e9s a la diapositiva\"><div class=\"slideshow_pagination_center\"><\/div><\/div>\r\n\r\n\t\t<!-- WordPress Slideshow Version 2.3.1 -->\r\n\r\n\t\t\t<\/div>\r\n\r\n\n<p>&nbsp;<\/p>\n<p>&nbsp;<\/p>\n","protected":false},"excerpt":{"rendered":"<p>\u201cPerqu\u00e8 hi hagi una bona integraci\u00f3, tu com\u00a0 a persona has de tenir una bona base i has d\u2019estar orgull\u00f3s i con\u00e8ixer les teves arrels. De la mateixa manera que has d\u2019estar orgull\u00f3s de la cultura i la societat de la qual formes part\u201d. (Arnaiz,&hellip;  <a href=\"https:\/\/agora.xtec.cat\/eeielrodo\/la-vida-a-lescola\/festes-populars\/\" title=\"Read Festes populars i sortides\">Llegeix m\u00e9s\u00bb<\/a><\/p>\n","protected":false},"author":1,"featured_media":0,"parent":605,"menu_order":0,"comment_status":"closed","ping_status":"closed","template":"page-templates\/side-menu.php","meta":{"_bbp_topic_count":0,"_bbp_reply_count":0,"_bbp_total_topic_count":0,"_bbp_total_reply_count":0,"_bbp_voice_count":0,"_bbp_anonymous_reply_count":0,"_bbp_topic_count_hidden":0,"_bbp_reply_count_hidden":0,"_bbp_forum_subforum_count":0,"footnotes":""},"class_list":["post-617","page","type-page","status-publish","hentry"],"post_mailing_queue_ids":[],"_links":{"self":[{"href":"https:\/\/agora.xtec.cat\/eeielrodo\/wp-json\/wp\/v2\/pages\/617","targetHints":{"allow":["GET"]}}],"collection":[{"href":"https:\/\/agora.xtec.cat\/eeielrodo\/wp-json\/wp\/v2\/pages"}],"about":[{"href":"https:\/\/agora.xtec.cat\/eeielrodo\/wp-json\/wp\/v2\/types\/page"}],"author":[{"embeddable":true,"href":"https:\/\/agora.xtec.cat\/eeielrodo\/wp-json\/wp\/v2\/users\/1"}],"replies":[{"embeddable":true,"href":"https:\/\/agora.xtec.cat\/eeielrodo\/wp-json\/wp\/v2\/comments?post=617"}],"version-history":[{"count":4,"href":"https:\/\/agora.xtec.cat\/eeielrodo\/wp-json\/wp\/v2\/pages\/617\/revisions"}],"predecessor-version":[{"id":1165,"href":"https:\/\/agora.xtec.cat\/eeielrodo\/wp-json\/wp\/v2\/pages\/617\/revisions\/1165"}],"up":[{"embeddable":true,"href":"https:\/\/agora.xtec.cat\/eeielrodo\/wp-json\/wp\/v2\/pages\/605"}],"wp:attachment":[{"href":"https:\/\/agora.xtec.cat\/eeielrodo\/wp-json\/wp\/v2\/media?parent=617"}],"curies":[{"name":"wp","href":"https:\/\/api.w.org\/{rel}","templated":true}]}}