{"id":38,"date":"2014-09-18T12:34:08","date_gmt":"2014-09-18T11:34:08","guid":{"rendered":"http:\/\/agora.xtec.cat\/eeielrodo\/?page_id=38"},"modified":"2026-02-11T13:21:55","modified_gmt":"2026-02-11T12:21:55","slug":"salut","status":"publish","type":"page","link":"https:\/\/agora.xtec.cat\/eeielrodo\/lescola\/salut\/","title":{"rendered":"Salut"},"content":{"rendered":"<p>L\u2019escola no est\u00e0 autoritzada\u00a0 a administrar cap tipus de medicaci\u00f3 tal i com queda establert en la normativa del Departament d\u2019Educaci\u00f3.<\/p>\n<p>Per poder administrar medicaments als alumnes, sempre que sigui imprescindible fer-ho en horari lectiu, cal que els pares, mares o tutors legals aportin<strong>\u00a0un informe m\u00e8dic i\/o recepta<\/strong>\u00a0on consti el nom de l\u2019alumne, el nom del medicament que ha de prendre i la pauta d\u2019administraci\u00f3, i se n\u2019autoritzi a les educadores del centre mitjan\u00e7ant una autoritzaci\u00f3.<\/p>\n<p>\u00c9s important respectar els ritmes dels infants sempre, sobretot si estan malalts, tenen febre i\/o no es troben en condicions d\u2019estar a l\u2019escola bressol. Respectar-ho pels vostres fills i filles alhora que vetllem per la resta de comunitat educativa. Us adjuntem a continuaci\u00f3, els Criteris de no assist\u00e8ncia a les escoles bressols: <a href=\"https:\/\/salutweb.gencat.cat\/ca\/ambits-actuacio\/perfils\/centres-educatius\/infancia-malaltia\/malalties-transmissibles\/\">https:\/\/salutweb.gencat.cat\/ca\/ambits-actuacio\/perfils\/centres-educatius\/infancia-malaltia\/malalties-transmissibles\/<\/a><\/p>\n<p>Pel que fa a l\u2019administraci\u00f3 de paracetamol a infants amb febre igual o superior a 38\u00b0C, se seguir\u00e0 la recomanaci\u00f3 del Departament de Salut i la Societat Catalana de Pediatria, per\u00f2 caldr\u00e0 tenir l\u2019autoritzaci\u00f3 del pare, la mare o la persona que en tingui la tutela, que es demanar\u00e0 en el moment de la inscripci\u00f3 de l\u2019infant. Igualment, caldr\u00e0 anar a recollir l\u2019infant al m\u00e9s aviat possible.<\/p>\n<p style=\"text-align: right;\"><em>Revisat febrer 2026<\/em><\/p>\n","protected":false},"excerpt":{"rendered":"<p>L\u2019escola no est\u00e0 autoritzada\u00a0 a administrar cap tipus de medicaci\u00f3 tal i com queda establert en la normativa del Departament d\u2019Educaci\u00f3.<br \/>\nPer poder administrar medicaments als alumnes, sempre que sigui imprescindible fer-ho en horari lectiu, cal que els pares, mares o tutors legals aportin\u00a0un informe m\u00e8dic&hellip;  <a href=\"https:\/\/agora.xtec.cat\/eeielrodo\/lescola\/salut\/\" title=\"Read Salut\">Llegeix m\u00e9s\u00bb<\/a><\/p>\n","protected":false},"author":1,"featured_media":0,"parent":22,"menu_order":80,"comment_status":"closed","ping_status":"closed","template":"page-templates\/side-menu.php","meta":{"_bbp_topic_count":0,"_bbp_reply_count":0,"_bbp_total_topic_count":0,"_bbp_total_reply_count":0,"_bbp_voice_count":0,"_bbp_anonymous_reply_count":0,"_bbp_topic_count_hidden":0,"_bbp_reply_count_hidden":0,"_bbp_forum_subforum_count":0,"footnotes":""},"class_list":["post-38","page","type-page","status-publish","hentry"],"post_mailing_queue_ids":[],"_links":{"self":[{"href":"https:\/\/agora.xtec.cat\/eeielrodo\/wp-json\/wp\/v2\/pages\/38","targetHints":{"allow":["GET"]}}],"collection":[{"href":"https:\/\/agora.xtec.cat\/eeielrodo\/wp-json\/wp\/v2\/pages"}],"about":[{"href":"https:\/\/agora.xtec.cat\/eeielrodo\/wp-json\/wp\/v2\/types\/page"}],"author":[{"embeddable":true,"href":"https:\/\/agora.xtec.cat\/eeielrodo\/wp-json\/wp\/v2\/users\/1"}],"replies":[{"embeddable":true,"href":"https:\/\/agora.xtec.cat\/eeielrodo\/wp-json\/wp\/v2\/comments?post=38"}],"version-history":[{"count":5,"href":"https:\/\/agora.xtec.cat\/eeielrodo\/wp-json\/wp\/v2\/pages\/38\/revisions"}],"predecessor-version":[{"id":2431,"href":"https:\/\/agora.xtec.cat\/eeielrodo\/wp-json\/wp\/v2\/pages\/38\/revisions\/2431"}],"up":[{"embeddable":true,"href":"https:\/\/agora.xtec.cat\/eeielrodo\/wp-json\/wp\/v2\/pages\/22"}],"wp:attachment":[{"href":"https:\/\/agora.xtec.cat\/eeielrodo\/wp-json\/wp\/v2\/media?parent=38"}],"curies":[{"name":"wp","href":"https:\/\/api.w.org\/{rel}","templated":true}]}}

<p>L’escola no està autoritzada  a administrar cap tipus de medicació tal i com queda establert en la normativa del Departament d’Educació.</p>
<p>Per poder administrar medicaments als alumnes, sempre que sigui imprescindible fer-ho en horari lectiu, cal que els pares, mares o tutors legals aportin<strong> un informe mèdic i/o recepta</strong> on consti el nom de l’alumne, el nom del medicament que ha de prendre i la pauta d’administració, i se n’autoritzi a les educadores del centre mitjançant una autorització.</p>
<p>És important respectar els ritmes dels infants sempre, sobretot si estan malalts, tenen febre i/o no es troben en condicions d’estar a l’escola bressol. Respectar-ho pels vostres fills i filles alhora que vetllem per la resta de comunitat educativa. Us adjuntem a continuació, els Criteris de no assistència a les escoles bressols: <a href="https://salutweb.gencat.cat/ca/ambits-actuacio/perfils/centres-educatius/infancia-malaltia/malalties-transmissibles/">https://salutweb.gencat.cat/ca/ambits-actuacio/perfils/centres-educatius/infancia-malaltia/malalties-transmissibles/</a></p>
<p>Pel que fa a l’administració de paracetamol a infants amb febre igual o superior a 38°C, se seguirà la recomanació del Departament de Salut i la Societat Catalana de Pediatria, però caldrà tenir l’autorització del pare, la mare o la persona que en tingui la tutela, que es demanarà en el moment de la inscripció de l’infant. Igualment, caldrà anar a recollir l’infant al més aviat possible.</p>
<p style="text-align: right;"><em>Revisat febrer 2026</em></p>

<p>L’escola no està autoritzada  a administrar cap tipus de medicació tal i com queda establert en la normativa del Departament d’Educació.<br />
Per poder administrar medicaments als alumnes, sempre que sigui imprescindible fer-ho en horari lectiu, cal que els pares, mares o tutors legals aportin un informe mèdic&hellip;  <a href="https://agora.xtec.cat/eeielrodo/lescola/salut/" title="Read Salut">Llegeix més»</a></p>
