{"id":34,"date":"2014-09-18T12:32:18","date_gmt":"2014-09-18T11:32:18","guid":{"rendered":"http:\/\/agora.xtec.cat\/eeielrodo\/?page_id=34"},"modified":"2026-03-05T10:12:34","modified_gmt":"2026-03-05T09:12:34","slug":"oferta-educativa","status":"publish","type":"page","link":"https:\/\/agora.xtec.cat\/eeielrodo\/preinscripcio-i-matricula\/oferta-educativa\/","title":{"rendered":"Oferta educativa"},"content":{"rendered":"<p data-start=\"22\" data-end=\"358\">L\u2019Escola Bressol Municipal El Rod\u00f3 ofereix el primer cicle d\u2019Educaci\u00f3 Infantil, adre\u00e7at a infants de 0 a 3 anys. En aquesta etapa acompanyem els primers processos de creixement, descoberta i socialitzaci\u00f3, respectant els ritmes individuals de cada infant i posant especial atenci\u00f3 en el benestar emocional i en la qualitat dels vincles.<\/p>\n<p data-start=\"360\" data-end=\"627\">L\u2019escola compta amb 4 estances adaptades a les necessitats de cada edat. Disposem de:<\/p>\n<ul>\n<li data-start=\"360\" data-end=\"627\">2 estances de 1-2 anys (I1):\u00a0 26 places escolars<\/li>\n<li data-start=\"360\" data-end=\"627\">2 estances de 2-3 anys (I2): 40 places escolars<\/li>\n<\/ul>\n<p data-start=\"629\" data-end=\"773\" data-is-last-node=\"\" data-is-only-node=\"\">Aquesta organitzaci\u00f3 permet oferir un acompanyament proper i un entorn pensat perqu\u00e8 els infants puguin explorar, jugar i cr\u00e9ixer amb seguretat.<\/p>\n<p style=\"text-align: right;\" data-start=\"629\" data-end=\"773\" data-is-last-node=\"\" data-is-only-node=\"\"><em>Revisat Mar\u00e7 2026<\/em><\/p>\n","protected":false},"excerpt":{"rendered":"<p>L\u2019Escola Bressol Municipal El Rod\u00f3 ofereix el primer cicle d\u2019Educaci\u00f3 Infantil, adre\u00e7at a infants de 0 a 3 anys. En aquesta etapa acompanyem els primers processos de creixement, descoberta i socialitzaci\u00f3, respectant els ritmes individuals de cada infant i posant especial atenci\u00f3 en el benestar&hellip;  <a href=\"https:\/\/agora.xtec.cat\/eeielrodo\/preinscripcio-i-matricula\/oferta-educativa\/\" title=\"Read Oferta educativa\">Llegeix m\u00e9s\u00bb<\/a><\/p>\n","protected":false},"author":1,"featured_media":0,"parent":2499,"menu_order":60,"comment_status":"closed","ping_status":"closed","template":"page-templates\/side-menu.php","meta":{"_bbp_topic_count":0,"_bbp_reply_count":0,"_bbp_total_topic_count":0,"_bbp_total_reply_count":0,"_bbp_voice_count":0,"_bbp_anonymous_reply_count":0,"_bbp_topic_count_hidden":0,"_bbp_reply_count_hidden":0,"_bbp_forum_subforum_count":0,"footnotes":""},"class_list":["post-34","page","type-page","status-publish","hentry"],"post_mailing_queue_ids":[],"_links":{"self":[{"href":"https:\/\/agora.xtec.cat\/eeielrodo\/wp-json\/wp\/v2\/pages\/34","targetHints":{"allow":["GET"]}}],"collection":[{"href":"https:\/\/agora.xtec.cat\/eeielrodo\/wp-json\/wp\/v2\/pages"}],"about":[{"href":"https:\/\/agora.xtec.cat\/eeielrodo\/wp-json\/wp\/v2\/types\/page"}],"author":[{"embeddable":true,"href":"https:\/\/agora.xtec.cat\/eeielrodo\/wp-json\/wp\/v2\/users\/1"}],"replies":[{"embeddable":true,"href":"https:\/\/agora.xtec.cat\/eeielrodo\/wp-json\/wp\/v2\/comments?post=34"}],"version-history":[{"count":5,"href":"https:\/\/agora.xtec.cat\/eeielrodo\/wp-json\/wp\/v2\/pages\/34\/revisions"}],"predecessor-version":[{"id":2494,"href":"https:\/\/agora.xtec.cat\/eeielrodo\/wp-json\/wp\/v2\/pages\/34\/revisions\/2494"}],"up":[{"embeddable":true,"href":"https:\/\/agora.xtec.cat\/eeielrodo\/wp-json\/wp\/v2\/pages\/2499"}],"wp:attachment":[{"href":"https:\/\/agora.xtec.cat\/eeielrodo\/wp-json\/wp\/v2\/media?parent=34"}],"curies":[{"name":"wp","href":"https:\/\/api.w.org\/{rel}","templated":true}]}}

<p data-start="22" data-end="358">L’Escola Bressol Municipal El Rodó ofereix el primer cicle d’Educació Infantil, adreçat a infants de 0 a 3 anys. En aquesta etapa acompanyem els primers processos de creixement, descoberta i socialització, respectant els ritmes individuals de cada infant i posant especial atenció en el benestar emocional i en la qualitat dels vincles.</p>
<p data-start="360" data-end="627">L’escola compta amb 4 estances adaptades a les necessitats de cada edat. Disposem de:</p>
<ul>
<li data-start="360" data-end="627">2 estances de 1-2 anys (I1):  26 places escolars</li>
<li data-start="360" data-end="627">2 estances de 2-3 anys (I2): 40 places escolars</li>
</ul>
<p data-start="629" data-end="773" data-is-last-node="" data-is-only-node="">Aquesta organització permet oferir un acompanyament proper i un entorn pensat perquè els infants puguin explorar, jugar i créixer amb seguretat.</p>
<p style="text-align: right;" data-start="629" data-end="773" data-is-last-node="" data-is-only-node=""><em>Revisat Març 2026</em></p>

<p>L’Escola Bressol Municipal El Rodó ofereix el primer cicle d’Educació Infantil, adreçat a infants de 0 a 3 anys. En aquesta etapa acompanyem els primers processos de creixement, descoberta i socialització, respectant els ritmes individuals de cada infant i posant especial atenció en el benestar&hellip;  <a href="https://agora.xtec.cat/eeielrodo/preinscripcio-i-matricula/oferta-educativa/" title="Read Oferta educativa">Llegeix més»</a></p>
