{"id":26,"date":"2014-09-18T12:24:32","date_gmt":"2014-09-18T11:24:32","guid":{"rendered":"http:\/\/agora.xtec.cat\/eeielrodo\/?page_id=26"},"modified":"2026-02-12T10:53:54","modified_gmt":"2026-02-12T09:53:54","slug":"historia","status":"publish","type":"page","link":"https:\/\/agora.xtec.cat\/eeielrodo\/lescola\/historia\/","title":{"rendered":"Hist\u00f2ria i or\u00edgens"},"content":{"rendered":"<p><span style=\"font-weight: 400;\">L\u2019Escola Bressol El Rod\u00f3 \u00e9s el resultat d\u2019una aposta pionera de l\u2019Ajuntament de Molins de Rei, que l\u2019any 1968 va impulsar la construcci\u00f3 d\u2019un centre per a la petita inf\u00e0ncia amb una clara vocaci\u00f3 educativa.\u00a0<\/span><\/p>\n<p><span style=\"font-weight: 400;\">Des dels seus inicis, <\/span><i><span style=\"font-weight: 400;\">El Rod\u00f3<\/span><\/i><span style=\"font-weight: 400;\"> forma part d\u2019un moment singular de la hist\u00f2ria educativa i social de Molins de Rei. El seu origen es remunta paradoxalment als aiguats de 1962, que van afectar greument el municipi. Com a poblaci\u00f3 damnificada, la vila va rebre recursos per construir habitatges al barri de Bonavista, per\u00f2 un cop finalitzada l\u2019obra va quedar un excedent d\u20191,5 milions de pessetes. L\u2019Ajuntament va decidir destinar aquesta quantitat a la creaci\u00f3 d\u2019una \u201cGuarderia\u2013Casa Cuna\u201d adre\u00e7ada als infants de les treballadores de les diferents f\u00e0briques de la poblaci\u00f3, responent aix\u00ed a les necessitats socials i laborals del moment.<\/span><\/p>\n<p><a href=\"https:\/\/agora.xtec.cat\/eeielrodo\/wp-content\/uploads\/usu2175\/2026\/02\/rodo-construccio2.webp\"><img loading=\"lazy\" decoding=\"async\" class=\"wp-image-2399 alignleft\" src=\"https:\/\/agora.xtec.cat\/eeielrodo\/wp-content\/uploads\/usu2175\/2026\/02\/rodo-construccio2-300x100.webp\" alt=\"\" width=\"516\" height=\"172\" srcset=\"https:\/\/agora.xtec.cat\/eeielrodo\/wp-content\/uploads\/usu2175\/2026\/02\/rodo-construccio2-300x100.webp 300w, https:\/\/agora.xtec.cat\/eeielrodo\/wp-content\/uploads\/usu2175\/2026\/02\/rodo-construccio2-1024x342.webp 1024w, https:\/\/agora.xtec.cat\/eeielrodo\/wp-content\/uploads\/usu2175\/2026\/02\/rodo-construccio2-768x257.webp 768w, https:\/\/agora.xtec.cat\/eeielrodo\/wp-content\/uploads\/usu2175\/2026\/02\/rodo-construccio2.webp 1196w\" sizes=\"auto, (max-width: 516px) 100vw, 516px\" \/><\/a><span style=\"font-weight: 400;\">Tanmateix, aquesta primera intenci\u00f3 va prendre un rumb decisivament educatiu gr\u00e0cies a la visi\u00f3 de dues persones profundament compromeses amb la inf\u00e0ncia i amb el progr\u00e9s cultural del municipi: Isidre Macias, tinent d\u2019alcalde i regidor de Cultura, i Ramon Bacard\u00ed, pediatre i ferm defensor d\u2019una formaci\u00f3 integral des dels primers anys de vida. Tot i no ser professionals de l\u2019ensenyament, compartien una forta vocaci\u00f3 educativa i un coneixement ampli de les tend\u00e8ncies europees del moment. Inspirats pels models alemanys impulsats per Friedrich Fr\u00f6bel, van proposar reconvertir el projecte inicial en un jard\u00ed d\u2019infants amb una clara finalitat pedag\u00f2gica.<\/span><\/p>\n<p><span style=\"font-weight: 400;\">Aix\u00ed, l\u2019any 1968 el doctor Bacard\u00ed va presentar un informe determinant en qu\u00e8 defensava el canvi de denominaci\u00f3 a \u201cJard\u00edn de Infancia\u201d i n\u2019explicava la fonamentaci\u00f3 te\u00f2rica. Recordava, seguint Fr\u00f6bel, que el creixement dels infants s\u2019assembla al de les plantes que es despleguen en un jard\u00ed, i que cada centre d\u2019educaci\u00f3 infantil hauria d\u2019incorporar espais naturals com a part essencial del seu desenvolupament. Aquesta idea, que donaria lloc al concepte de <\/span><i><span style=\"font-weight: 400;\">kindergarten,<\/span><\/i><span style=\"font-weight: 400;\"> va ser tamb\u00e9 la que va inspirar <\/span><i><span style=\"font-weight: 400;\">El Rod\u00f3<\/span><\/i><span style=\"font-weight: 400;\"> com un espai viu, natural i acollidor.<\/span><\/p>\n<p><span style=\"font-weight: 400;\">Les l\u00ednies mestres del projecte educatiu, tamb\u00e9 impulsades pel doctor Bacard\u00ed, van integrar influ\u00e8ncies de Fr\u00f6bel, Maria Montessori i Rosa Sensat, generant un enfocament propi centrat en el respecte, l\u2019autonomia i l\u2019aprenentatge actiu. Entre aquestes aportacions, el contacte diari amb la natura ocupava un lloc central com a motor de curiositat, exploraci\u00f3 i creixement vital. Aquesta mirada avan\u00e7ada va situar <\/span><i><span style=\"font-weight: 400;\">El Rod\u00f3<\/span><\/i><span style=\"font-weight: 400;\"> com un dels primers jardins d\u2019infants municipals de l\u2019Estat, un projecte pioner que anticipava la transformaci\u00f3 educativa de l\u2019etapa 0-6 i que consolidava al municipi una cultura pedag\u00f2gica moderna i respectuosa amb la inf\u00e0ncia.<\/span><\/p>\n<p><span style=\"font-weight: 400;\">Quan va obrir les seves portes el maig de 1970, amb en Llu\u00eds Catal\u00e0 i Puig com a director, ho va fer en un moment en qu\u00e8 l\u2019etapa 0-3 era considerada legalment assistencial. Malgrat aix\u00f2, el municipi va optar per situar l\u2019infant al centre del projecte i recon\u00e8ixer-li, des del naixement, el dret a una educaci\u00f3 integral, en coher\u00e8ncia amb els principis que ja havia defensat el Decret del CENU de 1936. Aquesta decisi\u00f3 va permetre que l\u2019aleshores \u201cJard\u00ed d\u2019Infants Municipal\u201d funcion\u00e9s des dels seus inicis com un espai educatiu renovador, hereu de la tradici\u00f3 pedag\u00f2gica progressista i vinculat a una mirada respectuosa cap a la inf\u00e0ncia.<\/span><\/p>\n<p><span style=\"font-weight: 400;\">Inicialment adre\u00e7at a infants de 2 a 6 anys, <\/span><i><span style=\"font-weight: 400;\">El Rod\u00f3<\/span><\/i><span style=\"font-weight: 400;\"> va anar redefinint la seva funci\u00f3 a mesura que les escoles d\u2019Infantil i Prim\u00e0ria integraven el parvulari, fins a centrar-se plenament en l\u2019etapa 0-3.\u00a0<\/span><\/p>\n<p><span style=\"font-weight: 400;\">El projecte va ser possible gr\u00e0cies a la col\u00b7laboraci\u00f3 de professionals de diversos \u00e0mbits (gesti\u00f3, pediatria i educaci\u00f3) que van donar forma a un model de Llar d\u2019Infants interdisciplinari, cooperatiu i profundament comprom\u00e8s amb el desenvolupament global dels infants.<\/span><\/p>\n<p style=\"text-align: right;\"><em>Revisat febrer 2026<\/em><\/p>\n","protected":false},"excerpt":{"rendered":"<p>L\u2019Escola Bressol El Rod\u00f3 \u00e9s el resultat d\u2019una aposta pionera de l\u2019Ajuntament de Molins de Rei, que l\u2019any 1968 va impulsar la construcci\u00f3 d\u2019un centre per a la petita inf\u00e0ncia amb una clara vocaci\u00f3 educativa.\u00a0<br \/>\nDes dels seus inicis, El Rod\u00f3 forma part d\u2019un moment singular&hellip;  <a href=\"https:\/\/agora.xtec.cat\/eeielrodo\/lescola\/historia\/\" title=\"Read Hist\u00f2ria i or\u00edgens\">Llegeix m\u00e9s\u00bb<\/a><\/p>\n","protected":false},"author":1,"featured_media":0,"parent":22,"menu_order":20,"comment_status":"closed","ping_status":"closed","template":"page-templates\/side-menu.php","meta":{"_bbp_topic_count":0,"_bbp_reply_count":0,"_bbp_total_topic_count":0,"_bbp_total_reply_count":0,"_bbp_voice_count":0,"_bbp_anonymous_reply_count":0,"_bbp_topic_count_hidden":0,"_bbp_reply_count_hidden":0,"_bbp_forum_subforum_count":0,"footnotes":""},"class_list":["post-26","page","type-page","status-publish","hentry"],"post_mailing_queue_ids":[],"_links":{"self":[{"href":"https:\/\/agora.xtec.cat\/eeielrodo\/wp-json\/wp\/v2\/pages\/26","targetHints":{"allow":["GET"]}}],"collection":[{"href":"https:\/\/agora.xtec.cat\/eeielrodo\/wp-json\/wp\/v2\/pages"}],"about":[{"href":"https:\/\/agora.xtec.cat\/eeielrodo\/wp-json\/wp\/v2\/types\/page"}],"author":[{"embeddable":true,"href":"https:\/\/agora.xtec.cat\/eeielrodo\/wp-json\/wp\/v2\/users\/1"}],"replies":[{"embeddable":true,"href":"https:\/\/agora.xtec.cat\/eeielrodo\/wp-json\/wp\/v2\/comments?post=26"}],"version-history":[{"count":6,"href":"https:\/\/agora.xtec.cat\/eeielrodo\/wp-json\/wp\/v2\/pages\/26\/revisions"}],"predecessor-version":[{"id":2457,"href":"https:\/\/agora.xtec.cat\/eeielrodo\/wp-json\/wp\/v2\/pages\/26\/revisions\/2457"}],"up":[{"embeddable":true,"href":"https:\/\/agora.xtec.cat\/eeielrodo\/wp-json\/wp\/v2\/pages\/22"}],"wp:attachment":[{"href":"https:\/\/agora.xtec.cat\/eeielrodo\/wp-json\/wp\/v2\/media?parent=26"}],"curies":[{"name":"wp","href":"https:\/\/api.w.org\/{rel}","templated":true}]}}

Història i orígens

<p><span style="font-weight: 400;">L’Escola Bressol El Rodó és el resultat d’una aposta pionera de l’Ajuntament de Molins de Rei, que l’any 1968 va impulsar la construcció d’un centre per a la petita infància amb una clara vocació educativa. </span></p>
<p><span style="font-weight: 400;">Des dels seus inicis, </span><i><span style="font-weight: 400;">El Rodó</span></i><span style="font-weight: 400;"> forma part d’un moment singular de la història educativa i social de Molins de Rei. El seu origen es remunta paradoxalment als aiguats de 1962, que van afectar greument el municipi. Com a població damnificada, la vila va rebre recursos per construir habitatges al barri de Bonavista, però un cop finalitzada l’obra va quedar un excedent d’1,5 milions de pessetes. L’Ajuntament va decidir destinar aquesta quantitat a la creació d’una “Guarderia–Casa Cuna” adreçada als infants de les treballadores de les diferents fàbriques de la població, responent així a les necessitats socials i laborals del moment.</span></p>
<p><a href="https://agora.xtec.cat/eeielrodo/wp-content/uploads/usu2175/2026/02/rodo-construccio2.webp"><img loading="lazy" decoding="async" class="wp-image-2399 alignleft" src="https://agora.xtec.cat/eeielrodo/wp-content/uploads/usu2175/2026/02/rodo-construccio2-300x100.webp" alt="" width="516" height="172" srcset="https://agora.xtec.cat/eeielrodo/wp-content/uploads/usu2175/2026/02/rodo-construccio2-300x100.webp 300w, https://agora.xtec.cat/eeielrodo/wp-content/uploads/usu2175/2026/02/rodo-construccio2-1024x342.webp 1024w, https://agora.xtec.cat/eeielrodo/wp-content/uploads/usu2175/2026/02/rodo-construccio2-768x257.webp 768w, https://agora.xtec.cat/eeielrodo/wp-content/uploads/usu2175/2026/02/rodo-construccio2.webp 1196w" sizes="auto, (max-width: 516px) 100vw, 516px" /></a><span style="font-weight: 400;">Tanmateix, aquesta primera intenció va prendre un rumb decisivament educatiu gràcies a la visió de dues persones profundament compromeses amb la infància i amb el progrés cultural del municipi: Isidre Macias, tinent d’alcalde i regidor de Cultura, i Ramon Bacardí, pediatre i ferm defensor d’una formació integral des dels primers anys de vida. Tot i no ser professionals de l’ensenyament, compartien una forta vocació educativa i un coneixement ampli de les tendències europees del moment. Inspirats pels models alemanys impulsats per Friedrich Fröbel, van proposar reconvertir el projecte inicial en un jardí d’infants amb una clara finalitat pedagògica.</span></p>
<p><span style="font-weight: 400;">Així, l’any 1968 el doctor Bacardí va presentar un informe determinant en què defensava el canvi de denominació a “Jardín de Infancia” i n’explicava la fonamentació teòrica. Recordava, seguint Fröbel, que el creixement dels infants s’assembla al de les plantes que es despleguen en un jardí, i que cada centre d’educació infantil hauria d’incorporar espais naturals com a part essencial del seu desenvolupament. Aquesta idea, que donaria lloc al concepte de </span><i><span style="font-weight: 400;">kindergarten,</span></i><span style="font-weight: 400;"> va ser també la que va inspirar </span><i><span style="font-weight: 400;">El Rodó</span></i><span style="font-weight: 400;"> com un espai viu, natural i acollidor.</span></p>
<p><span style="font-weight: 400;">Les línies mestres del projecte educatiu, també impulsades pel doctor Bacardí, van integrar influències de Fröbel, Maria Montessori i Rosa Sensat, generant un enfocament propi centrat en el respecte, l’autonomia i l’aprenentatge actiu. Entre aquestes aportacions, el contacte diari amb la natura ocupava un lloc central com a motor de curiositat, exploració i creixement vital. Aquesta mirada avançada va situar </span><i><span style="font-weight: 400;">El Rodó</span></i><span style="font-weight: 400;"> com un dels primers jardins d’infants municipals de l’Estat, un projecte pioner que anticipava la transformació educativa de l’etapa 0-6 i que consolidava al municipi una cultura pedagògica moderna i respectuosa amb la infància.</span></p>
<p><span style="font-weight: 400;">Quan va obrir les seves portes el maig de 1970, amb en Lluís Català i Puig com a director, ho va fer en un moment en què l’etapa 0-3 era considerada legalment assistencial. Malgrat això, el municipi va optar per situar l’infant al centre del projecte i reconèixer-li, des del naixement, el dret a una educació integral, en coherència amb els principis que ja havia defensat el Decret del CENU de 1936. Aquesta decisió va permetre que l’aleshores “Jardí d’Infants Municipal” funcionés des dels seus inicis com un espai educatiu renovador, hereu de la tradició pedagògica progressista i vinculat a una mirada respectuosa cap a la infància.</span></p>
<p><span style="font-weight: 400;">Inicialment adreçat a infants de 2 a 6 anys, </span><i><span style="font-weight: 400;">El Rodó</span></i><span style="font-weight: 400;"> va anar redefinint la seva funció a mesura que les escoles d’Infantil i Primària integraven el parvulari, fins a centrar-se plenament en l’etapa 0-3. </span></p>
<p><span style="font-weight: 400;">El projecte va ser possible gràcies a la col·laboració de professionals de diversos àmbits (gestió, pediatria i educació) que van donar forma a un model de Llar d’Infants interdisciplinari, cooperatiu i profundament compromès amb el desenvolupament global dels infants.</span></p>
<p style="text-align: right;"><em>Revisat febrer 2026</em></p>

<p>L’Escola Bressol El Rodó és el resultat d’una aposta pionera de l’Ajuntament de Molins de Rei, que l’any 1968 va impulsar la construcció d’un centre per a la petita infància amb una clara vocació educativa. <br />
Des dels seus inicis, El Rodó forma part d’un moment singular&hellip;  <a href="https://agora.xtec.cat/eeielrodo/lescola/historia/" title="Read Història i orígens">Llegeix més»</a></p>
