{"id":2532,"date":"2026-03-05T12:08:07","date_gmt":"2026-03-05T11:08:07","guid":{"rendered":"https:\/\/agora.xtec.cat\/eeielrodo\/?page_id=2532"},"modified":"2026-03-05T12:09:07","modified_gmt":"2026-03-05T11:09:07","slug":"bibliobressol","status":"publish","type":"page","link":"https:\/\/agora.xtec.cat\/eeielrodo\/projectes-i-xarxes\/bibliobressol\/","title":{"rendered":"BiblioBressol"},"content":{"rendered":"<p data-start=\"201\" data-end=\"457\">A les escoles bressol municipals estrenem la BiblioBressol, un projecte que hem dut a terme conjuntament amb la Biblioteca Municipal, amb el suport del Negociat d\u2019Educaci\u00f3, i que s\u2019emmarca dins dels objectius del Pla Educatiu de Vila (PEV).<\/p>\n<p data-start=\"459\" data-end=\"775\">La BiblioBressol neix del treball compartit i de la il\u00b7lusi\u00f3 dels diferents agents educatius i culturals del municipi, amb una idea molt clara: apropar els llibres i la lectura als infants des dels primers anys de vida i facilitar a les fam\u00edlies recursos i orientacions que us puguin acompanyar en aquesta etapa.<\/p>\n<p><a href=\"https:\/\/agora.xtec.cat\/eeielrodo\/wp-content\/uploads\/usu2175\/2026\/02\/WhatsApp-Image-2026-02-11-at-11.00.37.jpeg\"><img loading=\"lazy\" decoding=\"async\" class=\"alignleft wp-image-2381\" src=\"https:\/\/agora.xtec.cat\/eeielrodo\/wp-content\/uploads\/usu2175\/2026\/02\/WhatsApp-Image-2026-02-11-at-11.00.37-187x300.jpeg\" sizes=\"auto, (max-width: 250px) 100vw, 250px\" srcset=\"https:\/\/agora.xtec.cat\/eeielrodo\/wp-content\/uploads\/usu2175\/2026\/02\/WhatsApp-Image-2026-02-11-at-11.00.37-187x300.jpeg 187w, https:\/\/agora.xtec.cat\/eeielrodo\/wp-content\/uploads\/usu2175\/2026\/02\/WhatsApp-Image-2026-02-11-at-11.00.37-637x1024.jpeg 637w, https:\/\/agora.xtec.cat\/eeielrodo\/wp-content\/uploads\/usu2175\/2026\/02\/WhatsApp-Image-2026-02-11-at-11.00.37-768x1235.jpeg 768w, https:\/\/agora.xtec.cat\/eeielrodo\/wp-content\/uploads\/usu2175\/2026\/02\/WhatsApp-Image-2026-02-11-at-11.00.37-956x1536.jpeg 956w, https:\/\/agora.xtec.cat\/eeielrodo\/wp-content\/uploads\/usu2175\/2026\/02\/WhatsApp-Image-2026-02-11-at-11.00.37.jpeg 1274w\" alt=\"\" width=\"250\" height=\"401\" \/><\/a>Qu\u00e8 hi trobareu?<\/p>\n<p data-start=\"799\" data-end=\"950\">La BiblioBressol \u00e9s un espai dins l\u2019escola que s\u2019actualitzar\u00e0 cada trimestre amb una selecci\u00f3 de llibres de consulta organitzats en tres blocs:<\/p>\n<p>\u2013 Llibres per a fam\u00edlies<\/p>\n<p>\u2013 Llibres per als infants<\/p>\n<p>\u2013 Llibres de suport per a les educadores<\/p>\n<p data-start=\"1066\" data-end=\"1302\">Hem fet una tria pensada amb cura, amb tem\u00e0tiques relacionades amb el desenvolupament infantil, l\u2019acompanyament emocional, la crian\u00e7a i, per descomptat, contes i propostes per compartir moments de lectura amb els vostres fills i filles.<\/p>\n<p>Com funciona?<\/p>\n<p data-start=\"1323\" data-end=\"1443\">Els llibres no es poden endur a casa, per\u00f2 els podeu fullejar tranquil\u00b7lament als espais habilitats de l\u2019escola. Si algun t\u00edtol us interessa especialment, el podreu trobar en pr\u00e9stec a la Biblioteca de Molins de Rei, refor\u00e7ant aix\u00ed el vincle entre l\u2019escola i la biblioteca del poble<\/p>\n<p data-start=\"1651\" data-end=\"1750\">Ens agradaria que la BiblioBressol fos un espai viu i compartit, que sentiu com a vostre. Per aix\u00f2 us animem a:<\/p>\n<ul>\n<li>Dedicar una estona a mirar els llibres<\/li>\n<li>Compartir suggeriments de tem\u00e0tiques o t\u00edtols que us interessin<\/li>\n<li>Fer de la lectura un moment compartit en fam\u00edlia<\/li>\n<\/ul>\n<p data-start=\"1917\" data-end=\"2065\">Amb la BiblioBressol volem continuar teixint xarxa entre escola, fam\u00edlies i biblioteca, i seguir despertant, des de ben petits, l\u2019amor pels llibres.<\/p>\n<p data-start=\"2067\" data-end=\"2101\">Us convidem a descobrir-la! \ud83c\udf3f<\/p>\n<p style=\"text-align: right;\" data-start=\"2067\" data-end=\"2101\"><em>Revisat Febrer 2026<\/em><\/p>\n","protected":false},"excerpt":{"rendered":"<p>A les escoles bressol municipals estrenem la BiblioBressol, un projecte que hem dut a terme conjuntament amb la Biblioteca Municipal, amb el suport del Negociat d\u2019Educaci\u00f3, i que s\u2019emmarca dins dels objectius del Pla Educatiu de Vila (PEV).<br \/>\nLa BiblioBressol neix del treball compartit i de&hellip;  <a href=\"https:\/\/agora.xtec.cat\/eeielrodo\/projectes-i-xarxes\/bibliobressol\/\" title=\"Read BiblioBressol\">Llegeix m\u00e9s\u00bb<\/a><\/p>\n","protected":false},"author":1,"featured_media":0,"parent":2421,"menu_order":0,"comment_status":"closed","ping_status":"closed","template":"page-templates\/side-menu.php","meta":{"_bbp_topic_count":0,"_bbp_reply_count":0,"_bbp_total_topic_count":0,"_bbp_total_reply_count":0,"_bbp_voice_count":0,"_bbp_anonymous_reply_count":0,"_bbp_topic_count_hidden":0,"_bbp_reply_count_hidden":0,"_bbp_forum_subforum_count":0,"footnotes":""},"class_list":["post-2532","page","type-page","status-publish","hentry"],"post_mailing_queue_ids":[],"_links":{"self":[{"href":"https:\/\/agora.xtec.cat\/eeielrodo\/wp-json\/wp\/v2\/pages\/2532","targetHints":{"allow":["GET"]}}],"collection":[{"href":"https:\/\/agora.xtec.cat\/eeielrodo\/wp-json\/wp\/v2\/pages"}],"about":[{"href":"https:\/\/agora.xtec.cat\/eeielrodo\/wp-json\/wp\/v2\/types\/page"}],"author":[{"embeddable":true,"href":"https:\/\/agora.xtec.cat\/eeielrodo\/wp-json\/wp\/v2\/users\/1"}],"replies":[{"embeddable":true,"href":"https:\/\/agora.xtec.cat\/eeielrodo\/wp-json\/wp\/v2\/comments?post=2532"}],"version-history":[{"count":3,"href":"https:\/\/agora.xtec.cat\/eeielrodo\/wp-json\/wp\/v2\/pages\/2532\/revisions"}],"predecessor-version":[{"id":2535,"href":"https:\/\/agora.xtec.cat\/eeielrodo\/wp-json\/wp\/v2\/pages\/2532\/revisions\/2535"}],"up":[{"embeddable":true,"href":"https:\/\/agora.xtec.cat\/eeielrodo\/wp-json\/wp\/v2\/pages\/2421"}],"wp:attachment":[{"href":"https:\/\/agora.xtec.cat\/eeielrodo\/wp-json\/wp\/v2\/media?parent=2532"}],"curies":[{"name":"wp","href":"https:\/\/api.w.org\/{rel}","templated":true}]}}

<p data-start="201" data-end="457">A les escoles bressol municipals estrenem la BiblioBressol, un projecte que hem dut a terme conjuntament amb la Biblioteca Municipal, amb el suport del Negociat d’Educació, i que s’emmarca dins dels objectius del Pla Educatiu de Vila (PEV).</p>
<p data-start="459" data-end="775">La BiblioBressol neix del treball compartit i de la il·lusió dels diferents agents educatius i culturals del municipi, amb una idea molt clara: apropar els llibres i la lectura als infants des dels primers anys de vida i facilitar a les famílies recursos i orientacions que us puguin acompanyar en aquesta etapa.</p>
<p><a href="https://agora.xtec.cat/eeielrodo/wp-content/uploads/usu2175/2026/02/WhatsApp-Image-2026-02-11-at-11.00.37.jpeg"><img loading="lazy" decoding="async" class="alignleft wp-image-2381" src="https://agora.xtec.cat/eeielrodo/wp-content/uploads/usu2175/2026/02/WhatsApp-Image-2026-02-11-at-11.00.37-187x300.jpeg" sizes="auto, (max-width: 250px) 100vw, 250px" srcset="https://agora.xtec.cat/eeielrodo/wp-content/uploads/usu2175/2026/02/WhatsApp-Image-2026-02-11-at-11.00.37-187x300.jpeg 187w, https://agora.xtec.cat/eeielrodo/wp-content/uploads/usu2175/2026/02/WhatsApp-Image-2026-02-11-at-11.00.37-637x1024.jpeg 637w, https://agora.xtec.cat/eeielrodo/wp-content/uploads/usu2175/2026/02/WhatsApp-Image-2026-02-11-at-11.00.37-768x1235.jpeg 768w, https://agora.xtec.cat/eeielrodo/wp-content/uploads/usu2175/2026/02/WhatsApp-Image-2026-02-11-at-11.00.37-956x1536.jpeg 956w, https://agora.xtec.cat/eeielrodo/wp-content/uploads/usu2175/2026/02/WhatsApp-Image-2026-02-11-at-11.00.37.jpeg 1274w" alt="" width="250" height="401" /></a>Què hi trobareu?</p>
<p data-start="799" data-end="950">La BiblioBressol és un espai dins l’escola que s’actualitzarà cada trimestre amb una selecció de llibres de consulta organitzats en tres blocs:</p>
<p>– Llibres per a famílies</p>
<p>– Llibres per als infants</p>
<p>– Llibres de suport per a les educadores</p>
<p data-start="1066" data-end="1302">Hem fet una tria pensada amb cura, amb temàtiques relacionades amb el desenvolupament infantil, l’acompanyament emocional, la criança i, per descomptat, contes i propostes per compartir moments de lectura amb els vostres fills i filles.</p>
<p>Com funciona?</p>
<p data-start="1323" data-end="1443">Els llibres no es poden endur a casa, però els podeu fullejar tranquil·lament als espais habilitats de l’escola. Si algun títol us interessa especialment, el podreu trobar en préstec a la Biblioteca de Molins de Rei, reforçant així el vincle entre l’escola i la biblioteca del poble</p>
<p data-start="1651" data-end="1750">Ens agradaria que la BiblioBressol fos un espai viu i compartit, que sentiu com a vostre. Per això us animem a:</p>
<ul>
<li>Dedicar una estona a mirar els llibres</li>
<li>Compartir suggeriments de temàtiques o títols que us interessin</li>
<li>Fer de la lectura un moment compartit en família</li>
</ul>
<p data-start="1917" data-end="2065">Amb la BiblioBressol volem continuar teixint xarxa entre escola, famílies i biblioteca, i seguir despertant, des de ben petits, l’amor pels llibres.</p>
<p data-start="2067" data-end="2101">Us convidem a descobrir-la! 🌿</p>
<p style="text-align: right;" data-start="2067" data-end="2101"><em>Revisat Febrer 2026</em></p>

<p>A les escoles bressol municipals estrenem la BiblioBressol, un projecte que hem dut a terme conjuntament amb la Biblioteca Municipal, amb el suport del Negociat d’Educació, i que s’emmarca dins dels objectius del Pla Educatiu de Vila (PEV).<br />
La BiblioBressol neix del treball compartit i de&hellip;  <a href="https://agora.xtec.cat/eeielrodo/projectes-i-xarxes/bibliobressol/" title="Read BiblioBressol">Llegeix més»</a></p>
