{"id":2503,"date":"2026-03-05T10:19:35","date_gmt":"2026-03-05T09:19:35","guid":{"rendered":"https:\/\/agora.xtec.cat\/eeielrodo\/?page_id=2503"},"modified":"2026-03-05T10:19:35","modified_gmt":"2026-03-05T09:19:35","slug":"calendari-preinscripcio","status":"publish","type":"page","link":"https:\/\/agora.xtec.cat\/eeielrodo\/preinscripcio-i-matricula\/calendari-preinscripcio\/","title":{"rendered":"Calendari preinscripci\u00f3"},"content":{"rendered":"<p data-start=\"32\" data-end=\"272\">El calendari de preinscripci\u00f3 estableix les dates clau del proc\u00e9s per sol\u00b7licitar pla\u00e7a a l\u2019escola bressol. En aquest apartat podreu consultar els terminis de presentaci\u00f3 de sol\u00b7licituds, la publicaci\u00f3 de llistes i les dates de matr\u00edcula.<\/p>\n<p data-start=\"274\" data-end=\"374\" data-is-last-node=\"\" data-is-only-node=\"\">\u00c9s important tenir presents aquests per\u00edodes per poder seguir correctament tot el proc\u00e9s d\u2019admissi\u00f3.<\/p>\n<p style=\"text-align: right;\" data-start=\"274\" data-end=\"374\" data-is-last-node=\"\" data-is-only-node=\"\"><em>Revisat Mar\u00e7 2026<\/em><\/p>\n","protected":false},"excerpt":{"rendered":"<p>El calendari de preinscripci\u00f3 estableix les dates clau del proc\u00e9s per sol\u00b7licitar pla\u00e7a a l\u2019escola bressol. En aquest apartat podreu consultar els terminis de presentaci\u00f3 de sol\u00b7licituds, la publicaci\u00f3 de llistes i les dates de matr\u00edcula.<br \/>\n\u00c9s important tenir presents aquests per\u00edodes per poder seguir correctament&hellip;  <a href=\"https:\/\/agora.xtec.cat\/eeielrodo\/preinscripcio-i-matricula\/calendari-preinscripcio\/\" title=\"Read Calendari preinscripci\u00f3\">Llegeix m\u00e9s\u00bb<\/a><\/p>\n","protected":false},"author":1,"featured_media":0,"parent":2499,"menu_order":0,"comment_status":"closed","ping_status":"closed","template":"page-templates\/side-menu.php","meta":{"_bbp_topic_count":0,"_bbp_reply_count":0,"_bbp_total_topic_count":0,"_bbp_total_reply_count":0,"_bbp_voice_count":0,"_bbp_anonymous_reply_count":0,"_bbp_topic_count_hidden":0,"_bbp_reply_count_hidden":0,"_bbp_forum_subforum_count":0,"footnotes":""},"class_list":["post-2503","page","type-page","status-publish","hentry"],"post_mailing_queue_ids":[],"_links":{"self":[{"href":"https:\/\/agora.xtec.cat\/eeielrodo\/wp-json\/wp\/v2\/pages\/2503","targetHints":{"allow":["GET"]}}],"collection":[{"href":"https:\/\/agora.xtec.cat\/eeielrodo\/wp-json\/wp\/v2\/pages"}],"about":[{"href":"https:\/\/agora.xtec.cat\/eeielrodo\/wp-json\/wp\/v2\/types\/page"}],"author":[{"embeddable":true,"href":"https:\/\/agora.xtec.cat\/eeielrodo\/wp-json\/wp\/v2\/users\/1"}],"replies":[{"embeddable":true,"href":"https:\/\/agora.xtec.cat\/eeielrodo\/wp-json\/wp\/v2\/comments?post=2503"}],"version-history":[{"count":1,"href":"https:\/\/agora.xtec.cat\/eeielrodo\/wp-json\/wp\/v2\/pages\/2503\/revisions"}],"predecessor-version":[{"id":2504,"href":"https:\/\/agora.xtec.cat\/eeielrodo\/wp-json\/wp\/v2\/pages\/2503\/revisions\/2504"}],"up":[{"embeddable":true,"href":"https:\/\/agora.xtec.cat\/eeielrodo\/wp-json\/wp\/v2\/pages\/2499"}],"wp:attachment":[{"href":"https:\/\/agora.xtec.cat\/eeielrodo\/wp-json\/wp\/v2\/media?parent=2503"}],"curies":[{"name":"wp","href":"https:\/\/api.w.org\/{rel}","templated":true}]}}

Calendari preinscripció

<p data-start="32" data-end="272">El calendari de preinscripció estableix les dates clau del procés per sol·licitar plaça a l’escola bressol. En aquest apartat podreu consultar els terminis de presentació de sol·licituds, la publicació de llistes i les dates de matrícula.</p>
<p data-start="274" data-end="374" data-is-last-node="" data-is-only-node="">És important tenir presents aquests períodes per poder seguir correctament tot el procés d’admissió.</p>
<p style="text-align: right;" data-start="274" data-end="374" data-is-last-node="" data-is-only-node=""><em>Revisat Març 2026</em></p>

<p>El calendari de preinscripció estableix les dates clau del procés per sol·licitar plaça a l’escola bressol. En aquest apartat podreu consultar els terminis de presentació de sol·licituds, la publicació de llistes i les dates de matrícula.<br />
És important tenir presents aquests períodes per poder seguir correctament&hellip;  <a href="https://agora.xtec.cat/eeielrodo/preinscripcio-i-matricula/calendari-preinscripcio/" title="Read Calendari preinscripció">Llegeix més»</a></p>
