{"id":2499,"date":"2026-03-05T10:11:11","date_gmt":"2026-03-05T09:11:11","guid":{"rendered":"https:\/\/agora.xtec.cat\/eeielrodo\/?page_id=2499"},"modified":"2026-03-05T10:16:02","modified_gmt":"2026-03-05T09:16:02","slug":"preinscripcio-i-matricula","status":"publish","type":"page","link":"https:\/\/agora.xtec.cat\/eeielrodo\/preinscripcio-i-matricula\/","title":{"rendered":"Preinscripci\u00f3 i Matr\u00edcula"},"content":{"rendered":"<p data-start=\"31\" data-end=\"288\">El proc\u00e9s de preinscripci\u00f3 i matr\u00edcula \u00e9s el primer pas per comen\u00e7ar a formar part de la comunitat educativa d\u2019El Rod\u00f3. A trav\u00e9s d\u2019aquest procediment, les fam\u00edlies poden sol\u00b7licitar pla\u00e7a per als seus fills i filles i iniciar el cam\u00ed compartit amb l\u2019escola.<\/p>\n<p data-start=\"290\" data-end=\"566\" data-is-last-node=\"\" data-is-only-node=\"\">En aquest apartat trobareu tota la informaci\u00f3 necess\u00e0ria sobre el calendari, els requisits, la documentaci\u00f3 i els passos a seguir per realitzar la preinscripci\u00f3 i la posterior matr\u00edcula. Tamb\u00e9 hi compartim orientacions perqu\u00e8 el proc\u00e9s sigui clar i senzill per a les fam\u00edlies.<\/p>\n<p style=\"text-align: right;\" data-start=\"290\" data-end=\"566\" data-is-last-node=\"\" data-is-only-node=\"\"><em>Revisat Mar\u00e7 2026<\/em><\/p>\n","protected":false},"excerpt":{"rendered":"<p>El proc\u00e9s de preinscripci\u00f3 i matr\u00edcula \u00e9s el primer pas per comen\u00e7ar a formar part de la comunitat educativa d\u2019El Rod\u00f3. A trav\u00e9s d\u2019aquest procediment, les fam\u00edlies poden sol\u00b7licitar pla\u00e7a per als seus fills i filles i iniciar el cam\u00ed compartit amb l\u2019escola.<br \/>\nEn aquest apartat&hellip;  <a href=\"https:\/\/agora.xtec.cat\/eeielrodo\/preinscripcio-i-matricula\/\" title=\"Read Preinscripci\u00f3 i Matr\u00edcula\">Llegeix m\u00e9s\u00bb<\/a><\/p>\n","protected":false},"author":1,"featured_media":0,"parent":0,"menu_order":0,"comment_status":"closed","ping_status":"closed","template":"page-templates\/side-menu.php","meta":{"_bbp_topic_count":0,"_bbp_reply_count":0,"_bbp_total_topic_count":0,"_bbp_total_reply_count":0,"_bbp_voice_count":0,"_bbp_anonymous_reply_count":0,"_bbp_topic_count_hidden":0,"_bbp_reply_count_hidden":0,"_bbp_forum_subforum_count":0,"footnotes":""},"class_list":["post-2499","page","type-page","status-publish","hentry"],"post_mailing_queue_ids":[],"_links":{"self":[{"href":"https:\/\/agora.xtec.cat\/eeielrodo\/wp-json\/wp\/v2\/pages\/2499","targetHints":{"allow":["GET"]}}],"collection":[{"href":"https:\/\/agora.xtec.cat\/eeielrodo\/wp-json\/wp\/v2\/pages"}],"about":[{"href":"https:\/\/agora.xtec.cat\/eeielrodo\/wp-json\/wp\/v2\/types\/page"}],"author":[{"embeddable":true,"href":"https:\/\/agora.xtec.cat\/eeielrodo\/wp-json\/wp\/v2\/users\/1"}],"replies":[{"embeddable":true,"href":"https:\/\/agora.xtec.cat\/eeielrodo\/wp-json\/wp\/v2\/comments?post=2499"}],"version-history":[{"count":2,"href":"https:\/\/agora.xtec.cat\/eeielrodo\/wp-json\/wp\/v2\/pages\/2499\/revisions"}],"predecessor-version":[{"id":2501,"href":"https:\/\/agora.xtec.cat\/eeielrodo\/wp-json\/wp\/v2\/pages\/2499\/revisions\/2501"}],"wp:attachment":[{"href":"https:\/\/agora.xtec.cat\/eeielrodo\/wp-json\/wp\/v2\/media?parent=2499"}],"curies":[{"name":"wp","href":"https:\/\/api.w.org\/{rel}","templated":true}]}}

Preinscripció i Matrícula

<p data-start="31" data-end="288">El procés de preinscripció i matrícula és el primer pas per començar a formar part de la comunitat educativa d’El Rodó. A través d’aquest procediment, les famílies poden sol·licitar plaça per als seus fills i filles i iniciar el camí compartit amb l’escola.</p>
<p data-start="290" data-end="566" data-is-last-node="" data-is-only-node="">En aquest apartat trobareu tota la informació necessària sobre el calendari, els requisits, la documentació i els passos a seguir per realitzar la preinscripció i la posterior matrícula. També hi compartim orientacions perquè el procés sigui clar i senzill per a les famílies.</p>
<p style="text-align: right;" data-start="290" data-end="566" data-is-last-node="" data-is-only-node=""><em>Revisat Març 2026</em></p>

<p>El procés de preinscripció i matrícula és el primer pas per començar a formar part de la comunitat educativa d’El Rodó. A través d’aquest procediment, les famílies poden sol·licitar plaça per als seus fills i filles i iniciar el camí compartit amb l’escola.<br />
En aquest apartat&hellip;  <a href="https://agora.xtec.cat/eeielrodo/preinscripcio-i-matricula/" title="Read Preinscripció i Matrícula">Llegeix més»</a></p>
