{"id":2441,"date":"2026-02-11T13:36:12","date_gmt":"2026-02-11T12:36:12","guid":{"rendered":"https:\/\/agora.xtec.cat\/eeielrodo\/?page_id=2441"},"modified":"2026-03-05T09:59:45","modified_gmt":"2026-03-05T08:59:45","slug":"turisme-pedagogic-0-6","status":"publish","type":"page","link":"https:\/\/agora.xtec.cat\/eeielrodo\/projectes-i-xarxes\/turisme-pedagogic-0-6\/","title":{"rendered":"Turisme pedag\u00f2gic 0-6"},"content":{"rendered":"<p>Hem donat l&#8217; inici a un projecte de turisme pedag\u00f2gic que neix despr\u00e9s d&#8217;un llarg treball conjunt entre les escoles bressol i les escoles d&#8217;Infantil del municipi, dins la Xarxa 0-6.<\/p>\n<p>Aquest projecte t\u00e9 com a objectiu apropar mirades, compartir maneres de fer i afavorir una continu\u00eftat educativa respectuosa entre l\u2019etapa d\u2019escola bressol i l\u2019escola. A trav\u00e9s de visites pedag\u00f2giques entre centres, els equips educatius tenim l\u2019oportunitat d\u2019observar, escoltar i reflexionar plegats sobre el dia a dia dels infants, sempre posant al centre el seu benestar i els seus ritmes. Seran jornades bidireccionals, on les educadores de bressol tamb\u00e9 visitaran les escoles d&#8217;infantil.<\/p>\n<p>Les visites es duen a terme de manera curosa i no invasiva, principalment a I2, amb una pres\u00e8ncia discreta a les estances i sense interferir en les din\u00e0miques quotidianes dels infants. D&#8217;aquesta manera, els nens i nenes poden continuar vivint el seu dia amb tranquil\u00b7litat i seguretat.<\/p>\n<p>Considerem que aquest intercanvi \u00e9s una experi\u00e8ncia molt enriquidora, que ens ajuda a cr\u00e9ixer com a equip i a teixir vincles entre etapes, amb la voluntat d\u2019acompanyar millor els infants en el seu recorregut educatiu.<\/p>\n<p style=\"text-align: right;\"><em>Revisat febrer 2026<\/em><\/p>\n<p>&nbsp;<\/p>\n","protected":false},"excerpt":{"rendered":"<p>Hem donat l&#8217; inici a un projecte de turisme pedag\u00f2gic que neix despr\u00e9s d&#8217;un llarg treball conjunt entre les escoles bressol i les escoles d&#8217;Infantil del municipi, dins la Xarxa 0-6.<br \/>\nAquest projecte t\u00e9 com a objectiu apropar mirades, compartir maneres de fer i afavorir una&hellip;  <a href=\"https:\/\/agora.xtec.cat\/eeielrodo\/projectes-i-xarxes\/turisme-pedagogic-0-6\/\" title=\"Read Turisme pedag\u00f2gic 0-6\">Llegeix m\u00e9s\u00bb<\/a><\/p>\n","protected":false},"author":1,"featured_media":0,"parent":2421,"menu_order":0,"comment_status":"closed","ping_status":"closed","template":"page-templates\/side-menu.php","meta":{"_bbp_topic_count":0,"_bbp_reply_count":0,"_bbp_total_topic_count":0,"_bbp_total_reply_count":0,"_bbp_voice_count":0,"_bbp_anonymous_reply_count":0,"_bbp_topic_count_hidden":0,"_bbp_reply_count_hidden":0,"_bbp_forum_subforum_count":0,"footnotes":""},"class_list":["post-2441","page","type-page","status-publish","hentry"],"post_mailing_queue_ids":[],"_links":{"self":[{"href":"https:\/\/agora.xtec.cat\/eeielrodo\/wp-json\/wp\/v2\/pages\/2441","targetHints":{"allow":["GET"]}}],"collection":[{"href":"https:\/\/agora.xtec.cat\/eeielrodo\/wp-json\/wp\/v2\/pages"}],"about":[{"href":"https:\/\/agora.xtec.cat\/eeielrodo\/wp-json\/wp\/v2\/types\/page"}],"author":[{"embeddable":true,"href":"https:\/\/agora.xtec.cat\/eeielrodo\/wp-json\/wp\/v2\/users\/1"}],"replies":[{"embeddable":true,"href":"https:\/\/agora.xtec.cat\/eeielrodo\/wp-json\/wp\/v2\/comments?post=2441"}],"version-history":[{"count":1,"href":"https:\/\/agora.xtec.cat\/eeielrodo\/wp-json\/wp\/v2\/pages\/2441\/revisions"}],"predecessor-version":[{"id":2442,"href":"https:\/\/agora.xtec.cat\/eeielrodo\/wp-json\/wp\/v2\/pages\/2441\/revisions\/2442"}],"up":[{"embeddable":true,"href":"https:\/\/agora.xtec.cat\/eeielrodo\/wp-json\/wp\/v2\/pages\/2421"}],"wp:attachment":[{"href":"https:\/\/agora.xtec.cat\/eeielrodo\/wp-json\/wp\/v2\/media?parent=2441"}],"curies":[{"name":"wp","href":"https:\/\/api.w.org\/{rel}","templated":true}]}}

Turisme pedagògic 0-6

<p>Hem donat l&#8217; inici a un projecte de turisme pedagògic que neix després d&#8217;un llarg treball conjunt entre les escoles bressol i les escoles d&#8217;Infantil del municipi, dins la Xarxa 0-6.</p>
<p>Aquest projecte té com a objectiu apropar mirades, compartir maneres de fer i afavorir una continuïtat educativa respectuosa entre l’etapa d’escola bressol i l’escola. A través de visites pedagògiques entre centres, els equips educatius tenim l’oportunitat d’observar, escoltar i reflexionar plegats sobre el dia a dia dels infants, sempre posant al centre el seu benestar i els seus ritmes. Seran jornades bidireccionals, on les educadores de bressol també visitaran les escoles d&#8217;infantil.</p>
<p>Les visites es duen a terme de manera curosa i no invasiva, principalment a I2, amb una presència discreta a les estances i sense interferir en les dinàmiques quotidianes dels infants. D&#8217;aquesta manera, els nens i nenes poden continuar vivint el seu dia amb tranquil·litat i seguretat.</p>
<p>Considerem que aquest intercanvi és una experiència molt enriquidora, que ens ajuda a créixer com a equip i a teixir vincles entre etapes, amb la voluntat d’acompanyar millor els infants en el seu recorregut educatiu.</p>
<p style="text-align: right;"><em>Revisat febrer 2026</em></p>
<p>&nbsp;</p>

<p>Hem donat l&#8217; inici a un projecte de turisme pedagògic que neix després d&#8217;un llarg treball conjunt entre les escoles bressol i les escoles d&#8217;Infantil del municipi, dins la Xarxa 0-6.<br />
Aquest projecte té com a objectiu apropar mirades, compartir maneres de fer i afavorir una&hellip;  <a href="https://agora.xtec.cat/eeielrodo/projectes-i-xarxes/turisme-pedagogic-0-6/" title="Read Turisme pedagògic 0-6">Llegeix més»</a></p>
