{"id":2439,"date":"2026-02-11T13:34:29","date_gmt":"2026-02-11T12:34:29","guid":{"rendered":"https:\/\/agora.xtec.cat\/eeielrodo\/?page_id=2439"},"modified":"2026-03-05T09:59:54","modified_gmt":"2026-03-05T08:59:54","slug":"xarxa-0-6","status":"publish","type":"page","link":"https:\/\/agora.xtec.cat\/eeielrodo\/projectes-i-xarxes\/xarxa-0-6\/","title":{"rendered":"Xarxa 0-6"},"content":{"rendered":"<p class=\"isSelectedEnd\">La Xarxa 0-6 \u00e9s un espai de coordinaci\u00f3 i treball conjunt entre els professionals que intervenen en l\u2019educaci\u00f3 dels infants des de la seva escolaritzaci\u00f3 fins als sis anys. En formen part principalment escoles bressol, centres d\u2019educaci\u00f3 infantil i prim\u00e0ria, serveis educatius i altres agents vinculats a la petita inf\u00e0ncia del territori.<\/p>\n<p>Els principals objectius de la Xarxa 0-6 s\u00f3n afavorir la continu\u00eftat educativa entre les diferents etapes, compartir experi\u00e8ncies i bones pr\u00e0ctiques pedag\u00f2giques, i millorar l\u2019atenci\u00f3 integral als infants i a les seves fam\u00edlies. <span style=\"font-weight: 400;\">Aquesta xarxa promou el trasp\u00e0s d\u2019informaci\u00f3 i coneixement entre etapes, el coneixement de les diferents l\u00ednies pedag\u00f2giques i la continu\u00eftat dels aprenentatges dels infants en el seu pas a l\u2019escola. I a<\/span>questa coordinaci\u00f3 permet oferir una educaci\u00f3 m\u00e9s coherent, inclusiva i adaptada a les necessitats dels nens i nenes en els primers anys de vida.<\/p>\n<p style=\"text-align: right;\"><em>Revisat febrer 2026<\/em><\/p>\n<p>&nbsp;<\/p>\n","protected":false},"excerpt":{"rendered":"<p>La Xarxa 0-6 \u00e9s un espai de coordinaci\u00f3 i treball conjunt entre els professionals que intervenen en l\u2019educaci\u00f3 dels infants des de la seva escolaritzaci\u00f3 fins als sis anys. En formen part principalment escoles bressol, centres d\u2019educaci\u00f3 infantil i prim\u00e0ria, serveis educatius i altres agents&hellip;  <a href=\"https:\/\/agora.xtec.cat\/eeielrodo\/projectes-i-xarxes\/xarxa-0-6\/\" title=\"Read Xarxa 0-6\">Llegeix m\u00e9s\u00bb<\/a><\/p>\n","protected":false},"author":1,"featured_media":0,"parent":2421,"menu_order":0,"comment_status":"closed","ping_status":"closed","template":"page-templates\/side-menu.php","meta":{"_bbp_topic_count":0,"_bbp_reply_count":0,"_bbp_total_topic_count":0,"_bbp_total_reply_count":0,"_bbp_voice_count":0,"_bbp_anonymous_reply_count":0,"_bbp_topic_count_hidden":0,"_bbp_reply_count_hidden":0,"_bbp_forum_subforum_count":0,"footnotes":""},"class_list":["post-2439","page","type-page","status-publish","hentry"],"post_mailing_queue_ids":[],"_links":{"self":[{"href":"https:\/\/agora.xtec.cat\/eeielrodo\/wp-json\/wp\/v2\/pages\/2439","targetHints":{"allow":["GET"]}}],"collection":[{"href":"https:\/\/agora.xtec.cat\/eeielrodo\/wp-json\/wp\/v2\/pages"}],"about":[{"href":"https:\/\/agora.xtec.cat\/eeielrodo\/wp-json\/wp\/v2\/types\/page"}],"author":[{"embeddable":true,"href":"https:\/\/agora.xtec.cat\/eeielrodo\/wp-json\/wp\/v2\/users\/1"}],"replies":[{"embeddable":true,"href":"https:\/\/agora.xtec.cat\/eeielrodo\/wp-json\/wp\/v2\/comments?post=2439"}],"version-history":[{"count":3,"href":"https:\/\/agora.xtec.cat\/eeielrodo\/wp-json\/wp\/v2\/pages\/2439\/revisions"}],"predecessor-version":[{"id":2480,"href":"https:\/\/agora.xtec.cat\/eeielrodo\/wp-json\/wp\/v2\/pages\/2439\/revisions\/2480"}],"up":[{"embeddable":true,"href":"https:\/\/agora.xtec.cat\/eeielrodo\/wp-json\/wp\/v2\/pages\/2421"}],"wp:attachment":[{"href":"https:\/\/agora.xtec.cat\/eeielrodo\/wp-json\/wp\/v2\/media?parent=2439"}],"curies":[{"name":"wp","href":"https:\/\/api.w.org\/{rel}","templated":true}]}}

<p class="isSelectedEnd">La Xarxa 0-6 és un espai de coordinació i treball conjunt entre els professionals que intervenen en l’educació dels infants des de la seva escolarització fins als sis anys. En formen part principalment escoles bressol, centres d’educació infantil i primària, serveis educatius i altres agents vinculats a la petita infància del territori.</p>
<p>Els principals objectius de la Xarxa 0-6 són afavorir la continuïtat educativa entre les diferents etapes, compartir experiències i bones pràctiques pedagògiques, i millorar l’atenció integral als infants i a les seves famílies. <span style="font-weight: 400;">Aquesta xarxa promou el traspàs d’informació i coneixement entre etapes, el coneixement de les diferents línies pedagògiques i la continuïtat dels aprenentatges dels infants en el seu pas a l’escola. I a</span>questa coordinació permet oferir una educació més coherent, inclusiva i adaptada a les necessitats dels nens i nenes en els primers anys de vida.</p>
<p style="text-align: right;"><em>Revisat febrer 2026</em></p>
<p>&nbsp;</p>

<p>La Xarxa 0-6 és un espai de coordinació i treball conjunt entre els professionals que intervenen en l’educació dels infants des de la seva escolarització fins als sis anys. En formen part principalment escoles bressol, centres d’educació infantil i primària, serveis educatius i altres agents&hellip;  <a href="https://agora.xtec.cat/eeielrodo/projectes-i-xarxes/xarxa-0-6/" title="Read Xarxa 0-6">Llegeix més»</a></p>
