{"id":2406,"date":"2026-02-11T12:10:20","date_gmt":"2026-02-11T11:10:20","guid":{"rendered":"https:\/\/agora.xtec.cat\/eeielrodo\/?page_id=2406"},"modified":"2026-02-11T13:26:25","modified_gmt":"2026-02-11T12:26:25","slug":"marc-legal-i-normatives","status":"publish","type":"page","link":"https:\/\/agora.xtec.cat\/eeielrodo\/pagina-exemple\/marc-legal-i-normatives\/","title":{"rendered":"Marc legal i normatives"},"content":{"rendered":"<p><span style=\"font-weight: 400;\">A continuaci\u00f3 es presenten, de manera detallada, les lleis, normatives i refer\u00e8ncies legals que guien i legitimen la nostra pr\u00e0ctica educativa.<\/span><\/p>\n<p><b>Llei d\u2019educaci\u00f3 i desplegament<\/b><\/p>\n<ul>\n<li style=\"font-weight: 400;\" aria-checked=\"false\" aria-level=\"1\"><span style=\"font-weight: 400;\">Llei 12\/2009, del 10 de juliol, d\u2019educaci\u00f3 (DOGC n\u00fam. 5422, de 16.7.2009)<\/span><\/li>\n<li style=\"font-weight: 400;\" aria-checked=\"false\" aria-level=\"1\"><span style=\"font-weight: 400;\">Decret 150\/2017, de 17 d&#8217;octubre, de l&#8217;atenci\u00f3 educativa a l&#8217;alumnat en el marc d&#8217;un sistema educatiu inclusiu (DOGC n\u00fam. 7477, de 19.10.2017)<\/span><\/li>\n<li style=\"font-weight: 400;\" aria-checked=\"false\" aria-level=\"1\"><span style=\"font-weight: 400;\">Decret 155\/2010, de 2 de novembre, de la direcci\u00f3 dels centres educatius p\u00fablics i del personal directiu professional docent (DOGC n\u00fam. 5753, d\u201911.11.2010)<\/span><\/li>\n<li style=\"font-weight: 400;\" aria-checked=\"false\" aria-level=\"1\"><span style=\"font-weight: 400;\">Decret 102\/2010, de 3 d\u2019agost, d\u2019autonomia dels centres educatius; espec\u00edficament la disposici\u00f3 addicional desena (DOGC 5686, de 5.8.2010)<\/span><\/li>\n<\/ul>\n<p><b>Escoles bressol<\/b><\/p>\n<ul>\n<li style=\"font-weight: 400;\" aria-checked=\"false\" aria-level=\"1\"><span style=\"font-weight: 400;\">Decret 21\/2023, de 7 de febrer, d&#8217;ordenaci\u00f3 dels ensenyaments de l&#8217;educaci\u00f3 infantil (DOGC n\u00fam. 8851, de 9.2.2023)<\/span><\/li>\n<li style=\"font-weight: 400;\" aria-checked=\"false\" aria-level=\"1\"><span style=\"font-weight: 400;\">Decret 282\/2006, de 4 de juliol, dels requisits dels centres del primer cicle de l&#8217;educaci\u00f3 infantil (DOGC n\u00fam. 4670, de 6.7.2006)<\/span><\/li>\n<li style=\"font-weight: 400;\" aria-checked=\"false\" aria-level=\"1\"><span style=\"font-weight: 400;\">Documents per a l\u2019organitzaci\u00f3 i la gesti\u00f3 dels centres: Organitzaci\u00f3 de les escoles bressols.<\/span><\/li>\n<\/ul>\n<p><b>Preinscripci\u00f3 i matr\u00edcula<\/b><\/p>\n<ul>\n<li style=\"font-weight: 400;\" aria-checked=\"false\" aria-level=\"1\"><span style=\"font-weight: 400;\">La Resoluci\u00f3 anual del Departament d\u2019Educaci\u00f3 que estableix el procediment i el calendari de preinscripci\u00f3 i matr\u00edcula per als ensenyaments obligatoris i postobligatoris, publicada al DOGC cada curs escolar.<\/span><\/li>\n<li style=\"font-weight: 400;\" aria-checked=\"false\" aria-level=\"1\"><span style=\"font-weight: 400;\">At\u00e8s que l\u2019Ajuntament de Molins de Rei t\u00e9 delegades les compet\u00e8ncies per part de la Generalitat pel que fa al proc\u00e9s de preinscripci\u00f3 i admissi\u00f3 en escoles bressols, de l\u20191 de febrer de 2007, es vol incloure al reglament de r\u00e8gim intern la regulaci\u00f3 del proc\u00e9s de preinscripci\u00f3 i matr\u00edcula, que fins ara s&#8217;aprova anualment per decret d\u2019alcaldia.<\/span><\/li>\n<\/ul>\n<p><b>DECRET 102\/2010, de 3 d&#8217;agost, d&#8217;autonomia dels centres educatius.<\/b><\/p>\n<p><span style=\"font-weight: 400;\">T\u00cdTOL VII: DE L\u2019AUTONOMIA DELS CENTRES EDUCATIUS CAP\u00cdTOL I.<\/span><\/p>\n<p><span style=\"font-weight: 400;\">PRINCIPIS GENERALS I PROJECTE EDUCATIU<\/span><\/p>\n<ul>\n<li style=\"font-weight: 400;\" aria-checked=\"false\" aria-level=\"1\"><span style=\"font-weight: 400;\">ART.90. Finalitat i \u00e0mbits de l\u2019autonomia dels centres educatius<\/span><\/li>\n<li style=\"font-weight: 400;\" aria-checked=\"false\" aria-level=\"1\"><span style=\"font-weight: 400;\">ART .91. El projecte educatiu<\/span><\/li>\n<li style=\"font-weight: 400;\" aria-checked=\"false\" aria-level=\"1\"><span style=\"font-weight: 400;\">ART .92. Aplicaci\u00f3 del projecte educatiu<\/span><\/li>\n<li style=\"font-weight: 400;\" aria-checked=\"false\" aria-level=\"1\"><span style=\"font-weight: 400;\">ART. 93. Car\u00e0cter i projecte educatiu dels centres p\u00fablics<\/span><\/li>\n<li style=\"font-weight: 400;\" aria-checked=\"false\" aria-level=\"1\"><span style=\"font-weight: 400;\">ART. 94. R\u00e8gim jur\u00eddic dels projectes educatius dels centres p\u00fablics<\/span><\/li>\n<li style=\"font-weight: 400;\" aria-checked=\"false\" aria-level=\"1\"><span style=\"font-weight: 400;\">ART. 95. R\u00e8gim jur\u00eddic dels projectes educatius dels centres privats sostinguts amb fons p\u00fablics<\/span><\/li>\n<li style=\"font-weight: 400;\" aria-checked=\"false\" aria-level=\"1\"><span style=\"font-weight: 400;\">ART. 96. Autonomia pedag\u00f2gica i organitzativa dels centres privats no sostinguts amb fons p\u00fablics<\/span><\/li>\n<\/ul>\n<p style=\"text-align: right;\"><em>Revisat febrer 2026<\/em><\/p>\n","protected":false},"excerpt":{"rendered":"<p>A continuaci\u00f3 es presenten, de manera detallada, les lleis, normatives i refer\u00e8ncies legals que guien i legitimen la nostra pr\u00e0ctica educativa.<br \/>\nLlei d\u2019educaci\u00f3 i desplegament<\/p>\n<ul>\n<li style=\"font-weight: 400;\" aria-checked=\"false\" aria-level=\"1\">Llei 12\/2009, del 10 de juliol, d\u2019educaci\u00f3 (DOGC n\u00fam. 5422, de 16.7.2009)<\/li>\n<li style=\"font-weight: 400;\" aria-checked=\"false\" aria-level=\"1\">Decret 150\/2017, de&hellip;  <a href=\"https:\/\/agora.xtec.cat\/eeielrodo\/pagina-exemple\/marc-legal-i-normatives\/\" title=\"Read Marc legal i normatives\">Llegeix m\u00e9s\u00bb<\/a><br \/>\n","protected":false},"author":1,"featured_media":0,"parent":2,"menu_order":0,"comment_status":"closed","ping_status":"closed","template":"page-templates\/side-menu.php","meta":{"_bbp_topic_count":0,"_bbp_reply_count":0,"_bbp_total_topic_count":0,"_bbp_total_reply_count":0,"_bbp_voice_count":0,"_bbp_anonymous_reply_count":0,"_bbp_topic_count_hidden":0,"_bbp_reply_count_hidden":0,"_bbp_forum_subforum_count":0,"footnotes":""},"class_list":["post-2406","page","type-page","status-publish","hentry"],"post_mailing_queue_ids":[],"_links":{"self":[{"href":"https:\/\/agora.xtec.cat\/eeielrodo\/wp-json\/wp\/v2\/pages\/2406","targetHints":{"allow":["GET"]}}],"collection":[{"href":"https:\/\/agora.xtec.cat\/eeielrodo\/wp-json\/wp\/v2\/pages"}],"about":[{"href":"https:\/\/agora.xtec.cat\/eeielrodo\/wp-json\/wp\/v2\/types\/page"}],"author":[{"embeddable":true,"href":"https:\/\/agora.xtec.cat\/eeielrodo\/wp-json\/wp\/v2\/users\/1"}],"replies":[{"embeddable":true,"href":"https:\/\/agora.xtec.cat\/eeielrodo\/wp-json\/wp\/v2\/comments?post=2406"}],"version-history":[{"count":4,"href":"https:\/\/agora.xtec.cat\/eeielrodo\/wp-json\/wp\/v2\/pages\/2406\/revisions"}],"predecessor-version":[{"id":2435,"href":"https:\/\/agora.xtec.cat\/eeielrodo\/wp-json\/wp\/v2\/pages\/2406\/revisions\/2435"}],"up":[{"embeddable":true,"href":"https:\/\/agora.xtec.cat\/eeielrodo\/wp-json\/wp\/v2\/pages\/2"}],"wp:attachment":[{"href":"https:\/\/agora.xtec.cat\/eeielrodo\/wp-json\/wp\/v2\/media?parent=2406"}],"curies":[{"name":"wp","href":"https:\/\/api.w.org\/{rel}","templated":true}]}}

<p><span style="font-weight: 400;">A continuació es presenten, de manera detallada, les lleis, normatives i referències legals que guien i legitimen la nostra pràctica educativa.</span></p>
<p><b>Llei d’educació i desplegament</b></p>
<ul>
<li style="font-weight: 400;" aria-checked="false" aria-level="1"><span style="font-weight: 400;">Llei 12/2009, del 10 de juliol, d’educació (DOGC núm. 5422, de 16.7.2009)</span></li>
<li style="font-weight: 400;" aria-checked="false" aria-level="1"><span style="font-weight: 400;">Decret 150/2017, de 17 d&#8217;octubre, de l&#8217;atenció educativa a l&#8217;alumnat en el marc d&#8217;un sistema educatiu inclusiu (DOGC núm. 7477, de 19.10.2017)</span></li>
<li style="font-weight: 400;" aria-checked="false" aria-level="1"><span style="font-weight: 400;">Decret 155/2010, de 2 de novembre, de la direcció dels centres educatius públics i del personal directiu professional docent (DOGC núm. 5753, d’11.11.2010)</span></li>
<li style="font-weight: 400;" aria-checked="false" aria-level="1"><span style="font-weight: 400;">Decret 102/2010, de 3 d’agost, d’autonomia dels centres educatius; específicament la disposició addicional desena (DOGC 5686, de 5.8.2010)</span></li>
</ul>
<p><b>Escoles bressol</b></p>
<ul>
<li style="font-weight: 400;" aria-checked="false" aria-level="1"><span style="font-weight: 400;">Decret 21/2023, de 7 de febrer, d&#8217;ordenació dels ensenyaments de l&#8217;educació infantil (DOGC núm. 8851, de 9.2.2023)</span></li>
<li style="font-weight: 400;" aria-checked="false" aria-level="1"><span style="font-weight: 400;">Decret 282/2006, de 4 de juliol, dels requisits dels centres del primer cicle de l&#8217;educació infantil (DOGC núm. 4670, de 6.7.2006)</span></li>
<li style="font-weight: 400;" aria-checked="false" aria-level="1"><span style="font-weight: 400;">Documents per a l’organització i la gestió dels centres: Organització de les escoles bressols.</span></li>
</ul>
<p><b>Preinscripció i matrícula</b></p>
<ul>
<li style="font-weight: 400;" aria-checked="false" aria-level="1"><span style="font-weight: 400;">La Resolució anual del Departament d’Educació que estableix el procediment i el calendari de preinscripció i matrícula per als ensenyaments obligatoris i postobligatoris, publicada al DOGC cada curs escolar.</span></li>
<li style="font-weight: 400;" aria-checked="false" aria-level="1"><span style="font-weight: 400;">Atès que l’Ajuntament de Molins de Rei té delegades les competències per part de la Generalitat pel que fa al procés de preinscripció i admissió en escoles bressols, de l’1 de febrer de 2007, es vol incloure al reglament de règim intern la regulació del procés de preinscripció i matrícula, que fins ara s&#8217;aprova anualment per decret d’alcaldia.</span></li>
</ul>
<p><b>DECRET 102/2010, de 3 d&#8217;agost, d&#8217;autonomia dels centres educatius.</b></p>
<p><span style="font-weight: 400;">TÍTOL VII: DE L’AUTONOMIA DELS CENTRES EDUCATIUS CAPÍTOL I.</span></p>
<p><span style="font-weight: 400;">PRINCIPIS GENERALS I PROJECTE EDUCATIU</span></p>
<ul>
<li style="font-weight: 400;" aria-checked="false" aria-level="1"><span style="font-weight: 400;">ART.90. Finalitat i àmbits de l’autonomia dels centres educatius</span></li>
<li style="font-weight: 400;" aria-checked="false" aria-level="1"><span style="font-weight: 400;">ART .91. El projecte educatiu</span></li>
<li style="font-weight: 400;" aria-checked="false" aria-level="1"><span style="font-weight: 400;">ART .92. Aplicació del projecte educatiu</span></li>
<li style="font-weight: 400;" aria-checked="false" aria-level="1"><span style="font-weight: 400;">ART. 93. Caràcter i projecte educatiu dels centres públics</span></li>
<li style="font-weight: 400;" aria-checked="false" aria-level="1"><span style="font-weight: 400;">ART. 94. Règim jurídic dels projectes educatius dels centres públics</span></li>
<li style="font-weight: 400;" aria-checked="false" aria-level="1"><span style="font-weight: 400;">ART. 95. Règim jurídic dels projectes educatius dels centres privats sostinguts amb fons públics</span></li>
<li style="font-weight: 400;" aria-checked="false" aria-level="1"><span style="font-weight: 400;">ART. 96. Autonomia pedagògica i organitzativa dels centres privats no sostinguts amb fons públics</span></li>
</ul>
<p style="text-align: right;"><em>Revisat febrer 2026</em></p>

<p>A continuació es presenten, de manera detallada, les lleis, normatives i referències legals que guien i legitimen la nostra pràctica educativa.<br />
Llei d’educació i desplegament</p>
<ul>
<li style="font-weight: 400;" aria-checked="false" aria-level="1">Llei 12/2009, del 10 de juliol, d’educació (DOGC núm. 5422, de 16.7.2009)</li>
<li style="font-weight: 400;" aria-checked="false" aria-level="1">Decret 150/2017, de&hellip;  <a href="https://agora.xtec.cat/eeielrodo/pagina-exemple/marc-legal-i-normatives/" title="Read Marc legal i normatives">Llegeix més»</a><br />
