{"id":2376,"date":"2026-02-11T10:37:38","date_gmt":"2026-02-11T09:37:38","guid":{"rendered":"https:\/\/agora.xtec.cat\/eeielrodo\/?page_id=2376"},"modified":"2026-02-11T13:28:18","modified_gmt":"2026-02-11T12:28:18","slug":"casal-estiu","status":"publish","type":"page","link":"https:\/\/agora.xtec.cat\/eeielrodo\/serveis\/casal-estiu\/","title":{"rendered":"Casal estiu"},"content":{"rendered":"<p>Del 1 al 24 de juliol de 2026 hi haur\u00e0 servei de casals d\u2019estius i ser\u00e0 voluntari per a les fam\u00edlies. Es podran escollir setmanes contractades i caldr\u00e0 reservar-lo amb antelaci\u00f3. La reserva de pla\u00e7a suposar\u00e0 el comprom\u00eds de pagament, encara que despr\u00e9s l\u2019infant no assisteixi o assisteixi menys dies. En el cas de les setmanes d\u2019inici o final de mes en les quals s\u2019ofereixin menys dies de casal, s\u2019aplicar\u00e0 el preu proporcional. El preu del Casal no inclou altres serveis.<\/p>\n<p>Es preveu que l\u2019horari d\u2019aquest servei sigui de 9 a 12h, amb possibilitat d\u2019acollida matinal de 8 a 9, i es garantir\u00e0 la prestaci\u00f3 del servei de menjador de 12 a 15h, amb possibilitat d\u2019acollida de tarda contractada fins a les 16 hores, amb un m\u00ednim de demanda.<\/p>\n<p style=\"text-align: right;\"><em>Revisat febrer 2026<\/em><\/p>\n","protected":false},"excerpt":{"rendered":"<p>Del 1 al 24 de juliol de 2026 hi haur\u00e0 servei de casals d\u2019estius i ser\u00e0 voluntari per a les fam\u00edlies. Es podran escollir setmanes contractades i caldr\u00e0 reservar-lo amb antelaci\u00f3. La reserva de pla\u00e7a suposar\u00e0 el comprom\u00eds de pagament, encara que despr\u00e9s l\u2019infant no&hellip;  <a href=\"https:\/\/agora.xtec.cat\/eeielrodo\/serveis\/casal-estiu\/\" title=\"Read Casal estiu\">Llegeix m\u00e9s\u00bb<\/a><\/p>\n","protected":false},"author":1,"featured_media":0,"parent":66,"menu_order":0,"comment_status":"closed","ping_status":"closed","template":"page-templates\/side-menu.php","meta":{"_bbp_topic_count":0,"_bbp_reply_count":0,"_bbp_total_topic_count":0,"_bbp_total_reply_count":0,"_bbp_voice_count":0,"_bbp_anonymous_reply_count":0,"_bbp_topic_count_hidden":0,"_bbp_reply_count_hidden":0,"_bbp_forum_subforum_count":0,"footnotes":""},"class_list":["post-2376","page","type-page","status-publish","hentry"],"post_mailing_queue_ids":[],"_links":{"self":[{"href":"https:\/\/agora.xtec.cat\/eeielrodo\/wp-json\/wp\/v2\/pages\/2376","targetHints":{"allow":["GET"]}}],"collection":[{"href":"https:\/\/agora.xtec.cat\/eeielrodo\/wp-json\/wp\/v2\/pages"}],"about":[{"href":"https:\/\/agora.xtec.cat\/eeielrodo\/wp-json\/wp\/v2\/types\/page"}],"author":[{"embeddable":true,"href":"https:\/\/agora.xtec.cat\/eeielrodo\/wp-json\/wp\/v2\/users\/1"}],"replies":[{"embeddable":true,"href":"https:\/\/agora.xtec.cat\/eeielrodo\/wp-json\/wp\/v2\/comments?post=2376"}],"version-history":[{"count":3,"href":"https:\/\/agora.xtec.cat\/eeielrodo\/wp-json\/wp\/v2\/pages\/2376\/revisions"}],"predecessor-version":[{"id":2438,"href":"https:\/\/agora.xtec.cat\/eeielrodo\/wp-json\/wp\/v2\/pages\/2376\/revisions\/2438"}],"up":[{"embeddable":true,"href":"https:\/\/agora.xtec.cat\/eeielrodo\/wp-json\/wp\/v2\/pages\/66"}],"wp:attachment":[{"href":"https:\/\/agora.xtec.cat\/eeielrodo\/wp-json\/wp\/v2\/media?parent=2376"}],"curies":[{"name":"wp","href":"https:\/\/api.w.org\/{rel}","templated":true}]}}

<p>Del 1 al 24 de juliol de 2026 hi haurà servei de casals d’estius i serà voluntari per a les famílies. Es podran escollir setmanes contractades i caldrà reservar-lo amb antelació. La reserva de plaça suposarà el compromís de pagament, encara que després l’infant no assisteixi o assisteixi menys dies. En el cas de les setmanes d’inici o final de mes en les quals s’ofereixin menys dies de casal, s’aplicarà el preu proporcional. El preu del Casal no inclou altres serveis.</p>
<p>Es preveu que l’horari d’aquest servei sigui de 9 a 12h, amb possibilitat d’acollida matinal de 8 a 9, i es garantirà la prestació del servei de menjador de 12 a 15h, amb possibilitat d’acollida de tarda contractada fins a les 16 hores, amb un mínim de demanda.</p>
<p style="text-align: right;"><em>Revisat febrer 2026</em></p>

<p>Del 1 al 24 de juliol de 2026 hi haurà servei de casals d’estius i serà voluntari per a les famílies. Es podran escollir setmanes contractades i caldrà reservar-lo amb antelació. La reserva de plaça suposarà el compromís de pagament, encara que després l’infant no&hellip;  <a href="https://agora.xtec.cat/eeielrodo/serveis/casal-estiu/" title="Read Casal estiu">Llegeix més»</a></p>
