{"id":2,"date":"2014-09-12T11:10:47","date_gmt":"2014-09-12T09:10:47","guid":{"rendered":"http:\/\/agora.xtec.cat\/eeielrodo\/?page_id=2"},"modified":"2026-02-11T16:41:08","modified_gmt":"2026-02-11T15:41:08","slug":"pagina-exemple","status":"publish","type":"page","link":"https:\/\/agora.xtec.cat\/eeielrodo\/pagina-exemple\/","title":{"rendered":"Projecte Educatiu"},"content":{"rendered":"<p><span style=\"font-weight: 400;\">El Projecte Educatiu de Centre (PEC), elaborat per tota la comunitat educativa vinculada a l\u2019 Escola Bressol Municipal <\/span><i><span style=\"font-weight: 400;\">El Rod\u00f3<\/span><\/i><span style=\"font-weight: 400;\">, \u00e9s el document en qu\u00e8 queda reflectida la nostra acci\u00f3 educativa, atenent l\u2019entorn que ens envolta i les circumst\u00e0ncies espec\u00edfiques de la zona. Constitueix l\u2019eina que dona coher\u00e8ncia i coordinaci\u00f3 al treball diari que desenvolupem al centre, garantint que les decisions i pr\u00e0ctiques pedag\u00f2giques s\u2019aline\u00efn amb els valors, objectius i necessitats dels infants.<\/span><\/p>\n<p><span style=\"font-weight: 400;\">Entenem el PEC com una idea de futur i un projecte realista, adaptat a la situaci\u00f3 actual i amb una visi\u00f3 estable a mig termini. \u00c9s un instrument que ens permet ensenyar i comunicar la nostra tasca educativa, alhora que serveix com a marc s\u00f2lid i consensuat sobre el qual es fonamenta tota l\u2019escola. La seva finalitat \u00faltima \u00e9s que els infants assoleixin les compet\u00e8ncies b\u00e0siques i el m\u00e0xim aprofitament educatiu, tot respectant els seus ritmes i possibilitats.<\/span><\/p>\n<p><span style=\"font-weight: 400;\">El PEC pret\u00e9n definir i sistematitzar els principis que orienten la nostra pr\u00e0ctica, establir els objectius educatius i organitzar l\u2019estructura del centre, reflectint aix\u00ed la identitat, la metodologia i el projecte ling\u00fc\u00edstic que desenvolupem. Volem que sigui un document viu, innovador, din\u00e0mic i flexible, amb trets d\u2019identitat propis que el facin singular i que permetin diferenciar-nos d\u2019altres centres, tot seguint, alhora, les directrius establertes per l\u2019Ajuntament dins del seu model d\u2019escoles bressol.<\/span><\/p>\n<p><span style=\"font-weight: 400;\">El PEC integra maneres de treballar, experi\u00e8ncies i criteris de tot l\u2019equip educatiu, constituint les bases de l\u2019escola, garantint coher\u00e8ncia, estabilitat i continu\u00eftat pedag\u00f2gica, i permetent-nos construir, dia a dia, una comunitat educativa compromesa, creativa i amb projectes compartits.<\/span><\/p>\n<p style=\"text-align: right;\"><em>Revisat febrer 2026<\/em><\/p>\n","protected":false},"excerpt":{"rendered":"<p>El Projecte Educatiu de Centre (PEC), elaborat per tota la comunitat educativa vinculada a l\u2019 Escola Bressol Municipal El Rod\u00f3, \u00e9s el document en qu\u00e8 queda reflectida la nostra acci\u00f3 educativa, atenent l\u2019entorn que ens envolta i les circumst\u00e0ncies espec\u00edfiques de la zona. Constitueix l\u2019eina&hellip;  <a href=\"https:\/\/agora.xtec.cat\/eeielrodo\/pagina-exemple\/\" title=\"Read Projecte Educatiu\">Llegeix m\u00e9s\u00bb<\/a><\/p>\n","protected":false},"author":1,"featured_media":0,"parent":0,"menu_order":0,"comment_status":"closed","ping_status":"closed","template":"page-templates\/side-menu.php","meta":{"_bbp_topic_count":0,"_bbp_reply_count":0,"_bbp_total_topic_count":0,"_bbp_total_reply_count":0,"_bbp_voice_count":0,"_bbp_anonymous_reply_count":0,"_bbp_topic_count_hidden":0,"_bbp_reply_count_hidden":0,"_bbp_forum_subforum_count":0,"footnotes":""},"class_list":["post-2","page","type-page","status-publish","hentry"],"post_mailing_queue_ids":[],"_links":{"self":[{"href":"https:\/\/agora.xtec.cat\/eeielrodo\/wp-json\/wp\/v2\/pages\/2","targetHints":{"allow":["GET"]}}],"collection":[{"href":"https:\/\/agora.xtec.cat\/eeielrodo\/wp-json\/wp\/v2\/pages"}],"about":[{"href":"https:\/\/agora.xtec.cat\/eeielrodo\/wp-json\/wp\/v2\/types\/page"}],"author":[{"embeddable":true,"href":"https:\/\/agora.xtec.cat\/eeielrodo\/wp-json\/wp\/v2\/users\/1"}],"replies":[{"embeddable":true,"href":"https:\/\/agora.xtec.cat\/eeielrodo\/wp-json\/wp\/v2\/comments?post=2"}],"version-history":[{"count":5,"href":"https:\/\/agora.xtec.cat\/eeielrodo\/wp-json\/wp\/v2\/pages\/2\/revisions"}],"predecessor-version":[{"id":2437,"href":"https:\/\/agora.xtec.cat\/eeielrodo\/wp-json\/wp\/v2\/pages\/2\/revisions\/2437"}],"wp:attachment":[{"href":"https:\/\/agora.xtec.cat\/eeielrodo\/wp-json\/wp\/v2\/media?parent=2"}],"curies":[{"name":"wp","href":"https:\/\/api.w.org\/{rel}","templated":true}]}}

<p><span style="font-weight: 400;">El Projecte Educatiu de Centre (PEC), elaborat per tota la comunitat educativa vinculada a l’ Escola Bressol Municipal </span><i><span style="font-weight: 400;">El Rodó</span></i><span style="font-weight: 400;">, és el document en què queda reflectida la nostra acció educativa, atenent l’entorn que ens envolta i les circumstàncies específiques de la zona. Constitueix l’eina que dona coherència i coordinació al treball diari que desenvolupem al centre, garantint que les decisions i pràctiques pedagògiques s’alineïn amb els valors, objectius i necessitats dels infants.</span></p>
<p><span style="font-weight: 400;">Entenem el PEC com una idea de futur i un projecte realista, adaptat a la situació actual i amb una visió estable a mig termini. És un instrument que ens permet ensenyar i comunicar la nostra tasca educativa, alhora que serveix com a marc sòlid i consensuat sobre el qual es fonamenta tota l’escola. La seva finalitat última és que els infants assoleixin les competències bàsiques i el màxim aprofitament educatiu, tot respectant els seus ritmes i possibilitats.</span></p>
<p><span style="font-weight: 400;">El PEC pretén definir i sistematitzar els principis que orienten la nostra pràctica, establir els objectius educatius i organitzar l’estructura del centre, reflectint així la identitat, la metodologia i el projecte lingüístic que desenvolupem. Volem que sigui un document viu, innovador, dinàmic i flexible, amb trets d’identitat propis que el facin singular i que permetin diferenciar-nos d’altres centres, tot seguint, alhora, les directrius establertes per l’Ajuntament dins del seu model d’escoles bressol.</span></p>
<p><span style="font-weight: 400;">El PEC integra maneres de treballar, experiències i criteris de tot l’equip educatiu, constituint les bases de l’escola, garantint coherència, estabilitat i continuïtat pedagògica, i permetent-nos construir, dia a dia, una comunitat educativa compromesa, creativa i amb projectes compartits.</span></p>
<p style="text-align: right;"><em>Revisat febrer 2026</em></p>

<p>El Projecte Educatiu de Centre (PEC), elaborat per tota la comunitat educativa vinculada a l’ Escola Bressol Municipal El Rodó, és el document en què queda reflectida la nostra acció educativa, atenent l’entorn que ens envolta i les circumstàncies específiques de la zona. Constitueix l’eina&hellip;  <a href="https://agora.xtec.cat/eeielrodo/pagina-exemple/" title="Read Projecte Educatiu">Llegeix més»</a></p>
