{"id":9,"date":"2014-09-12T10:15:01","date_gmt":"2014-09-12T10:15:01","guid":{"rendered":"http:\/\/agora.xtec.cat\/ecasolsones\/?page_id=9"},"modified":"2026-09-03T16:53:47","modified_gmt":"2026-09-03T14:53:47","slug":"pagina-dinici-buida","status":"publish","type":"page","link":"https:\/\/agora.xtec.cat\/ecasolsones\/","title":{"rendered":"Inici"},"content":{"rendered":"<div class=\"row\">\n<div class=\"columns small-12 large-2\"><img decoding=\"async\" src=\"https:\/\/img.icons8.com\/color\/180\/000000\/planner.png\" \/><\/div>\n<div class=\"columns small-12 large-10\">\n<h2>Calendari del curs 2026-27<\/h2>\n<p>El <strong>dilluns 14 de setembre<\/strong> a les <strong>09:15 h<\/strong> comen\u00e7a l&#8217;activitat lectiva a l&#8217;Escola Agr\u00e0ria del Solson\u00e8s. Ja podeu consultar els calendaris i els horaris espec\u00edfics de cadascun dels cicles formatius per con\u00e8ixer les dates d&#8217;inici i final de curs, els per\u00edodes no lectius i els dies festius.<\/p>\n<div style=\"text-align: right;\"><a href=\"https:\/\/agora.xtec.cat\/ecasolsones\/escola\/calendari\/\" target=\"_blank\" rel=\"noopener\">Consulta el calendari del teu CFGS<\/a><\/div>\n<\/div>\n<\/div>\n<div><\/div>\n<div><\/div>\n<div><\/div>\n<div><\/div>\n<div><\/div>\n<div><\/div>\n<div><\/div>\n<div class=\"row\">\n<div class=\"columns small-12 large-2\"><img decoding=\"async\" src=\"https:\/\/img.icons8.com\/color\/160\/000000\/task.png\" \/><\/div>\n<div class=\"columns small-12 large-10\">\n<h2>Inscripci\u00f3 a les places vacants<\/h2>\n<p>Vols estudiar a l&#8217;Escola Agr\u00e0ria del Solson\u00e8s? Encara hi ets a temps! A partir del <strong>dilluns 7 de setembre<\/strong>, des de les <strong>09 h<\/strong> fins a les <strong>23:59 h<\/strong>, podr\u00e0s entrar a la cua virtual per <a href=\"https:\/\/agora.xtec.cat\/ecasolsones\/cicles-formatius-de-grau-superior\/inscripcio-a-les-places-vacants\/\" target=\"_blank\" rel=\"noopener\">optar a una pla\u00e7a vacant<\/a> dels nostres cicles formatius. La cua \u00e9s \u00fanica per al centre i les persones interessades seran ateses per ordre d&#8217;arribada.<\/p>\n<div style=\"text-align: right;\"><a href=\"https:\/\/aplicacions.gestioeducativa.gencat.cat\/ords\/pls\/apex\/f?p=20160079072543618:650:::NO:650:P650_CENTRE:4965D7B662406A8CA6568D13D376CE557E24EC9291397102\" target=\"_blank\" rel=\"noopener\">Accedeix a la cua virtual<\/a><\/div>\n<\/div>\n<\/div>\n","protected":false},"excerpt":{"rendered":"<p>Calendari del curs 2026-27<br \/>\nEl dilluns 14 de setembre a les 09:15 h comen\u00e7a l&#8217;activitat lectiva a l&#8217;Escola Agr\u00e0ria del Solson\u00e8s. Ja podeu consultar els calendaris i els horaris espec\u00edfics de cadascun dels cicles formatius per con\u00e8ixer les dates d&#8217;inici i final de curs, els per\u00edodes&hellip;  <a href=\"https:\/\/agora.xtec.cat\/ecasolsones\/\" title=\"Read Inici\">Llegeix m\u00e9s\u00bb<\/a><\/p>\n","protected":false},"author":1,"featured_media":0,"parent":0,"menu_order":0,"comment_status":"closed","ping_status":"closed","template":"page-templates\/front-page.php","meta":{"_bbp_topic_count":0,"_bbp_reply_count":0,"_bbp_total_topic_count":0,"_bbp_total_reply_count":0,"_bbp_voice_count":0,"_bbp_anonymous_reply_count":0,"_bbp_topic_count_hidden":0,"_bbp_reply_count_hidden":0,"_bbp_forum_subforum_count":0,"footnotes":""},"class_list":["post-9","page","type-page","status-publish","hentry"],"post_mailing_queue_ids":[],"_links":{"self":[{"href":"https:\/\/agora.xtec.cat\/ecasolsones\/wp-json\/wp\/v2\/pages\/9","targetHints":{"allow":["GET"]}}],"collection":[{"href":"https:\/\/agora.xtec.cat\/ecasolsones\/wp-json\/wp\/v2\/pages"}],"about":[{"href":"https:\/\/agora.xtec.cat\/ecasolsones\/wp-json\/wp\/v2\/types\/page"}],"author":[{"embeddable":true,"href":"https:\/\/agora.xtec.cat\/ecasolsones\/wp-json\/wp\/v2\/users\/1"}],"replies":[{"embeddable":true,"href":"https:\/\/agora.xtec.cat\/ecasolsones\/wp-json\/wp\/v2\/comments?post=9"}],"version-history":[{"count":7,"href":"https:\/\/agora.xtec.cat\/ecasolsones\/wp-json\/wp\/v2\/pages\/9\/revisions"}],"predecessor-version":[{"id":3721,"href":"https:\/\/agora.xtec.cat\/ecasolsones\/wp-json\/wp\/v2\/pages\/9\/revisions\/3721"}],"wp:attachment":[{"href":"https:\/\/agora.xtec.cat\/ecasolsones\/wp-json\/wp\/v2\/media?parent=9"}],"curies":[{"name":"wp","href":"https:\/\/api.w.org\/{rel}","templated":true}]}}

<div class="row">
<div class="columns small-12 large-2"><img decoding="async" src="https://img.icons8.com/color/180/000000/planner.png" /></div>
<div class="columns small-12 large-10">
<h2>Calendari del curs 2026-27</h2>
<p>El <strong>dilluns 14 de setembre</strong> a les <strong>09:15 h</strong> comença l&#8217;activitat lectiva a l&#8217;Escola Agrària del Solsonès. Ja podeu consultar els calendaris i els horaris específics de cadascun dels cicles formatius per conèixer les dates d&#8217;inici i final de curs, els períodes no lectius i els dies festius.</p>
<div style="text-align: right;"><a href="https://agora.xtec.cat/ecasolsones/escola/calendari/" target="_blank" rel="noopener">Consulta el calendari del teu CFGS</a></div>
</div>
</div>
<div></div>
<div></div>
<div></div>
<div></div>
<div></div>
<div></div>
<div></div>
<div class="row">
<div class="columns small-12 large-2"><img decoding="async" src="https://img.icons8.com/color/160/000000/task.png" /></div>
<div class="columns small-12 large-10">
<h2>Inscripció a les places vacants</h2>
<p>Vols estudiar a l&#8217;Escola Agrària del Solsonès? Encara hi ets a temps! A partir del <strong>dilluns 7 de setembre</strong>, des de les <strong>09 h</strong> fins a les <strong>23:59 h</strong>, podràs entrar a la cua virtual per <a href="https://agora.xtec.cat/ecasolsones/cicles-formatius-de-grau-superior/inscripcio-a-les-places-vacants/" target="_blank" rel="noopener">optar a una plaça vacant</a> dels nostres cicles formatius. La cua és única per al centre i les persones interessades seran ateses per ordre d&#8217;arribada.</p>
<div style="text-align: right;"><a href="https://aplicacions.gestioeducativa.gencat.cat/ords/pls/apex/f?p=20160079072543618:650:::NO:650:P650_CENTRE:4965D7B662406A8CA6568D13D376CE557E24EC9291397102" target="_blank" rel="noopener">Accedeix a la cua virtual</a></div>
</div>
</div>

<p>Calendari del curs 2026-27<br />
El dilluns 14 de setembre a les 09:15 h comença l&#8217;activitat lectiva a l&#8217;Escola Agrària del Solsonès. Ja podeu consultar els calendaris i els horaris específics de cadascun dels cicles formatius per conèixer les dates d&#8217;inici i final de curs, els períodes&hellip;  <a href="https://agora.xtec.cat/ecasolsones/" title="Read Inici">Llegeix més»</a></p>
