{"id":863,"date":"2020-04-27T12:56:50","date_gmt":"2020-04-27T10:56:50","guid":{"rendered":"https:\/\/agora.xtec.cat\/ecasolsones\/?page_id=863"},"modified":"2026-04-12T11:23:19","modified_gmt":"2026-04-12T09:23:19","slug":"portes-obertes","status":"publish","type":"page","link":"https:\/\/agora.xtec.cat\/ecasolsones\/escola\/secretaria\/portes-obertes\/","title":{"rendered":"Portes obertes 2026"},"content":{"rendered":"<p>El passat <strong>11 d&#8217;abril del 2026<\/strong> va tenir lloc la jornada de <a href=\"https:\/\/agora.xtec.cat\/ecasolsones\/general\/les-portes-obertes-2025-26-a-tocar\/\" target=\"_blank\" rel=\"noopener\">portes obertes<\/a>, una oportunitat id\u00f2nia per con\u00e8ixer les instal\u00b7lacions, l&#8217;entorn i la finca de l&#8217;escola que gestiona el mateix alumnat. Es van mostrar les aules, el taller, el nou tancat de les ovelles i tota la maquin\u00e0ria que serveix d&#8217;aprenentatge al llarg del curs.<\/p>\n<p>En el transcurs de la jornada expliquem detalladament en qu\u00e8 consisteixen els <strong>Cicles Formatius de Grau Superior<\/strong> que es realitzen a l&#8217;escola, el de <a href=\"https:\/\/agora.xtec.cat\/ecasolsones\/cicles-formatius-de-grau-superior\/paisatgisme-i-medi-rural\/\" rel=\"noopener noreferrer\">Paisatgisme i Medi Rural (perfil de gesti\u00f3 agropecu\u00e0ria)<\/a> i el de <a href=\"https:\/\/agora.xtec.cat\/ecasolsones\/cicles-formatius-de-grau-superior\/gestio-forestal\/\" rel=\"noopener noreferrer\">Gesti\u00f3 Forestal i del Medi Natural (DUAL)<\/a>.<\/p>\n<p>Tanmateix, al <a href=\"https:\/\/www.instagram.com\/easolsones\/\" target=\"_blank\" rel=\"noopener\">nostre compte d&#8217;Instagram<\/a> compartim com \u00e9s el dia a dia a l&#8217;Escola i quines s\u00f3n les diferents activitats, pr\u00e0ctiques i sortides t\u00e8cniques que duem a terme.<\/p>\n<p><iframe loading=\"lazy\" title=\"Escola Agr\u00e0ria del Solson\u00e8s_Fira de l&#039;estudiant\" width=\"500\" height=\"281\" src=\"https:\/\/www.youtube.com\/embed\/1-9BfUctlZ4?feature=oembed\" frameborder=\"0\" allow=\"accelerometer; autoplay; clipboard-write; encrypted-media; gyroscope; picture-in-picture; web-share\" referrerpolicy=\"strict-origin-when-cross-origin\" allowfullscreen><\/iframe><\/p>\n","protected":false},"excerpt":{"rendered":"<p>El passat 11 d&#8217;abril del 2026 va tenir lloc la jornada de <a href=\"https:\/\/agora.xtec.cat\/ecasolsones\/general\/les-portes-obertes-2025-26-a-tocar\/\" target=\"_blank\" rel=\"noopener\">portes obertes<\/a>, una oportunitat id\u00f2nia per con\u00e8ixer les instal\u00b7lacions, l&#8217;entorn i la finca de l&#8217;escola que gestiona el mateix alumnat. Es van mostrar les aules, el taller, el nou tancat&hellip;  <a href=\"https:\/\/agora.xtec.cat\/ecasolsones\/escola\/secretaria\/portes-obertes\/\" title=\"Read Portes obertes 2026\">Llegeix m\u00e9s\u00bb<\/a><\/p>\n","protected":false},"author":1,"featured_media":0,"parent":870,"menu_order":0,"comment_status":"closed","ping_status":"closed","template":"page-templates\/side-menu.php","meta":{"_bbp_topic_count":0,"_bbp_reply_count":0,"_bbp_total_topic_count":0,"_bbp_total_reply_count":0,"_bbp_voice_count":0,"_bbp_anonymous_reply_count":0,"_bbp_topic_count_hidden":0,"_bbp_reply_count_hidden":0,"_bbp_forum_subforum_count":0,"footnotes":""},"class_list":["post-863","page","type-page","status-publish","hentry"],"post_mailing_queue_ids":[],"_links":{"self":[{"href":"https:\/\/agora.xtec.cat\/ecasolsones\/wp-json\/wp\/v2\/pages\/863","targetHints":{"allow":["GET"]}}],"collection":[{"href":"https:\/\/agora.xtec.cat\/ecasolsones\/wp-json\/wp\/v2\/pages"}],"about":[{"href":"https:\/\/agora.xtec.cat\/ecasolsones\/wp-json\/wp\/v2\/types\/page"}],"author":[{"embeddable":true,"href":"https:\/\/agora.xtec.cat\/ecasolsones\/wp-json\/wp\/v2\/users\/1"}],"replies":[{"embeddable":true,"href":"https:\/\/agora.xtec.cat\/ecasolsones\/wp-json\/wp\/v2\/comments?post=863"}],"version-history":[{"count":7,"href":"https:\/\/agora.xtec.cat\/ecasolsones\/wp-json\/wp\/v2\/pages\/863\/revisions"}],"predecessor-version":[{"id":3472,"href":"https:\/\/agora.xtec.cat\/ecasolsones\/wp-json\/wp\/v2\/pages\/863\/revisions\/3472"}],"up":[{"embeddable":true,"href":"https:\/\/agora.xtec.cat\/ecasolsones\/wp-json\/wp\/v2\/pages\/870"}],"wp:attachment":[{"href":"https:\/\/agora.xtec.cat\/ecasolsones\/wp-json\/wp\/v2\/media?parent=863"}],"curies":[{"name":"wp","href":"https:\/\/api.w.org\/{rel}","templated":true}]}}