{"id":517,"date":"2019-10-24T11:01:34","date_gmt":"2019-10-24T09:01:34","guid":{"rendered":"https:\/\/agora.xtec.cat\/ecasolsones\/?page_id=517"},"modified":"2024-02-07T10:42:24","modified_gmt":"2024-02-07T09:42:24","slug":"formacio-continua","status":"publish","type":"page","link":"https:\/\/agora.xtec.cat\/ecasolsones\/formacio-continua\/","title":{"rendered":"Formaci\u00f3 cont\u00ednua"},"content":{"rendered":"<p>Donat que vivim en una \u00e8poca de globalitzaci\u00f3, de compet\u00e8ncia, d\u2019implantaci\u00f3 de noves tecnologies i evoluci\u00f3 constant, encara amb m\u00e9s ra\u00f3 la formaci\u00f3 ha de ser un proc\u00e9s permanent al llarg de la vida per poder afrontar i entomar canvis continuats en la traject\u00f2ria laboral.<\/p>\n<p>A continuaci\u00f3, desglossem les <strong>activitats de formaci\u00f3 permanent<\/strong> referides al sector rural organitzades des de l&#8217;escola:<\/p>\n<p>&#8211; <strong><a href=\"https:\/\/agora.xtec.cat\/ecasolsones\/formacio-continua\/cursos\/\" target=\"_blank\" rel=\"noopener\">Cursos<\/a><\/strong>:<strong>\u00a0<\/strong>poden ser de caire tecnol\u00f2gic o tamb\u00e9 poden estar vinculats amb activitats complement\u00e0ries. Al m\u00f3n rural, a banda de la formaci\u00f3 t\u00e8cnica, tamb\u00e9 cal incidir en la formaci\u00f3 social i personal.<\/p>\n<p>&#8211; <strong><a href=\"https:\/\/agora.xtec.cat\/ecasolsones\/formacio-continua\/jornades\/\" target=\"_blank\" rel=\"noopener\">Jornades de transfer\u00e8ncia tecnol\u00f2gica<\/a><\/strong>: jornades puntuals de tem\u00e0tica diversa, transformadora i d\u2019inter\u00e8s per al sector agropecuari.<\/p>\n<p>&#8211; <strong>Participaci\u00f3 en cursos a dist\u00e0ncia (FAD)<\/strong> del Servei de Formaci\u00f3 Agr\u00e0ria.<\/p>\n<p>&#8211; <strong>Tutoria de joves que es volen incorporar en el sector agrari<\/strong> al Solson\u00e8s, al Bergued\u00e0 i en altres comarques lim\u00edtrofes.<\/p>\n<p>Pel car\u00e0cter disseminat de la poblaci\u00f3, aquests cursos, a m\u00e9s de representar una font de coneixements, tamb\u00e9 esdevenen un punt de trobada on els participants poden compartir i intercanviar experi\u00e8ncies.<\/p>\n\r\n\t<div class=\"slideshow_container slideshow_container_style-light\" style=\"height: 250px; \" data-slideshow-id=\"148\" data-style-name=\"style-light\" data-style-version=\"2.3.1\" >\r\n\r\n\t\t\t\t\t<div class=\"slideshow_loading_icon\"><\/div>\r\n\t\t\r\n\t\t<div class=\"slideshow_content\" style=\"display: none;\">\r\n\r\n\t\t\t<div class=\"slideshow_view\">\r\n\t\t\t\t<div class=\"slideshow_slide slideshow_slide_image\">\r\n\t\t\t\t\t\t\t\t\t\t\t<img src=\"https:\/\/agora.xtec.cat\/ecasolsones\/wp-content\/uploads\/usu1746\/2019\/10\/Captura-1.png\" alt=\"Captura\" width=\"897\" height=\"337\" \/>\r\n\t\t\t\t\t\t\t\t\t\t<div class=\"slideshow_description_box slideshow_transparent\">\r\n\t\t\t\t\t\t<div class=\"slideshow_title\">Captura<\/div>\t\t\t\t\t\t\t\t\t\t\t<\/div>\r\n\t\t\t\t<\/div>\r\n\r\n\t\t\t\t\t\t<div style=\"clear: both;\"><\/div><\/div><div class=\"slideshow_view\">\r\n\t\t\t\t<div class=\"slideshow_slide slideshow_slide_image\">\r\n\t\t\t\t\t\t\t\t\t\t\t<img src=\"https:\/\/agora.xtec.cat\/ecasolsones\/wp-content\/uploads\/usu1746\/2019\/10\/IMG_20171017_174403.jpg\" alt=\"IMG_20171017_174403\" width=\"2592\" height=\"1944\" \/>\r\n\t\t\t\t\t\t\t\t\t\t<div class=\"slideshow_description_box slideshow_transparent\">\r\n\t\t\t\t\t\t<div class=\"slideshow_title\">IMG_20171017_174403<\/div>\t\t\t\t\t\t\t\t\t\t\t<\/div>\r\n\t\t\t\t<\/div>\r\n\r\n\t\t\t\t\t\t<div style=\"clear: both;\"><\/div><\/div><div class=\"slideshow_view\">\r\n\t\t\t\t<div class=\"slideshow_slide slideshow_slide_image\">\r\n\t\t\t\t\t\t\t\t\t\t\t<img src=\"https:\/\/agora.xtec.cat\/ecasolsones\/wp-content\/uploads\/usu1746\/2019\/10\/IMG-20180914-WA0059.jpg\" alt=\"IMG-20180914-WA0059\" width=\"1600\" height=\"1200\" \/>\r\n\t\t\t\t\t\t\t\t\t\t<div class=\"slideshow_description_box slideshow_transparent\">\r\n\t\t\t\t\t\t<div class=\"slideshow_title\">IMG-20180914-WA0059<\/div>\t\t\t\t\t\t\t\t\t\t\t<\/div>\r\n\t\t\t\t<\/div>\r\n\r\n\t\t\t\t\t\t<div style=\"clear: both;\"><\/div><\/div>\r\n\t\t<\/div>\r\n\r\n\t\t<div class=\"slideshow_controlPanel slideshow_transparent\" style=\"display: none;\"><ul><li class=\"slideshow_togglePlay\" data-play-text=\"Visualitza\" data-pause-text=\"Pausa\"><\/li><\/ul><\/div>\r\n\r\n\t\t<div class=\"slideshow_button slideshow_previous slideshow_transparent\" role=\"button\" data-previous-text=\"Anterior\" style=\"display: none;\"><\/div>\r\n\t\t<div class=\"slideshow_button slideshow_next slideshow_transparent\" role=\"button\" data-next-text=\"Seg\u00fcent\" style=\"display: none;\"><\/div>\r\n\r\n\t\t<div class=\"slideshow_pagination\" style=\"display: none;\" data-go-to-text=\"V\u00e9s a la diapositiva\"><div class=\"slideshow_pagination_center\"><\/div><\/div>\r\n\r\n\t\t<!-- WordPress Slideshow Version 2.3.1 -->\r\n\r\n\t\t\t<\/div>\r\n\r\n\n","protected":false},"excerpt":{"rendered":"<p>Donat que vivim en una \u00e8poca de globalitzaci\u00f3, de compet\u00e8ncia, d\u2019implantaci\u00f3 de noves tecnologies i evoluci\u00f3 constant, encara amb m\u00e9s ra\u00f3 la formaci\u00f3 ha de ser un proc\u00e9s permanent al llarg de la vida per poder afrontar i entomar canvis continuats en la traject\u00f2ria laboral.<br \/>\nA&hellip;  <a href=\"https:\/\/agora.xtec.cat\/ecasolsones\/formacio-continua\/\" title=\"Read Formaci\u00f3 cont\u00ednua\">Llegeix m\u00e9s\u00bb<\/a><\/p>\n","protected":false},"author":1,"featured_media":0,"parent":0,"menu_order":0,"comment_status":"closed","ping_status":"closed","template":"page-templates\/side-menu.php","meta":{"_bbp_topic_count":0,"_bbp_reply_count":0,"_bbp_total_topic_count":0,"_bbp_total_reply_count":0,"_bbp_voice_count":0,"_bbp_anonymous_reply_count":0,"_bbp_topic_count_hidden":0,"_bbp_reply_count_hidden":0,"_bbp_forum_subforum_count":0,"footnotes":""},"class_list":["post-517","page","type-page","status-publish","hentry"],"post_mailing_queue_ids":[],"_links":{"self":[{"href":"https:\/\/agora.xtec.cat\/ecasolsones\/wp-json\/wp\/v2\/pages\/517","targetHints":{"allow":["GET"]}}],"collection":[{"href":"https:\/\/agora.xtec.cat\/ecasolsones\/wp-json\/wp\/v2\/pages"}],"about":[{"href":"https:\/\/agora.xtec.cat\/ecasolsones\/wp-json\/wp\/v2\/types\/page"}],"author":[{"embeddable":true,"href":"https:\/\/agora.xtec.cat\/ecasolsones\/wp-json\/wp\/v2\/users\/1"}],"replies":[{"embeddable":true,"href":"https:\/\/agora.xtec.cat\/ecasolsones\/wp-json\/wp\/v2\/comments?post=517"}],"version-history":[{"count":7,"href":"https:\/\/agora.xtec.cat\/ecasolsones\/wp-json\/wp\/v2\/pages\/517\/revisions"}],"predecessor-version":[{"id":2318,"href":"https:\/\/agora.xtec.cat\/ecasolsones\/wp-json\/wp\/v2\/pages\/517\/revisions\/2318"}],"wp:attachment":[{"href":"https:\/\/agora.xtec.cat\/ecasolsones\/wp-json\/wp\/v2\/media?parent=517"}],"curies":[{"name":"wp","href":"https:\/\/api.w.org\/{rel}","templated":true}]}}